{"id":373,"date":"2017-11-12T19:52:58","date_gmt":"2017-11-12T18:52:58","guid":{"rendered":"https:\/\/conexbooks.de\/a\/shop\/wp\/versandarten\/"},"modified":"2024-11-22T15:04:41","modified_gmt":"2024-11-22T14:04:41","slug":"versandarten","status":"publish","type":"page","link":"https:\/\/conexbooks.de\/a\/shop\/versandarten\/","title":{"rendered":"Versandarten \/ Versandkosten"},"content":{"rendered":"<p>In <span style=\"color: #0000ff;\"><strong>Deutschland<\/strong><\/span> betragen die Versandkosten 3,90 Euro. Ab einem Bestellwert von 75<strong> \u20ac versenden wir kostenfrei. <\/strong>Sollten Sie bei Einl\u00f6sung eines Gutscheins unter 75 \u20ac kommen, f\u00e4llt leider wieder Porto an.<\/p>\n<p>Wir versenden mit DHL oder Hermes (versichert).<\/p>\n<p>Kleinere Artikel, z.B. einzelne B\u00fccher versenden wir als B\u00fcchersendung oder Briefpost.<\/p>\n<p>Sollten Sie eine bestimmte Versandart w\u00fcnschen (evtl. mit Mehrkosten), bemerken Sie dies bitte im Kassenbereich in der Bestellnotiz.<\/p>\n<p>F\u00fcr Bestellungen <strong>unter 75 Euro<\/strong> betr\u00e4gt das Porto in Deutschland <strong>pauschal 3,90 Euro<\/strong>.<\/p>\n<p>Bestellungen aus dem <span style=\"color: #0000ff;\"><strong>Ausland<\/strong><\/span>: Zun\u00e4chst werden Ihnen pauschale Portokosten angezeigt, die f\u00fcr verschiedene L\u00e4ndergruppen variieren.<\/p>\n<p>Wenn Ihnen diese unangemessen erscheinen, kontaktieren Sie uns bitte vor einer Bestellung per Email: <a href=\"mailto:order@conexbooks.de\">order@conexbooks.de<\/a><\/p>\n<p>Wenn m\u00f6glich, berechnen wir dann das f\u00fcr Sie g\u00fcnstigste Porto.<\/p>\n<div id='Fensterzu' class='widgets_on_page wop_tiny1  wop_small1  wop_medium1  wop_large1  wop_wide1'>\n\t\t\t<ul><li id=\"block-2\" class=\"widget widget_block\"><div style=\"text-align:left;\">\r\n<button class = \"button\" style=\"height: 30px; font-size: 0.8em;\" name=\"zuruck\" type=\"button\" onclick=\"history.back()\">Zur\u00fcck zur \u00dcbersicht<\/button><\/div><\/li><\/ul><\/div><!-- widgets_on_page -->\n","protected":false},"excerpt":{"rendered":"<p>In Deutschland betragen die Versandkosten 3,90 Euro. Ab einem Bestellwert von 75 \u20ac versenden wir kostenfrei. Sollten Sie bei Einl\u00f6sung eines Gutscheins unter 75 \u20ac kommen, f\u00e4llt leider wieder Porto an. Wir versenden mit DHL oder Hermes (versichert). Kleinere Artikel, z.B. einzelne B\u00fccher versenden wir als B\u00fcchersendung oder Briefpost. Sollten Sie eine bestimmte Versandart w\u00fcnschen [&hellip;]<\/p>\n","protected":false},"author":1,"featured_media":0,"parent":0,"menu_order":0,"comment_status":"closed","ping_status":"closed","template":"","meta":{"footnotes":""},"class_list":["post-373","page","type-page","status-publish","hentry"],"yoast_head":"<!-- This site is optimized with the Yoast SEO plugin v27.3 - https:\/\/yoast.com\/product\/yoast-seo-wordpress\/ -->\n<title>Versandarten \/ Versandkosten - Conex-Shop<\/title>\n<meta name=\"robots\" content=\"index, follow, max-snippet:-1, max-image-preview:large, max-video-preview:-1\" \/>\n<link rel=\"canonical\" href=\"https:\/\/conexbooks.de\/a\/shop\/versandarten\/\" \/>\n<meta property=\"og:locale\" content=\"de_DE\" \/>\n<meta property=\"og:type\" content=\"article\" \/>\n<meta property=\"og:title\" content=\"Versandarten \/ Versandkosten - Conex-Shop\" \/>\n<meta property=\"og:description\" content=\"In Deutschland betragen die Versandkosten 3,90 Euro. Ab einem Bestellwert von 75 \u20ac versenden wir kostenfrei. Sollten Sie bei Einl\u00f6sung eines Gutscheins unter 75 \u20ac kommen, f\u00e4llt leider wieder Porto an. Wir versenden mit DHL oder Hermes (versichert). Kleinere Artikel, z.B. einzelne B\u00fccher versenden wir als B\u00fcchersendung oder Briefpost. Sollten Sie eine bestimmte Versandart w\u00fcnschen [&hellip;]\" \/>\n<meta property=\"og:url\" content=\"https:\/\/conexbooks.de\/a\/shop\/versandarten\/\" \/>\n<meta property=\"og:site_name\" content=\"Conex-Shop\" \/>\n<meta property=\"article:modified_time\" content=\"2024-11-22T14:04:41+00:00\" \/>\n<meta name=\"twitter:card\" content=\"summary_large_image\" \/>\n<meta name=\"twitter:label1\" content=\"Gesch\u00e4tzte Lesezeit\" \/>\n\t<meta name=\"twitter:data1\" content=\"1\u00a0Minute\" \/>\n<script type=\"application\/ld+json\" class=\"yoast-schema-graph\">{\"@context\":\"https:\\\/\\\/schema.org\",\"@graph\":[{\"@type\":\"WebPage\",\"@id\":\"https:\\\/\\\/conexbooks.de\\\/a\\\/shop\\\/versandarten\\\/\",\"url\":\"https:\\\/\\\/conexbooks.de\\\/a\\\/shop\\\/versandarten\\\/\",\"name\":\"Versandarten \\\/ Versandkosten - Conex-Shop\",\"isPartOf\":{\"@id\":\"https:\\\/\\\/conexbooks.de\\\/a\\\/shop\\\/#website\"},\"datePublished\":\"2017-11-12T18:52:58+00:00\",\"dateModified\":\"2024-11-22T14:04:41+00:00\",\"breadcrumb\":{\"@id\":\"https:\\\/\\\/conexbooks.de\\\/a\\\/shop\\\/versandarten\\\/#breadcrumb\"},\"inLanguage\":\"de\",\"potentialAction\":[{\"@type\":\"ReadAction\",\"target\":[\"https:\\\/\\\/conexbooks.de\\\/a\\\/shop\\\/versandarten\\\/\"]}]},{\"@type\":\"BreadcrumbList\",\"@id\":\"https:\\\/\\\/conexbooks.de\\\/a\\\/shop\\\/versandarten\\\/#breadcrumb\",\"itemListElement\":[{\"@type\":\"ListItem\",\"position\":1,\"name\":\"Home\",\"item\":\"https:\\\/\\\/conexbooks.de\\\/a\\\/shop\\\/\"},{\"@type\":\"ListItem\",\"position\":2,\"name\":\"Versandarten \\\/ Versandkosten\"}]},{\"@type\":\"WebSite\",\"@id\":\"https:\\\/\\\/conexbooks.de\\\/a\\\/shop\\\/#website\",\"url\":\"https:\\\/\\\/conexbooks.de\\\/a\\\/shop\\\/\",\"name\":\"Conex-Shop\",\"description\":\"Alles f\u00fcr die gewaltfreie Kommunikation: B\u00fccher, Spiele. Handpuppen Seminarmaterial und Geschenke\",\"publisher\":{\"@id\":\"https:\\\/\\\/conexbooks.de\\\/a\\\/shop\\\/#organization\"},\"potentialAction\":[{\"@type\":\"SearchAction\",\"target\":{\"@type\":\"EntryPoint\",\"urlTemplate\":\"https:\\\/\\\/conexbooks.de\\\/a\\\/shop\\\/?s={search_term_string}\"},\"query-input\":{\"@type\":\"PropertyValueSpecification\",\"valueRequired\":true,\"valueName\":\"search_term_string\"}}],\"inLanguage\":\"de\"},{\"@type\":\"Organization\",\"@id\":\"https:\\\/\\\/conexbooks.de\\\/a\\\/shop\\\/#organization\",\"name\":\"Conex - books and more\",\"url\":\"https:\\\/\\\/conexbooks.de\\\/a\\\/shop\\\/\",\"logo\":{\"@type\":\"ImageObject\",\"inLanguage\":\"de\",\"@id\":\"https:\\\/\\\/conexbooks.de\\\/a\\\/shop\\\/#\\\/schema\\\/logo\\\/image\\\/\",\"url\":\"https:\\\/\\\/conexbooks.de\\\/a\\\/shop\\\/wp-content\\\/uploads\\\/2017\\\/12\\\/co-logo.png\",\"contentUrl\":\"https:\\\/\\\/conexbooks.de\\\/a\\\/shop\\\/wp-content\\\/uploads\\\/2017\\\/12\\\/co-logo.png\",\"width\":243,\"height\":122,\"caption\":\"Conex - books and more\"},\"image\":{\"@id\":\"https:\\\/\\\/conexbooks.de\\\/a\\\/shop\\\/#\\\/schema\\\/logo\\\/image\\\/\"}}]}<\/script>\n<!-- \/ Yoast SEO plugin. -->","yoast_head_json":{"title":"Versandarten \/ Versandkosten - Conex-Shop","robots":{"index":"index","follow":"follow","max-snippet":"max-snippet:-1","max-image-preview":"max-image-preview:large","max-video-preview":"max-video-preview:-1"},"canonical":"https:\/\/conexbooks.de\/a\/shop\/versandarten\/","og_locale":"de_DE","og_type":"article","og_title":"Versandarten \/ Versandkosten - Conex-Shop","og_description":"In Deutschland betragen die Versandkosten 3,90 Euro. Ab einem Bestellwert von 75 \u20ac versenden wir kostenfrei. Sollten Sie bei Einl\u00f6sung eines Gutscheins unter 75 \u20ac kommen, f\u00e4llt leider wieder Porto an. Wir versenden mit DHL oder Hermes (versichert). Kleinere Artikel, z.B. einzelne B\u00fccher versenden wir als B\u00fcchersendung oder Briefpost. Sollten Sie eine bestimmte Versandart w\u00fcnschen [&hellip;]","og_url":"https:\/\/conexbooks.de\/a\/shop\/versandarten\/","og_site_name":"Conex-Shop","article_modified_time":"2024-11-22T14:04:41+00:00","twitter_card":"summary_large_image","twitter_misc":{"Gesch\u00e4tzte Lesezeit":"1\u00a0Minute"},"schema":{"@context":"https:\/\/schema.org","@graph":[{"@type":"WebPage","@id":"https:\/\/conexbooks.de\/a\/shop\/versandarten\/","url":"https:\/\/conexbooks.de\/a\/shop\/versandarten\/","name":"Versandarten \/ Versandkosten - Conex-Shop","isPartOf":{"@id":"https:\/\/conexbooks.de\/a\/shop\/#website"},"datePublished":"2017-11-12T18:52:58+00:00","dateModified":"2024-11-22T14:04:41+00:00","breadcrumb":{"@id":"https:\/\/conexbooks.de\/a\/shop\/versandarten\/#breadcrumb"},"inLanguage":"de","potentialAction":[{"@type":"ReadAction","target":["https:\/\/conexbooks.de\/a\/shop\/versandarten\/"]}]},{"@type":"BreadcrumbList","@id":"https:\/\/conexbooks.de\/a\/shop\/versandarten\/#breadcrumb","itemListElement":[{"@type":"ListItem","position":1,"name":"Home","item":"https:\/\/conexbooks.de\/a\/shop\/"},{"@type":"ListItem","position":2,"name":"Versandarten \/ Versandkosten"}]},{"@type":"WebSite","@id":"https:\/\/conexbooks.de\/a\/shop\/#website","url":"https:\/\/conexbooks.de\/a\/shop\/","name":"Conex-Shop","description":"Alles f\u00fcr die gewaltfreie Kommunikation: B\u00fccher, Spiele. Handpuppen Seminarmaterial und Geschenke","publisher":{"@id":"https:\/\/conexbooks.de\/a\/shop\/#organization"},"potentialAction":[{"@type":"SearchAction","target":{"@type":"EntryPoint","urlTemplate":"https:\/\/conexbooks.de\/a\/shop\/?s={search_term_string}"},"query-input":{"@type":"PropertyValueSpecification","valueRequired":true,"valueName":"search_term_string"}}],"inLanguage":"de"},{"@type":"Organization","@id":"https:\/\/conexbooks.de\/a\/shop\/#organization","name":"Conex - books and more","url":"https:\/\/conexbooks.de\/a\/shop\/","logo":{"@type":"ImageObject","inLanguage":"de","@id":"https:\/\/conexbooks.de\/a\/shop\/#\/schema\/logo\/image\/","url":"https:\/\/conexbooks.de\/a\/shop\/wp-content\/uploads\/2017\/12\/co-logo.png","contentUrl":"https:\/\/conexbooks.de\/a\/shop\/wp-content\/uploads\/2017\/12\/co-logo.png","width":243,"height":122,"caption":"Conex - books and more"},"image":{"@id":"https:\/\/conexbooks.de\/a\/shop\/#\/schema\/logo\/image\/"}}]}},"_links":{"self":[{"href":"https:\/\/conexbooks.de\/a\/shop\/wp-json\/wp\/v2\/pages\/373","targetHints":{"allow":["GET"]}}],"collection":[{"href":"https:\/\/conexbooks.de\/a\/shop\/wp-json\/wp\/v2\/pages"}],"about":[{"href":"https:\/\/conexbooks.de\/a\/shop\/wp-json\/wp\/v2\/types\/page"}],"author":[{"embeddable":true,"href":"https:\/\/conexbooks.de\/a\/shop\/wp-json\/wp\/v2\/users\/1"}],"replies":[{"embeddable":true,"href":"https:\/\/conexbooks.de\/a\/shop\/wp-json\/wp\/v2\/comments?post=373"}],"version-history":[{"count":0,"href":"https:\/\/conexbooks.de\/a\/shop\/wp-json\/wp\/v2\/pages\/373\/revisions"}],"wp:attachment":[{"href":"https:\/\/conexbooks.de\/a\/shop\/wp-json\/wp\/v2\/media?parent=373"}],"curies":[{"name":"wp","href":"https:\/\/api.w.org\/{rel}","templated":true}]}}