{"id":10483,"date":"2019-05-03T16:28:59","date_gmt":"2019-05-03T14:28:59","guid":{"rendered":"https:\/\/conexbooks.de\/a\/shop\/?post_type=product&#038;p=10483"},"modified":"2025-01-28T19:21:59","modified_gmt":"2025-01-28T18:21:59","slug":"wertschaetzende-kommunikation-fuer-pflegefachkraefte-und-aerzte-mit-e-book-code","status":"publish","type":"product","link":"https:\/\/conexbooks.de\/a\/shop\/produkt\/wertschaetzende-kommunikation-fuer-pflegefachkraefte-und-aerzte-mit-e-book-code\/","title":{"rendered":"Wertsch\u00e4tzende Kommunikation f\u00fcr Pflegefachkr\u00e4fte und \u00c4rzte (mit E-Book-Code)"},"content":{"rendered":"<h2>Wertsch\u00e4tzende Kommunikation f\u00fcr Pflegefachkr\u00e4fte und \u00c4rzte<\/h2>\n<h3>Die positive Energie der Worte nutzen<\/h3>\n<p>Birgit Brand-H\u00f6rsting<\/p>\n<p>Kommunikation ist ein wesentlicher Teil des Berufsalltags von Pflegefachkr\u00e4ften und \u00c4rzten. Organisatorische Vorgaben, Zeitdruck und Konfrontation mit Schmerz und Trauer sind Faktoren, die einen wertsch\u00e4tzenden Umgang innerhalb eines Teams erschweren.<br \/>\nPatienten hingegen empfinden Angst, Verzweiflung oder auch Scham im Angesicht einer Diagnose. Pflegende und \u00c4rzte m\u00fcssen dies aushalten \u2013 schnell wird der Mensch zum Fall, zur \u201eGalle in Zimmer 17\u201c, um eine Distanz zu den eigenen Gef\u00fchlen zu schaffen.<br \/>\nDie Wertsch\u00e4tzende Kommunikation nach Marshall Rosenberg kann hier positive Ver\u00e4nderungen schaffen. Selbstempathie, aufrichtiges Mitteilen von Bed\u00fcrfnissen und ein wertsch\u00e4tzendes Miteinander k\u00f6nnen sowohl f\u00fcr Patienten als auch f\u00fcr die Besch\u00e4ftigten eine heilsame Wirkung entfalten. Birgit Brand-H\u00f6rsting kennt seit vielen Jahren die beruflichen N\u00f6te von Besch\u00e4ftigten im Gesundheitswesen.<br \/>\nSie zeigt in ihrem Buch mit konsequentem Praxisbezug und zahlreichen \u00dcbungen, wie positive Entwicklungen im Miteinander erreicht werden k\u00f6nnen.<\/p>\n<p>&#8211; F\u00fcr alle Berufsgruppen in Pflege, Medizin und Gesundheitsmanagement<br \/>\n&#8211; Praktische Anleitungen zu einem wertsch\u00e4tzenden Umgang im Gesundheitswesen<br \/>\n&#8211; Arzt-Patienten-Kommunikation wird ab 2020 Teil des Medizinstudiums<\/p>\n<p>&nbsp;<\/p>\n<div id='1' class='widgets_on_page wop_tiny1  wop_small1  wop_medium1  wop_large1  wop_wide1'>\n\t\t\t<ul><li id=\"custom_html-4\" class=\"widget_text widget widget_custom_html\"><div class=\"textwidget custom-html-widget\"><div style=\"text-align:left;\">\r\n<button class = \"button\" style=\"height: 30px; font-size: 0.8em;\" name=\"zuruck\" type=\"button\" onclick=\"history.back()\">Zur\u00fcck zur \u00dcbersicht<\/button><\/div><\/div><\/li><\/ul><\/div><!-- widgets_on_page -->\n","protected":false},"excerpt":{"rendered":"<h3>Wertsch\u00e4tzende Kommunikation f\u00fcr Pflegefachkr\u00e4fte und \u00c4rzte<\/h3>\n<h3>Die positive Energie der Worte nutzen<\/h3>\n<p>Birgit Brand-H\u00f6rsting<\/p>\n<p>&#8211; F\u00fcr alle Berufsgruppen in Pflege, Medizin und Gesundheitsmanagement<br \/>\n&#8211; Praktische Anleitungen zu einem wertsch\u00e4tzenden Umgang im Gesundheitswesen<\/p>\n<p>Buch mit E-Book-Code:<br \/>\nim Buch ist der Code zum einmaligen herunterladen des gleichnamgen E-Books enthalten.<\/p>\n<p>Junfermann-Verlag April 2019<br \/>\n192 Seiten, kartoniert<br \/>\nFormat: 17.0 x 24 cm<\/p>\n","protected":false},"featured_media":10485,"template":"","meta":[],"product_brand":[],"product_cat":[36,90],"product_tag":[94,95,106,125,126,127,60,92,93],"class_list":{"0":"post-10483","1":"product","2":"type-product","3":"status-publish","4":"has-post-thumbnail","6":"product_cat-deutsche-buecher","7":"product_cat-gesundheitswesen","8":"product_tag-team","9":"product_tag-patienten","10":"product_tag-vertrauen","11":"product_tag-gesundheitswesen","12":"product_tag-heilung","13":"product_tag-miteinander","14":"product_tag-konflikte","15":"product_tag-aerzte","16":"product_tag-gesundheit","18":"first","19":"instock","20":"shipping-taxable","21":"purchasable","22":"product-type-simple"},"yoast_head":"<!-- This site is optimized with the Yoast SEO plugin v27.6 - https:\/\/yoast.com\/product\/yoast-seo-wordpress\/ -->\n<title>Wertsch\u00e4tzende Kommunikation f\u00fcr Pflegefachkr\u00e4fte und \u00c4rzte (mit E-Book-Code) - Conex-Shop<\/title>\n<meta name=\"robots\" content=\"index, follow, max-snippet:-1, max-image-preview:large, max-video-preview:-1\" \/>\n<link rel=\"canonical\" href=\"https:\/\/conexbooks.de\/a\/shop\/produkt\/wertschaetzende-kommunikation-fuer-pflegefachkraefte-und-aerzte-mit-e-book-code\/\" \/>\n<meta property=\"og:locale\" content=\"de_DE\" \/>\n<meta property=\"og:type\" content=\"article\" \/>\n<meta property=\"og:title\" content=\"Wertsch\u00e4tzende Kommunikation f\u00fcr Pflegefachkr\u00e4fte und \u00c4rzte (mit E-Book-Code) - Conex-Shop\" \/>\n<meta property=\"og:description\" content=\"Wertsch\u00e4tzende Kommunikation f\u00fcr Pflegefachkr\u00e4fte und \u00c4rzte Die positive Energie der Worte nutzen Birgit Brand-H\u00f6rsting  - F\u00fcr alle Berufsgruppen in Pflege, Medizin und Gesundheitsmanagement - Praktische Anleitungen zu einem wertsch\u00e4tzenden Umgang im Gesundheitswesen  Buch mit E-Book-Code: im Buch ist der Code zum einmaligen herunterladen des gleichnamgen E-Books enthalten.  Junfermann-Verlag April 2019 192 Seiten, kartoniert Format: 17.0 x 24 cm\" \/>\n<meta property=\"og:url\" content=\"https:\/\/conexbooks.de\/a\/shop\/produkt\/wertschaetzende-kommunikation-fuer-pflegefachkraefte-und-aerzte-mit-e-book-code\/\" \/>\n<meta property=\"og:site_name\" content=\"Conex-Shop\" \/>\n<meta property=\"article:modified_time\" content=\"2025-01-28T18:21:59+00:00\" \/>\n<meta property=\"og:image\" content=\"https:\/\/conexbooks.de\/a\/shop\/wp-content\/uploads\/2019\/05\/701-scaled.jpg\" \/>\n\t<meta property=\"og:image:width\" content=\"1813\" \/>\n\t<meta property=\"og:image:height\" content=\"2560\" \/>\n\t<meta property=\"og:image:type\" content=\"image\/jpeg\" \/>\n<meta name=\"twitter:card\" content=\"summary_large_image\" \/>\n<meta name=\"twitter:label1\" content=\"Gesch\u00e4tzte Lesezeit\" \/>\n\t<meta name=\"twitter:data1\" content=\"1\u00a0Minute\" \/>\n<script type=\"application\/ld+json\" class=\"yoast-schema-graph\">{\"@context\":\"https:\\\/\\\/schema.org\",\"@graph\":[{\"@type\":\"WebPage\",\"@id\":\"https:\\\/\\\/conexbooks.de\\\/a\\\/shop\\\/produkt\\\/wertschaetzende-kommunikation-fuer-pflegefachkraefte-und-aerzte-mit-e-book-code\\\/\",\"url\":\"https:\\\/\\\/conexbooks.de\\\/a\\\/shop\\\/produkt\\\/wertschaetzende-kommunikation-fuer-pflegefachkraefte-und-aerzte-mit-e-book-code\\\/\",\"name\":\"Wertsch\u00e4tzende Kommunikation f\u00fcr Pflegefachkr\u00e4fte und \u00c4rzte (mit E-Book-Code) - Conex-Shop\",\"isPartOf\":{\"@id\":\"https:\\\/\\\/conexbooks.de\\\/a\\\/shop\\\/#website\"},\"primaryImageOfPage\":{\"@id\":\"https:\\\/\\\/conexbooks.de\\\/a\\\/shop\\\/produkt\\\/wertschaetzende-kommunikation-fuer-pflegefachkraefte-und-aerzte-mit-e-book-code\\\/#primaryimage\"},\"image\":{\"@id\":\"https:\\\/\\\/conexbooks.de\\\/a\\\/shop\\\/produkt\\\/wertschaetzende-kommunikation-fuer-pflegefachkraefte-und-aerzte-mit-e-book-code\\\/#primaryimage\"},\"thumbnailUrl\":\"https:\\\/\\\/conexbooks.de\\\/a\\\/shop\\\/wp-content\\\/uploads\\\/2019\\\/05\\\/701-scaled.jpg\",\"datePublished\":\"2019-05-03T14:28:59+00:00\",\"dateModified\":\"2025-01-28T18:21:59+00:00\",\"breadcrumb\":{\"@id\":\"https:\\\/\\\/conexbooks.de\\\/a\\\/shop\\\/produkt\\\/wertschaetzende-kommunikation-fuer-pflegefachkraefte-und-aerzte-mit-e-book-code\\\/#breadcrumb\"},\"inLanguage\":\"de\",\"potentialAction\":[{\"@type\":\"ReadAction\",\"target\":[\"https:\\\/\\\/conexbooks.de\\\/a\\\/shop\\\/produkt\\\/wertschaetzende-kommunikation-fuer-pflegefachkraefte-und-aerzte-mit-e-book-code\\\/\"]}]},{\"@type\":\"ImageObject\",\"inLanguage\":\"de\",\"@id\":\"https:\\\/\\\/conexbooks.de\\\/a\\\/shop\\\/produkt\\\/wertschaetzende-kommunikation-fuer-pflegefachkraefte-und-aerzte-mit-e-book-code\\\/#primaryimage\",\"url\":\"https:\\\/\\\/conexbooks.de\\\/a\\\/shop\\\/wp-content\\\/uploads\\\/2019\\\/05\\\/701-scaled.jpg\",\"contentUrl\":\"https:\\\/\\\/conexbooks.de\\\/a\\\/shop\\\/wp-content\\\/uploads\\\/2019\\\/05\\\/701-scaled.jpg\",\"width\":1813,\"height\":2560},{\"@type\":\"BreadcrumbList\",\"@id\":\"https:\\\/\\\/conexbooks.de\\\/a\\\/shop\\\/produkt\\\/wertschaetzende-kommunikation-fuer-pflegefachkraefte-und-aerzte-mit-e-book-code\\\/#breadcrumb\",\"itemListElement\":[{\"@type\":\"ListItem\",\"position\":1,\"name\":\"Home\",\"item\":\"https:\\\/\\\/conexbooks.de\\\/a\\\/shop\\\/\"},{\"@type\":\"ListItem\",\"position\":2,\"name\":\"Shop\",\"item\":\"https:\\\/\\\/conexbooks.de\\\/a\\\/shop\\\/shop\\\/\"},{\"@type\":\"ListItem\",\"position\":3,\"name\":\"Wertsch\u00e4tzende Kommunikation f\u00fcr Pflegefachkr\u00e4fte und \u00c4rzte (mit E-Book-Code)\"}]},{\"@type\":\"WebSite\",\"@id\":\"https:\\\/\\\/conexbooks.de\\\/a\\\/shop\\\/#website\",\"url\":\"https:\\\/\\\/conexbooks.de\\\/a\\\/shop\\\/\",\"name\":\"Conex-Shop\",\"description\":\"Alles f\u00fcr die gewaltfreie Kommunikation: B\u00fccher, Spiele. Handpuppen Seminarmaterial und Geschenke\",\"publisher\":{\"@id\":\"https:\\\/\\\/conexbooks.de\\\/a\\\/shop\\\/#organization\"},\"potentialAction\":[{\"@type\":\"SearchAction\",\"target\":{\"@type\":\"EntryPoint\",\"urlTemplate\":\"https:\\\/\\\/conexbooks.de\\\/a\\\/shop\\\/?s={search_term_string}\"},\"query-input\":{\"@type\":\"PropertyValueSpecification\",\"valueRequired\":true,\"valueName\":\"search_term_string\"}}],\"inLanguage\":\"de\"},{\"@type\":\"Organization\",\"@id\":\"https:\\\/\\\/conexbooks.de\\\/a\\\/shop\\\/#organization\",\"name\":\"Conex - books and more\",\"url\":\"https:\\\/\\\/conexbooks.de\\\/a\\\/shop\\\/\",\"logo\":{\"@type\":\"ImageObject\",\"inLanguage\":\"de\",\"@id\":\"https:\\\/\\\/conexbooks.de\\\/a\\\/shop\\\/#\\\/schema\\\/logo\\\/image\\\/\",\"url\":\"https:\\\/\\\/conexbooks.de\\\/a\\\/shop\\\/wp-content\\\/uploads\\\/2017\\\/12\\\/co-logo.png\",\"contentUrl\":\"https:\\\/\\\/conexbooks.de\\\/a\\\/shop\\\/wp-content\\\/uploads\\\/2017\\\/12\\\/co-logo.png\",\"width\":243,\"height\":122,\"caption\":\"Conex - books and more\"},\"image\":{\"@id\":\"https:\\\/\\\/conexbooks.de\\\/a\\\/shop\\\/#\\\/schema\\\/logo\\\/image\\\/\"}}]}<\/script>\n<!-- \/ Yoast SEO plugin. -->","yoast_head_json":{"title":"Wertsch\u00e4tzende Kommunikation f\u00fcr Pflegefachkr\u00e4fte und \u00c4rzte (mit E-Book-Code) - Conex-Shop","robots":{"index":"index","follow":"follow","max-snippet":"max-snippet:-1","max-image-preview":"max-image-preview:large","max-video-preview":"max-video-preview:-1"},"canonical":"https:\/\/conexbooks.de\/a\/shop\/produkt\/wertschaetzende-kommunikation-fuer-pflegefachkraefte-und-aerzte-mit-e-book-code\/","og_locale":"de_DE","og_type":"article","og_title":"Wertsch\u00e4tzende Kommunikation f\u00fcr Pflegefachkr\u00e4fte und \u00c4rzte (mit E-Book-Code) - Conex-Shop","og_description":"Wertsch\u00e4tzende Kommunikation f\u00fcr Pflegefachkr\u00e4fte und \u00c4rzte Die positive Energie der Worte nutzen Birgit Brand-H\u00f6rsting  - F\u00fcr alle Berufsgruppen in Pflege, Medizin und Gesundheitsmanagement - Praktische Anleitungen zu einem wertsch\u00e4tzenden Umgang im Gesundheitswesen  Buch mit E-Book-Code: im Buch ist der Code zum einmaligen herunterladen des gleichnamgen E-Books enthalten.  Junfermann-Verlag April 2019 192 Seiten, kartoniert Format: 17.0 x 24 cm","og_url":"https:\/\/conexbooks.de\/a\/shop\/produkt\/wertschaetzende-kommunikation-fuer-pflegefachkraefte-und-aerzte-mit-e-book-code\/","og_site_name":"Conex-Shop","article_modified_time":"2025-01-28T18:21:59+00:00","og_image":[{"width":1813,"height":2560,"url":"https:\/\/conexbooks.de\/a\/shop\/wp-content\/uploads\/2019\/05\/701-scaled.jpg","type":"image\/jpeg"}],"twitter_card":"summary_large_image","twitter_misc":{"Gesch\u00e4tzte Lesezeit":"1\u00a0Minute"},"schema":{"@context":"https:\/\/schema.org","@graph":[{"@type":"WebPage","@id":"https:\/\/conexbooks.de\/a\/shop\/produkt\/wertschaetzende-kommunikation-fuer-pflegefachkraefte-und-aerzte-mit-e-book-code\/","url":"https:\/\/conexbooks.de\/a\/shop\/produkt\/wertschaetzende-kommunikation-fuer-pflegefachkraefte-und-aerzte-mit-e-book-code\/","name":"Wertsch\u00e4tzende Kommunikation f\u00fcr Pflegefachkr\u00e4fte und \u00c4rzte (mit E-Book-Code) - Conex-Shop","isPartOf":{"@id":"https:\/\/conexbooks.de\/a\/shop\/#website"},"primaryImageOfPage":{"@id":"https:\/\/conexbooks.de\/a\/shop\/produkt\/wertschaetzende-kommunikation-fuer-pflegefachkraefte-und-aerzte-mit-e-book-code\/#primaryimage"},"image":{"@id":"https:\/\/conexbooks.de\/a\/shop\/produkt\/wertschaetzende-kommunikation-fuer-pflegefachkraefte-und-aerzte-mit-e-book-code\/#primaryimage"},"thumbnailUrl":"https:\/\/conexbooks.de\/a\/shop\/wp-content\/uploads\/2019\/05\/701-scaled.jpg","datePublished":"2019-05-03T14:28:59+00:00","dateModified":"2025-01-28T18:21:59+00:00","breadcrumb":{"@id":"https:\/\/conexbooks.de\/a\/shop\/produkt\/wertschaetzende-kommunikation-fuer-pflegefachkraefte-und-aerzte-mit-e-book-code\/#breadcrumb"},"inLanguage":"de","potentialAction":[{"@type":"ReadAction","target":["https:\/\/conexbooks.de\/a\/shop\/produkt\/wertschaetzende-kommunikation-fuer-pflegefachkraefte-und-aerzte-mit-e-book-code\/"]}]},{"@type":"ImageObject","inLanguage":"de","@id":"https:\/\/conexbooks.de\/a\/shop\/produkt\/wertschaetzende-kommunikation-fuer-pflegefachkraefte-und-aerzte-mit-e-book-code\/#primaryimage","url":"https:\/\/conexbooks.de\/a\/shop\/wp-content\/uploads\/2019\/05\/701-scaled.jpg","contentUrl":"https:\/\/conexbooks.de\/a\/shop\/wp-content\/uploads\/2019\/05\/701-scaled.jpg","width":1813,"height":2560},{"@type":"BreadcrumbList","@id":"https:\/\/conexbooks.de\/a\/shop\/produkt\/wertschaetzende-kommunikation-fuer-pflegefachkraefte-und-aerzte-mit-e-book-code\/#breadcrumb","itemListElement":[{"@type":"ListItem","position":1,"name":"Home","item":"https:\/\/conexbooks.de\/a\/shop\/"},{"@type":"ListItem","position":2,"name":"Shop","item":"https:\/\/conexbooks.de\/a\/shop\/shop\/"},{"@type":"ListItem","position":3,"name":"Wertsch\u00e4tzende Kommunikation f\u00fcr Pflegefachkr\u00e4fte und \u00c4rzte (mit E-Book-Code)"}]},{"@type":"WebSite","@id":"https:\/\/conexbooks.de\/a\/shop\/#website","url":"https:\/\/conexbooks.de\/a\/shop\/","name":"Conex-Shop","description":"Alles f\u00fcr die gewaltfreie Kommunikation: B\u00fccher, Spiele. Handpuppen Seminarmaterial und Geschenke","publisher":{"@id":"https:\/\/conexbooks.de\/a\/shop\/#organization"},"potentialAction":[{"@type":"SearchAction","target":{"@type":"EntryPoint","urlTemplate":"https:\/\/conexbooks.de\/a\/shop\/?s={search_term_string}"},"query-input":{"@type":"PropertyValueSpecification","valueRequired":true,"valueName":"search_term_string"}}],"inLanguage":"de"},{"@type":"Organization","@id":"https:\/\/conexbooks.de\/a\/shop\/#organization","name":"Conex - books and more","url":"https:\/\/conexbooks.de\/a\/shop\/","logo":{"@type":"ImageObject","inLanguage":"de","@id":"https:\/\/conexbooks.de\/a\/shop\/#\/schema\/logo\/image\/","url":"https:\/\/conexbooks.de\/a\/shop\/wp-content\/uploads\/2017\/12\/co-logo.png","contentUrl":"https:\/\/conexbooks.de\/a\/shop\/wp-content\/uploads\/2017\/12\/co-logo.png","width":243,"height":122,"caption":"Conex - books and more"},"image":{"@id":"https:\/\/conexbooks.de\/a\/shop\/#\/schema\/logo\/image\/"}}]}},"_links":{"self":[{"href":"https:\/\/conexbooks.de\/a\/shop\/wp-json\/wp\/v2\/product\/10483","targetHints":{"allow":["GET"]}}],"collection":[{"href":"https:\/\/conexbooks.de\/a\/shop\/wp-json\/wp\/v2\/product"}],"about":[{"href":"https:\/\/conexbooks.de\/a\/shop\/wp-json\/wp\/v2\/types\/product"}],"wp:featuredmedia":[{"embeddable":true,"href":"https:\/\/conexbooks.de\/a\/shop\/wp-json\/wp\/v2\/media\/10485"}],"wp:attachment":[{"href":"https:\/\/conexbooks.de\/a\/shop\/wp-json\/wp\/v2\/media?parent=10483"}],"wp:term":[{"taxonomy":"product_brand","embeddable":true,"href":"https:\/\/conexbooks.de\/a\/shop\/wp-json\/wp\/v2\/product_brand?post=10483"},{"taxonomy":"product_cat","embeddable":true,"href":"https:\/\/conexbooks.de\/a\/shop\/wp-json\/wp\/v2\/product_cat?post=10483"},{"taxonomy":"product_tag","embeddable":true,"href":"https:\/\/conexbooks.de\/a\/shop\/wp-json\/wp\/v2\/product_tag?post=10483"}],"curies":[{"name":"wp","href":"https:\/\/api.w.org\/{rel}","templated":true}]}}