{"id":1083,"date":"2017-11-14T20:10:17","date_gmt":"2017-11-14T19:10:17","guid":{"rendered":"https:\/\/conexbooks.de\/a\/shop\/wp\/produkt\/herausgegeben-von-gitta-zimmermann-2\/"},"modified":"2024-08-07T07:38:59","modified_gmt":"2024-08-07T05:38:59","slug":"herausgegeben-von-gitta-zimmermann-2","status":"publish","type":"product","link":"https:\/\/conexbooks.de\/a\/shop\/produkt\/herausgegeben-von-gitta-zimmermann-2\/","title":{"rendered":"Mappe: Sei nicht nett, Bilder von Christiane Lesch"},"content":{"rendered":"<h4>Bildermappe: Sei nicht nett, sei echt!<\/h4>\n<h4>13 Motive zur Gewaltfreien Kommunikation<\/h4>\n<p>von Christiane Lesch,\u00a0herausgegeben von Gitta Zimmermann<\/p>\n<p>\u201eSolange wir uns dar\u00fcber Sorgen machen, was andere \u00fcber uns denken, geh\u00f6ren wir ihnen.\u201c Marshall Rosenberg<\/p>\n<p>Lassen Sie sich von den Bildern verzaubern und gehen Sie auf eine Reise zu sich selbst: Sprichworte, Aussagen von Marshall Rosenberg, gefl\u00fcgelte Worte aus GfK-Gemeinschaften wie das Kelly-Bryson-Zitat \u201eSei nicht nett, sei echt\u201c laden dazu ein, die eigene Sichtweise zu ver\u00e4ndern, die pers\u00f6nliche Wahlfreiheit zu entdecken und zu innerem Frieden zu kommen.<\/p>\n<p>Die Illustrationen eignen sich als Dekoration f\u00fcr Seminarraum, Wartebereich oder Arbeitszimmer, aber auch als inspirierendes Unterrichtsmaterial.<\/p>\n<p>Die GfK-Trainerin Dr. Gitta Zimmermann gab den Ansto\u00df zu dieser ber\u00fchrenden Sammlung von Grafiken der Illustratorin Christiane Lesch:<\/p>\n<p>\u201eUm die Menschen in meiner Umgebung zu unterst\u00fctzen, einfach mal anders an bestimmte Dinge heran zu gehen, habe ich in meiner Spr\u00fcche-Schatzkiste gew\u00fchlt. Ich habe die Spr\u00fcche ausgew\u00e4hlt, die dazu f\u00fchren, sich selbst als etwas Besonderes zu sehen und zu sich selbst sagen zu k\u00f6nnen: Du bist wichtig. Ich habe meine Freundin, die Malerin Christiane Lesch, gebeten, sich die Spr\u00fcche auszusuchen, die sie ber\u00fchren, und sie zu illustrieren. Diese Mappe ist nun nach vielen Gespr\u00e4chen dabei herausgekommen. Die Bilder k\u00f6nnen an den eigenen K\u00fchlschrank geh\u00e4ngt oder im Seminar verwendet werden. Eines der Bilder hat keinen Untertitel. Das ist unser Joker. Dieses Bild dient zu Ihrer Inspiration, und Sie k\u00f6nnen es selbst mit einem Ihrer Lieblingsspr\u00fcche versehen.\u201c<\/p>\n<p>Die Zitate und Bildmotive sind in der deutschen und englischen Mappe unterschiedlich.<\/p>\n<p>&nbsp;<\/p>\n<div id='1' class='widgets_on_page wop_tiny1  wop_small1  wop_medium1  wop_large1  wop_wide1'>\n\t\t\t<ul><li id=\"custom_html-4\" class=\"widget_text widget widget_custom_html\"><div class=\"textwidget custom-html-widget\"><div style=\"text-align:left;\">\r\n<button class = \"button\" style=\"height: 30px; font-size: 0.8em;\" name=\"zuruck\" type=\"button\" onclick=\"history.back()\">Zur\u00fcck zur \u00dcbersicht<\/button><\/div><\/div><\/li><\/ul><\/div><!-- widgets_on_page -->\n","protected":false},"excerpt":{"rendered":"<h3>Bildermappe: Sei nicht nett, sei echt!<\/h3>\n<h3>13 Motive zur Gewaltfreien Kommunikation<br \/>\nvon Christiane Lesch,<br \/>\nherausgegeben von Gitta Zimmermann<\/h3>\n<p>Format: A4<\/p>\n","protected":false},"featured_media":2093,"template":"","meta":[],"product_brand":[],"product_cat":[35,56,39,51,47],"product_tag":[405,406,409,371,408,357,404,407],"class_list":{"0":"post-1083","1":"product","2":"type-product","3":"status-publish","4":"has-post-thumbnail","6":"product_cat-besonders","7":"product_cat-geschenke","8":"product_cat-persoenliche-entwicklung","9":"product_cat-seminarmaterial","10":"product_cat-sonstiges","11":"product_tag-aussagen-von-marshall-rosenberg","12":"product_tag-gefluegelte-worte-der-gfk","13":"product_tag-grafiken","14":"product_tag-inspiration","15":"product_tag-lieblingssprueche","16":"product_tag-persoenlichkeitsentwicklung","17":"product_tag-sprichworte","18":"product_tag-sprueche","20":"first","21":"outofstock","22":"shipping-taxable","23":"purchasable","24":"product-type-simple"},"yoast_head":"<!-- This site is optimized with the Yoast SEO plugin v27.3 - https:\/\/yoast.com\/product\/yoast-seo-wordpress\/ -->\n<title>Mappe: Sei nicht nett, Bilder von Christiane Lesch - Conex-Shop<\/title>\n<meta name=\"robots\" content=\"index, follow, max-snippet:-1, max-image-preview:large, max-video-preview:-1\" \/>\n<link rel=\"canonical\" href=\"https:\/\/conexbooks.de\/a\/shop\/produkt\/herausgegeben-von-gitta-zimmermann-2\/\" \/>\n<meta property=\"og:locale\" content=\"de_DE\" \/>\n<meta property=\"og:type\" content=\"article\" \/>\n<meta property=\"og:title\" content=\"Mappe: Sei nicht nett, Bilder von Christiane Lesch - Conex-Shop\" \/>\n<meta property=\"og:description\" content=\"Bildermappe: Sei nicht nett, sei echt! 13 Motive zur Gewaltfreien Kommunikation von Christiane Lesch, herausgegeben von Gitta Zimmermann Format: A4\" \/>\n<meta property=\"og:url\" content=\"https:\/\/conexbooks.de\/a\/shop\/produkt\/herausgegeben-von-gitta-zimmermann-2\/\" \/>\n<meta property=\"og:site_name\" content=\"Conex-Shop\" \/>\n<meta property=\"article:modified_time\" content=\"2024-08-07T05:38:59+00:00\" \/>\n<meta property=\"og:image\" content=\"https:\/\/conexbooks.de\/a\/shop\/wp-content\/uploads\/2017\/11\/633.jpg\" \/>\n\t<meta property=\"og:image:width\" content=\"749\" \/>\n\t<meta property=\"og:image:height\" content=\"400\" \/>\n\t<meta property=\"og:image:type\" content=\"image\/jpeg\" \/>\n<meta name=\"twitter:card\" content=\"summary_large_image\" \/>\n<meta name=\"twitter:label1\" content=\"Gesch\u00e4tzte Lesezeit\" \/>\n\t<meta name=\"twitter:data1\" content=\"1\u00a0Minute\" \/>\n<script type=\"application\/ld+json\" class=\"yoast-schema-graph\">{\"@context\":\"https:\\\/\\\/schema.org\",\"@graph\":[{\"@type\":\"WebPage\",\"@id\":\"https:\\\/\\\/conexbooks.de\\\/a\\\/shop\\\/produkt\\\/herausgegeben-von-gitta-zimmermann-2\\\/\",\"url\":\"https:\\\/\\\/conexbooks.de\\\/a\\\/shop\\\/produkt\\\/herausgegeben-von-gitta-zimmermann-2\\\/\",\"name\":\"Mappe: Sei nicht nett, Bilder von Christiane Lesch - Conex-Shop\",\"isPartOf\":{\"@id\":\"https:\\\/\\\/conexbooks.de\\\/a\\\/shop\\\/#website\"},\"primaryImageOfPage\":{\"@id\":\"https:\\\/\\\/conexbooks.de\\\/a\\\/shop\\\/produkt\\\/herausgegeben-von-gitta-zimmermann-2\\\/#primaryimage\"},\"image\":{\"@id\":\"https:\\\/\\\/conexbooks.de\\\/a\\\/shop\\\/produkt\\\/herausgegeben-von-gitta-zimmermann-2\\\/#primaryimage\"},\"thumbnailUrl\":\"https:\\\/\\\/conexbooks.de\\\/a\\\/shop\\\/wp-content\\\/uploads\\\/2017\\\/11\\\/633.jpg\",\"datePublished\":\"2017-11-14T19:10:17+00:00\",\"dateModified\":\"2024-08-07T05:38:59+00:00\",\"breadcrumb\":{\"@id\":\"https:\\\/\\\/conexbooks.de\\\/a\\\/shop\\\/produkt\\\/herausgegeben-von-gitta-zimmermann-2\\\/#breadcrumb\"},\"inLanguage\":\"de\",\"potentialAction\":[{\"@type\":\"ReadAction\",\"target\":[\"https:\\\/\\\/conexbooks.de\\\/a\\\/shop\\\/produkt\\\/herausgegeben-von-gitta-zimmermann-2\\\/\"]}]},{\"@type\":\"ImageObject\",\"inLanguage\":\"de\",\"@id\":\"https:\\\/\\\/conexbooks.de\\\/a\\\/shop\\\/produkt\\\/herausgegeben-von-gitta-zimmermann-2\\\/#primaryimage\",\"url\":\"https:\\\/\\\/conexbooks.de\\\/a\\\/shop\\\/wp-content\\\/uploads\\\/2017\\\/11\\\/633.jpg\",\"contentUrl\":\"https:\\\/\\\/conexbooks.de\\\/a\\\/shop\\\/wp-content\\\/uploads\\\/2017\\\/11\\\/633.jpg\",\"width\":749,\"height\":400},{\"@type\":\"BreadcrumbList\",\"@id\":\"https:\\\/\\\/conexbooks.de\\\/a\\\/shop\\\/produkt\\\/herausgegeben-von-gitta-zimmermann-2\\\/#breadcrumb\",\"itemListElement\":[{\"@type\":\"ListItem\",\"position\":1,\"name\":\"Home\",\"item\":\"https:\\\/\\\/conexbooks.de\\\/a\\\/shop\\\/\"},{\"@type\":\"ListItem\",\"position\":2,\"name\":\"Shop\",\"item\":\"https:\\\/\\\/conexbooks.de\\\/a\\\/shop\\\/shop\\\/\"},{\"@type\":\"ListItem\",\"position\":3,\"name\":\"Mappe: Sei nicht nett, Bilder von Christiane Lesch\"}]},{\"@type\":\"WebSite\",\"@id\":\"https:\\\/\\\/conexbooks.de\\\/a\\\/shop\\\/#website\",\"url\":\"https:\\\/\\\/conexbooks.de\\\/a\\\/shop\\\/\",\"name\":\"Conex-Shop\",\"description\":\"Alles f\u00fcr die gewaltfreie Kommunikation: B\u00fccher, Spiele. Handpuppen Seminarmaterial und Geschenke\",\"publisher\":{\"@id\":\"https:\\\/\\\/conexbooks.de\\\/a\\\/shop\\\/#organization\"},\"potentialAction\":[{\"@type\":\"SearchAction\",\"target\":{\"@type\":\"EntryPoint\",\"urlTemplate\":\"https:\\\/\\\/conexbooks.de\\\/a\\\/shop\\\/?s={search_term_string}\"},\"query-input\":{\"@type\":\"PropertyValueSpecification\",\"valueRequired\":true,\"valueName\":\"search_term_string\"}}],\"inLanguage\":\"de\"},{\"@type\":\"Organization\",\"@id\":\"https:\\\/\\\/conexbooks.de\\\/a\\\/shop\\\/#organization\",\"name\":\"Conex - books and more\",\"url\":\"https:\\\/\\\/conexbooks.de\\\/a\\\/shop\\\/\",\"logo\":{\"@type\":\"ImageObject\",\"inLanguage\":\"de\",\"@id\":\"https:\\\/\\\/conexbooks.de\\\/a\\\/shop\\\/#\\\/schema\\\/logo\\\/image\\\/\",\"url\":\"https:\\\/\\\/conexbooks.de\\\/a\\\/shop\\\/wp-content\\\/uploads\\\/2017\\\/12\\\/co-logo.png\",\"contentUrl\":\"https:\\\/\\\/conexbooks.de\\\/a\\\/shop\\\/wp-content\\\/uploads\\\/2017\\\/12\\\/co-logo.png\",\"width\":243,\"height\":122,\"caption\":\"Conex - books and more\"},\"image\":{\"@id\":\"https:\\\/\\\/conexbooks.de\\\/a\\\/shop\\\/#\\\/schema\\\/logo\\\/image\\\/\"}}]}<\/script>\n<!-- \/ Yoast SEO plugin. -->","yoast_head_json":{"title":"Mappe: Sei nicht nett, Bilder von Christiane Lesch - Conex-Shop","robots":{"index":"index","follow":"follow","max-snippet":"max-snippet:-1","max-image-preview":"max-image-preview:large","max-video-preview":"max-video-preview:-1"},"canonical":"https:\/\/conexbooks.de\/a\/shop\/produkt\/herausgegeben-von-gitta-zimmermann-2\/","og_locale":"de_DE","og_type":"article","og_title":"Mappe: Sei nicht nett, Bilder von Christiane Lesch - Conex-Shop","og_description":"Bildermappe: Sei nicht nett, sei echt! 13 Motive zur Gewaltfreien Kommunikation von Christiane Lesch, herausgegeben von Gitta Zimmermann Format: A4","og_url":"https:\/\/conexbooks.de\/a\/shop\/produkt\/herausgegeben-von-gitta-zimmermann-2\/","og_site_name":"Conex-Shop","article_modified_time":"2024-08-07T05:38:59+00:00","og_image":[{"width":749,"height":400,"url":"https:\/\/conexbooks.de\/a\/shop\/wp-content\/uploads\/2017\/11\/633.jpg","type":"image\/jpeg"}],"twitter_card":"summary_large_image","twitter_misc":{"Gesch\u00e4tzte Lesezeit":"1\u00a0Minute"},"schema":{"@context":"https:\/\/schema.org","@graph":[{"@type":"WebPage","@id":"https:\/\/conexbooks.de\/a\/shop\/produkt\/herausgegeben-von-gitta-zimmermann-2\/","url":"https:\/\/conexbooks.de\/a\/shop\/produkt\/herausgegeben-von-gitta-zimmermann-2\/","name":"Mappe: Sei nicht nett, Bilder von Christiane Lesch - Conex-Shop","isPartOf":{"@id":"https:\/\/conexbooks.de\/a\/shop\/#website"},"primaryImageOfPage":{"@id":"https:\/\/conexbooks.de\/a\/shop\/produkt\/herausgegeben-von-gitta-zimmermann-2\/#primaryimage"},"image":{"@id":"https:\/\/conexbooks.de\/a\/shop\/produkt\/herausgegeben-von-gitta-zimmermann-2\/#primaryimage"},"thumbnailUrl":"https:\/\/conexbooks.de\/a\/shop\/wp-content\/uploads\/2017\/11\/633.jpg","datePublished":"2017-11-14T19:10:17+00:00","dateModified":"2024-08-07T05:38:59+00:00","breadcrumb":{"@id":"https:\/\/conexbooks.de\/a\/shop\/produkt\/herausgegeben-von-gitta-zimmermann-2\/#breadcrumb"},"inLanguage":"de","potentialAction":[{"@type":"ReadAction","target":["https:\/\/conexbooks.de\/a\/shop\/produkt\/herausgegeben-von-gitta-zimmermann-2\/"]}]},{"@type":"ImageObject","inLanguage":"de","@id":"https:\/\/conexbooks.de\/a\/shop\/produkt\/herausgegeben-von-gitta-zimmermann-2\/#primaryimage","url":"https:\/\/conexbooks.de\/a\/shop\/wp-content\/uploads\/2017\/11\/633.jpg","contentUrl":"https:\/\/conexbooks.de\/a\/shop\/wp-content\/uploads\/2017\/11\/633.jpg","width":749,"height":400},{"@type":"BreadcrumbList","@id":"https:\/\/conexbooks.de\/a\/shop\/produkt\/herausgegeben-von-gitta-zimmermann-2\/#breadcrumb","itemListElement":[{"@type":"ListItem","position":1,"name":"Home","item":"https:\/\/conexbooks.de\/a\/shop\/"},{"@type":"ListItem","position":2,"name":"Shop","item":"https:\/\/conexbooks.de\/a\/shop\/shop\/"},{"@type":"ListItem","position":3,"name":"Mappe: Sei nicht nett, Bilder von Christiane Lesch"}]},{"@type":"WebSite","@id":"https:\/\/conexbooks.de\/a\/shop\/#website","url":"https:\/\/conexbooks.de\/a\/shop\/","name":"Conex-Shop","description":"Alles f\u00fcr die gewaltfreie Kommunikation: B\u00fccher, Spiele. Handpuppen Seminarmaterial und Geschenke","publisher":{"@id":"https:\/\/conexbooks.de\/a\/shop\/#organization"},"potentialAction":[{"@type":"SearchAction","target":{"@type":"EntryPoint","urlTemplate":"https:\/\/conexbooks.de\/a\/shop\/?s={search_term_string}"},"query-input":{"@type":"PropertyValueSpecification","valueRequired":true,"valueName":"search_term_string"}}],"inLanguage":"de"},{"@type":"Organization","@id":"https:\/\/conexbooks.de\/a\/shop\/#organization","name":"Conex - books and more","url":"https:\/\/conexbooks.de\/a\/shop\/","logo":{"@type":"ImageObject","inLanguage":"de","@id":"https:\/\/conexbooks.de\/a\/shop\/#\/schema\/logo\/image\/","url":"https:\/\/conexbooks.de\/a\/shop\/wp-content\/uploads\/2017\/12\/co-logo.png","contentUrl":"https:\/\/conexbooks.de\/a\/shop\/wp-content\/uploads\/2017\/12\/co-logo.png","width":243,"height":122,"caption":"Conex - books and more"},"image":{"@id":"https:\/\/conexbooks.de\/a\/shop\/#\/schema\/logo\/image\/"}}]}},"_links":{"self":[{"href":"https:\/\/conexbooks.de\/a\/shop\/wp-json\/wp\/v2\/product\/1083","targetHints":{"allow":["GET"]}}],"collection":[{"href":"https:\/\/conexbooks.de\/a\/shop\/wp-json\/wp\/v2\/product"}],"about":[{"href":"https:\/\/conexbooks.de\/a\/shop\/wp-json\/wp\/v2\/types\/product"}],"wp:featuredmedia":[{"embeddable":true,"href":"https:\/\/conexbooks.de\/a\/shop\/wp-json\/wp\/v2\/media\/2093"}],"wp:attachment":[{"href":"https:\/\/conexbooks.de\/a\/shop\/wp-json\/wp\/v2\/media?parent=1083"}],"wp:term":[{"taxonomy":"product_brand","embeddable":true,"href":"https:\/\/conexbooks.de\/a\/shop\/wp-json\/wp\/v2\/product_brand?post=1083"},{"taxonomy":"product_cat","embeddable":true,"href":"https:\/\/conexbooks.de\/a\/shop\/wp-json\/wp\/v2\/product_cat?post=1083"},{"taxonomy":"product_tag","embeddable":true,"href":"https:\/\/conexbooks.de\/a\/shop\/wp-json\/wp\/v2\/product_tag?post=1083"}],"curies":[{"name":"wp","href":"https:\/\/api.w.org\/{rel}","templated":true}]}}