{"id":1185,"date":"2017-11-14T20:10:35","date_gmt":"2017-11-14T19:10:35","guid":{"rendered":"https:\/\/conexbooks.de\/a\/shop\/wp\/produkt\/auf-2-seiten-umfassende-gfk-uebersicht-2\/"},"modified":"2026-03-28T15:21:14","modified_gmt":"2026-03-28T14:21:14","slug":"auf-2-seiten-umfassende-gfk-uebersicht-2","status":"publish","type":"product","link":"https:\/\/conexbooks.de\/a\/shop\/produkt\/auf-2-seiten-umfassende-gfk-uebersicht-2\/","title":{"rendered":"GFK-Navigator Gewaltfreie Kommunikation A4 laminiert"},"content":{"rendered":"<h4>GFK-Navigator Gewaltfreie Kommunikation A4 Format<\/h4>\n<h4>kompakte, sehr informative \u00dcbersicht \u00fcber die GFK<\/h4>\n<p>Dieser wunderbar selbsterkl\u00e4rende 2-seitige Navigator bringt die Kernaussagen der GFK gekonnt auf den Punkt: liebevoll, humorvoll und farbenfroh.<\/p>\n<p>Die F\u00fclle der Inhalte sind kompakt und gleichzeitig \u00fcbersichtlich dargestellt sowie optisch ansprechend gestaltet.<\/p>\n<p>Diese ansprechende grafische und farbliche Gestaltung vereinfachen die Orientierung und das Behalten.<\/p>\n<p>Auf beiden Seiten sind erstaunlich viele Aspekte untergebracht, z.B.:<\/p>\n<ul>\n<li>Vom M\u00fcssen \/ Sollen zum Wollen<\/li>\n<li>Vom Loben zum Wertsch\u00e4tzen<\/li>\n<li>4 Ohren innen \/ au\u00dfen<\/li>\n<li>Empathie ist nicht&#8230;<\/li>\n<li>\u00a0Nein sagen &#8211; ein Beziehungsgeschenk<\/li>\n<\/ul>\n<p>sowie nat\u00fcrlich die 4 Schritte mit einer guten Auswahl von Gef\u00fchls- und Bed\u00fcrfnisw\u00f6rtern und noch viel Aspekte mehr.<\/p>\n<p>Der Navigator ist alltagstauglich und jedes vorgestellte Prinzip wird anhand eines umgangssprachlichen Beispiels verdeutlicht.<\/p>\n<p>Vorkenntnisse werden praktisch nicht ben\u00f6tigst, um die Inhalte zu verstehen, die aus unserer Sicht die wichtigsten Themen der GFK behandeln. Auch GFK-erfahrene Menschen finden Inspiration und Gedankenst\u00fctzen, die sie an wichtige Prinzipien und Elemente der GFK erinnern.<\/p>\n<p>Durch das praktische Format und die Laminierung kann es wunderbar im Alltag oder \u00dcbungsgruppen und Seminaren verwendet werden.<\/p>\n<p>Der GfK-Navigator ist auch als Wandposter im DIN A2 Format erh\u00e4ltlich oder als Set im A4- und A2-Format.<\/p>\n<p>&nbsp;<\/p>\n<div id='1' class='widgets_on_page wop_tiny1  wop_small1  wop_medium1  wop_large1  wop_wide1'>\n\t\t\t<ul><li id=\"custom_html-4\" class=\"widget_text widget widget_custom_html\"><div class=\"textwidget custom-html-widget\"><div style=\"text-align:left;\">\r\n<button class = \"button\" style=\"height: 30px; font-size: 0.8em;\" name=\"zuruck\" type=\"button\" onclick=\"history.back()\">Zur\u00fcck zur \u00dcbersicht<\/button><\/div><\/div><\/li><\/ul><\/div><!-- widgets_on_page -->\n","protected":false},"excerpt":{"rendered":"<h4>kompakte, sehr informative \u00dcbersicht \u00fcber die GFK<\/h4>\n","protected":false},"featured_media":2036,"template":"","meta":[],"product_brand":[],"product_cat":[481,40,51,47],"product_tag":[70,417,397,372],"class_list":{"0":"post-1185","1":"product","2":"type-product","3":"status-publish","4":"has-post-thumbnail","6":"product_cat-gefuehle-und-beduerfniskarten","7":"product_cat-grundlagen","8":"product_cat-seminarmaterial","9":"product_cat-sonstiges","10":"product_tag-gfk-praxistauglich","11":"product_tag-gfk-uebersicht","12":"product_tag-laminierte-karte","13":"product_tag-uebersicht","15":"first","16":"instock","17":"shipping-taxable","18":"purchasable","19":"product-type-simple"},"yoast_head":"<!-- This site is optimized with the Yoast SEO plugin v27.3 - https:\/\/yoast.com\/product\/yoast-seo-wordpress\/ -->\n<title>GFK-Navigator Gewaltfreie Kommunikation A4 laminiert - Conex-Shop<\/title>\n<meta name=\"robots\" content=\"index, follow, max-snippet:-1, max-image-preview:large, max-video-preview:-1\" \/>\n<link rel=\"canonical\" href=\"https:\/\/conexbooks.de\/a\/shop\/produkt\/auf-2-seiten-umfassende-gfk-uebersicht-2\/\" \/>\n<meta property=\"og:locale\" content=\"de_DE\" \/>\n<meta property=\"og:type\" content=\"article\" \/>\n<meta property=\"og:title\" content=\"GFK-Navigator Gewaltfreie Kommunikation A4 laminiert - Conex-Shop\" \/>\n<meta property=\"og:description\" content=\"kompakte, sehr informative \u00dcbersicht \u00fcber die GFK\" \/>\n<meta property=\"og:url\" content=\"https:\/\/conexbooks.de\/a\/shop\/produkt\/auf-2-seiten-umfassende-gfk-uebersicht-2\/\" \/>\n<meta property=\"og:site_name\" content=\"Conex-Shop\" \/>\n<meta property=\"article:modified_time\" content=\"2026-03-28T14:21:14+00:00\" \/>\n<meta property=\"og:image\" content=\"https:\/\/conexbooks.de\/a\/shop\/wp-content\/uploads\/2017\/11\/638.jpg\" \/>\n\t<meta property=\"og:image:width\" content=\"287\" \/>\n\t<meta property=\"og:image:height\" content=\"400\" \/>\n\t<meta property=\"og:image:type\" content=\"image\/jpeg\" \/>\n<meta name=\"twitter:card\" content=\"summary_large_image\" \/>\n<meta name=\"twitter:label1\" content=\"Gesch\u00e4tzte Lesezeit\" \/>\n\t<meta name=\"twitter:data1\" content=\"1\u00a0Minute\" \/>\n<script type=\"application\/ld+json\" class=\"yoast-schema-graph\">{\"@context\":\"https:\\\/\\\/schema.org\",\"@graph\":[{\"@type\":\"WebPage\",\"@id\":\"https:\\\/\\\/conexbooks.de\\\/a\\\/shop\\\/produkt\\\/auf-2-seiten-umfassende-gfk-uebersicht-2\\\/\",\"url\":\"https:\\\/\\\/conexbooks.de\\\/a\\\/shop\\\/produkt\\\/auf-2-seiten-umfassende-gfk-uebersicht-2\\\/\",\"name\":\"GFK-Navigator Gewaltfreie Kommunikation A4 laminiert - Conex-Shop\",\"isPartOf\":{\"@id\":\"https:\\\/\\\/conexbooks.de\\\/a\\\/shop\\\/#website\"},\"primaryImageOfPage\":{\"@id\":\"https:\\\/\\\/conexbooks.de\\\/a\\\/shop\\\/produkt\\\/auf-2-seiten-umfassende-gfk-uebersicht-2\\\/#primaryimage\"},\"image\":{\"@id\":\"https:\\\/\\\/conexbooks.de\\\/a\\\/shop\\\/produkt\\\/auf-2-seiten-umfassende-gfk-uebersicht-2\\\/#primaryimage\"},\"thumbnailUrl\":\"https:\\\/\\\/conexbooks.de\\\/a\\\/shop\\\/wp-content\\\/uploads\\\/2017\\\/11\\\/638.jpg\",\"datePublished\":\"2017-11-14T19:10:35+00:00\",\"dateModified\":\"2026-03-28T14:21:14+00:00\",\"breadcrumb\":{\"@id\":\"https:\\\/\\\/conexbooks.de\\\/a\\\/shop\\\/produkt\\\/auf-2-seiten-umfassende-gfk-uebersicht-2\\\/#breadcrumb\"},\"inLanguage\":\"de\",\"potentialAction\":[{\"@type\":\"ReadAction\",\"target\":[\"https:\\\/\\\/conexbooks.de\\\/a\\\/shop\\\/produkt\\\/auf-2-seiten-umfassende-gfk-uebersicht-2\\\/\"]}]},{\"@type\":\"ImageObject\",\"inLanguage\":\"de\",\"@id\":\"https:\\\/\\\/conexbooks.de\\\/a\\\/shop\\\/produkt\\\/auf-2-seiten-umfassende-gfk-uebersicht-2\\\/#primaryimage\",\"url\":\"https:\\\/\\\/conexbooks.de\\\/a\\\/shop\\\/wp-content\\\/uploads\\\/2017\\\/11\\\/638.jpg\",\"contentUrl\":\"https:\\\/\\\/conexbooks.de\\\/a\\\/shop\\\/wp-content\\\/uploads\\\/2017\\\/11\\\/638.jpg\",\"width\":287,\"height\":400},{\"@type\":\"BreadcrumbList\",\"@id\":\"https:\\\/\\\/conexbooks.de\\\/a\\\/shop\\\/produkt\\\/auf-2-seiten-umfassende-gfk-uebersicht-2\\\/#breadcrumb\",\"itemListElement\":[{\"@type\":\"ListItem\",\"position\":1,\"name\":\"Home\",\"item\":\"https:\\\/\\\/conexbooks.de\\\/a\\\/shop\\\/\"},{\"@type\":\"ListItem\",\"position\":2,\"name\":\"Shop\",\"item\":\"https:\\\/\\\/conexbooks.de\\\/a\\\/shop\\\/shop\\\/\"},{\"@type\":\"ListItem\",\"position\":3,\"name\":\"GFK-Navigator Gewaltfreie Kommunikation A4 laminiert\"}]},{\"@type\":\"WebSite\",\"@id\":\"https:\\\/\\\/conexbooks.de\\\/a\\\/shop\\\/#website\",\"url\":\"https:\\\/\\\/conexbooks.de\\\/a\\\/shop\\\/\",\"name\":\"Conex-Shop\",\"description\":\"Alles f\u00fcr die gewaltfreie Kommunikation: B\u00fccher, Spiele. Handpuppen Seminarmaterial und Geschenke\",\"publisher\":{\"@id\":\"https:\\\/\\\/conexbooks.de\\\/a\\\/shop\\\/#organization\"},\"potentialAction\":[{\"@type\":\"SearchAction\",\"target\":{\"@type\":\"EntryPoint\",\"urlTemplate\":\"https:\\\/\\\/conexbooks.de\\\/a\\\/shop\\\/?s={search_term_string}\"},\"query-input\":{\"@type\":\"PropertyValueSpecification\",\"valueRequired\":true,\"valueName\":\"search_term_string\"}}],\"inLanguage\":\"de\"},{\"@type\":\"Organization\",\"@id\":\"https:\\\/\\\/conexbooks.de\\\/a\\\/shop\\\/#organization\",\"name\":\"Conex - books and more\",\"url\":\"https:\\\/\\\/conexbooks.de\\\/a\\\/shop\\\/\",\"logo\":{\"@type\":\"ImageObject\",\"inLanguage\":\"de\",\"@id\":\"https:\\\/\\\/conexbooks.de\\\/a\\\/shop\\\/#\\\/schema\\\/logo\\\/image\\\/\",\"url\":\"https:\\\/\\\/conexbooks.de\\\/a\\\/shop\\\/wp-content\\\/uploads\\\/2017\\\/12\\\/co-logo.png\",\"contentUrl\":\"https:\\\/\\\/conexbooks.de\\\/a\\\/shop\\\/wp-content\\\/uploads\\\/2017\\\/12\\\/co-logo.png\",\"width\":243,\"height\":122,\"caption\":\"Conex - books and more\"},\"image\":{\"@id\":\"https:\\\/\\\/conexbooks.de\\\/a\\\/shop\\\/#\\\/schema\\\/logo\\\/image\\\/\"}}]}<\/script>\n<!-- \/ Yoast SEO plugin. -->","yoast_head_json":{"title":"GFK-Navigator Gewaltfreie Kommunikation A4 laminiert - Conex-Shop","robots":{"index":"index","follow":"follow","max-snippet":"max-snippet:-1","max-image-preview":"max-image-preview:large","max-video-preview":"max-video-preview:-1"},"canonical":"https:\/\/conexbooks.de\/a\/shop\/produkt\/auf-2-seiten-umfassende-gfk-uebersicht-2\/","og_locale":"de_DE","og_type":"article","og_title":"GFK-Navigator Gewaltfreie Kommunikation A4 laminiert - Conex-Shop","og_description":"kompakte, sehr informative \u00dcbersicht \u00fcber die GFK","og_url":"https:\/\/conexbooks.de\/a\/shop\/produkt\/auf-2-seiten-umfassende-gfk-uebersicht-2\/","og_site_name":"Conex-Shop","article_modified_time":"2026-03-28T14:21:14+00:00","og_image":[{"width":287,"height":400,"url":"https:\/\/conexbooks.de\/a\/shop\/wp-content\/uploads\/2017\/11\/638.jpg","type":"image\/jpeg"}],"twitter_card":"summary_large_image","twitter_misc":{"Gesch\u00e4tzte Lesezeit":"1\u00a0Minute"},"schema":{"@context":"https:\/\/schema.org","@graph":[{"@type":"WebPage","@id":"https:\/\/conexbooks.de\/a\/shop\/produkt\/auf-2-seiten-umfassende-gfk-uebersicht-2\/","url":"https:\/\/conexbooks.de\/a\/shop\/produkt\/auf-2-seiten-umfassende-gfk-uebersicht-2\/","name":"GFK-Navigator Gewaltfreie Kommunikation A4 laminiert - Conex-Shop","isPartOf":{"@id":"https:\/\/conexbooks.de\/a\/shop\/#website"},"primaryImageOfPage":{"@id":"https:\/\/conexbooks.de\/a\/shop\/produkt\/auf-2-seiten-umfassende-gfk-uebersicht-2\/#primaryimage"},"image":{"@id":"https:\/\/conexbooks.de\/a\/shop\/produkt\/auf-2-seiten-umfassende-gfk-uebersicht-2\/#primaryimage"},"thumbnailUrl":"https:\/\/conexbooks.de\/a\/shop\/wp-content\/uploads\/2017\/11\/638.jpg","datePublished":"2017-11-14T19:10:35+00:00","dateModified":"2026-03-28T14:21:14+00:00","breadcrumb":{"@id":"https:\/\/conexbooks.de\/a\/shop\/produkt\/auf-2-seiten-umfassende-gfk-uebersicht-2\/#breadcrumb"},"inLanguage":"de","potentialAction":[{"@type":"ReadAction","target":["https:\/\/conexbooks.de\/a\/shop\/produkt\/auf-2-seiten-umfassende-gfk-uebersicht-2\/"]}]},{"@type":"ImageObject","inLanguage":"de","@id":"https:\/\/conexbooks.de\/a\/shop\/produkt\/auf-2-seiten-umfassende-gfk-uebersicht-2\/#primaryimage","url":"https:\/\/conexbooks.de\/a\/shop\/wp-content\/uploads\/2017\/11\/638.jpg","contentUrl":"https:\/\/conexbooks.de\/a\/shop\/wp-content\/uploads\/2017\/11\/638.jpg","width":287,"height":400},{"@type":"BreadcrumbList","@id":"https:\/\/conexbooks.de\/a\/shop\/produkt\/auf-2-seiten-umfassende-gfk-uebersicht-2\/#breadcrumb","itemListElement":[{"@type":"ListItem","position":1,"name":"Home","item":"https:\/\/conexbooks.de\/a\/shop\/"},{"@type":"ListItem","position":2,"name":"Shop","item":"https:\/\/conexbooks.de\/a\/shop\/shop\/"},{"@type":"ListItem","position":3,"name":"GFK-Navigator Gewaltfreie Kommunikation A4 laminiert"}]},{"@type":"WebSite","@id":"https:\/\/conexbooks.de\/a\/shop\/#website","url":"https:\/\/conexbooks.de\/a\/shop\/","name":"Conex-Shop","description":"Alles f\u00fcr die gewaltfreie Kommunikation: B\u00fccher, Spiele. Handpuppen Seminarmaterial und Geschenke","publisher":{"@id":"https:\/\/conexbooks.de\/a\/shop\/#organization"},"potentialAction":[{"@type":"SearchAction","target":{"@type":"EntryPoint","urlTemplate":"https:\/\/conexbooks.de\/a\/shop\/?s={search_term_string}"},"query-input":{"@type":"PropertyValueSpecification","valueRequired":true,"valueName":"search_term_string"}}],"inLanguage":"de"},{"@type":"Organization","@id":"https:\/\/conexbooks.de\/a\/shop\/#organization","name":"Conex - books and more","url":"https:\/\/conexbooks.de\/a\/shop\/","logo":{"@type":"ImageObject","inLanguage":"de","@id":"https:\/\/conexbooks.de\/a\/shop\/#\/schema\/logo\/image\/","url":"https:\/\/conexbooks.de\/a\/shop\/wp-content\/uploads\/2017\/12\/co-logo.png","contentUrl":"https:\/\/conexbooks.de\/a\/shop\/wp-content\/uploads\/2017\/12\/co-logo.png","width":243,"height":122,"caption":"Conex - books and more"},"image":{"@id":"https:\/\/conexbooks.de\/a\/shop\/#\/schema\/logo\/image\/"}}]}},"_links":{"self":[{"href":"https:\/\/conexbooks.de\/a\/shop\/wp-json\/wp\/v2\/product\/1185","targetHints":{"allow":["GET"]}}],"collection":[{"href":"https:\/\/conexbooks.de\/a\/shop\/wp-json\/wp\/v2\/product"}],"about":[{"href":"https:\/\/conexbooks.de\/a\/shop\/wp-json\/wp\/v2\/types\/product"}],"wp:featuredmedia":[{"embeddable":true,"href":"https:\/\/conexbooks.de\/a\/shop\/wp-json\/wp\/v2\/media\/2036"}],"wp:attachment":[{"href":"https:\/\/conexbooks.de\/a\/shop\/wp-json\/wp\/v2\/media?parent=1185"}],"wp:term":[{"taxonomy":"product_brand","embeddable":true,"href":"https:\/\/conexbooks.de\/a\/shop\/wp-json\/wp\/v2\/product_brand?post=1185"},{"taxonomy":"product_cat","embeddable":true,"href":"https:\/\/conexbooks.de\/a\/shop\/wp-json\/wp\/v2\/product_cat?post=1185"},{"taxonomy":"product_tag","embeddable":true,"href":"https:\/\/conexbooks.de\/a\/shop\/wp-json\/wp\/v2\/product_tag?post=1185"}],"curies":[{"name":"wp","href":"https:\/\/api.w.org\/{rel}","templated":true}]}}