{"id":1512,"date":"2017-11-26T22:57:50","date_gmt":"2017-11-26T21:57:50","guid":{"rendered":"https:\/\/conexbooks.de\/a\/shop\/wp\/?post_type=product&#038;p=1512"},"modified":"2025-03-22T12:59:57","modified_gmt":"2025-03-22T11:59:57","slug":"kartenset-wertschaetzend-kommunizieren-achtsam-miteinander-umgehen","status":"publish","type":"product","link":"https:\/\/conexbooks.de\/a\/shop\/produkt\/kartenset-wertschaetzend-kommunizieren-achtsam-miteinander-umgehen\/","title":{"rendered":"Kartenset: Wertsch\u00e4tzend kommunizieren &#8211; achtsam miteinander umgehen"},"content":{"rendered":"<h4>Kartenset: Wertsch\u00e4tzend kommunizieren \u2013 achtsam miteinander umgehen<\/h4>\n<h4>Claudia Fabian<\/h4>\n<p>Jedes unserer Worte l\u00f6st in unseren Gespr\u00e4chspartnern eine deutliche Resonanz aus:<\/p>\n<p>Begegnen wir ihnen mit Ungeduld und Aggressivit\u00e4t, reagieren sie entsprechend unfreundlich. Bringen wir in unserer Kommunikation Wertsch\u00e4tzung und Achtsamkeit zum Ausdruck, erhalten wir diese zur\u00fcck.<\/p>\n<p>Die Kommunikationstrainerin Claudia Fabian macht es Ihnen mit diesem Kartenset leicht, einen neuen und einf\u00fchlsamen Umgang mit Ihren Mitmenschen zu pflegen. Intuitiv w\u00e4hlen Sie die Karten aus, die Ihre Themen ansprechen: Ausreden vermeiden, eigene Gef\u00fchle wahrhaftig zum Ausdruck bringen, eine Bitte richtig formulieren \u2026<\/p>\n<p>Dank kurzer Erkl\u00e4rungen und klarer Tipps k\u00f6nnen Sie belastende Muster schnell erkennen und schon bald aufl\u00f6sen.<\/p>\n<p>40 Karten, die einfach und verst\u00e4ndlich Hindernisse im kommunikativen Alltag aufzeigen und hilfreiche Alternativen f\u00fcr ein wertsch\u00e4tzendes und achtsames miteinander anbieten. Die Karten dienen ebenso als Erinnerung auf unserem Weg der Wandlung und sind ein idealer Begleiter.<\/p>\n<p>Umfangreiches Wissen aus der ganzheitlichen Lebensberatung ist mit eingeflossen und macht diese Karten einzigartig u.a. durch diverse M\u00f6glichkeiten zur Selbstreflektion. Kommunikative Inhalte sind auf der Vorder- und R\u00fcckseite der Karten.<\/p>\n<p>Mit diesen Karten wird in Unternehmen, Schulen und Praxen gearbeitet.<\/p>\n<p>&nbsp;<\/p>\n<div id='1' class='widgets_on_page wop_tiny1  wop_small1  wop_medium1  wop_large1  wop_wide1'>\n\t\t\t<ul><li id=\"custom_html-4\" class=\"widget_text widget widget_custom_html\"><div class=\"textwidget custom-html-widget\"><div style=\"text-align:left;\">\r\n<button class = \"button\" style=\"height: 30px; font-size: 0.8em;\" name=\"zuruck\" type=\"button\" onclick=\"history.back()\">Zur\u00fcck zur \u00dcbersicht<\/button><\/div><\/div><\/li><\/ul><\/div><!-- widgets_on_page -->\n","protected":false},"excerpt":{"rendered":"<h3>Einf\u00fchlsamkeit als Schl\u00fcssel zu Gl\u00fcck und Erfolg \u2013 40 Karten mit Anleitung<br \/>\nClaudia Fabian<\/h3>\n<p>Schirner-Verlag<br \/>\nInhalt: 40 Karten (Format: 100 x 150 mm) mit Anleitung<\/p>\n<p>Schirner-Verlag<\/p>\n<p>Inhalt: 40 Karten (Format: 100 x 150 mm) mit Anleitung<\/p>\n","protected":false},"featured_media":2005,"template":"","meta":[],"product_brand":[],"product_cat":[36,40],"product_tag":[],"class_list":{"0":"post-1512","1":"product","2":"type-product","3":"status-publish","4":"has-post-thumbnail","6":"product_cat-deutsche-buecher","7":"product_cat-grundlagen","9":"first","10":"instock","11":"shipping-taxable","12":"purchasable","13":"product-type-simple"},"yoast_head":"<!-- This site is optimized with the Yoast SEO plugin v27.4 - https:\/\/yoast.com\/product\/yoast-seo-wordpress\/ -->\n<title>Kartenset: Wertsch\u00e4tzend kommunizieren - achtsam miteinander umgehen - Conex-Shop<\/title>\n<meta name=\"robots\" content=\"index, follow, max-snippet:-1, max-image-preview:large, max-video-preview:-1\" \/>\n<link rel=\"canonical\" href=\"https:\/\/conexbooks.de\/a\/shop\/produkt\/kartenset-wertschaetzend-kommunizieren-achtsam-miteinander-umgehen\/\" \/>\n<meta property=\"og:locale\" content=\"de_DE\" \/>\n<meta property=\"og:type\" content=\"article\" \/>\n<meta property=\"og:title\" content=\"Kartenset: Wertsch\u00e4tzend kommunizieren - achtsam miteinander umgehen - Conex-Shop\" \/>\n<meta property=\"og:description\" content=\"Einf\u00fchlsamkeit als Schl\u00fcssel zu Gl\u00fcck und Erfolg \u2013 40 Karten mit Anleitung Claudia Fabian Schirner-Verlag Inhalt: 40 Karten (Format: 100 x 150 mm) mit Anleitung  Schirner-Verlag  Inhalt: 40 Karten (Format: 100 x 150 mm) mit Anleitung\" \/>\n<meta property=\"og:url\" content=\"https:\/\/conexbooks.de\/a\/shop\/produkt\/kartenset-wertschaetzend-kommunizieren-achtsam-miteinander-umgehen\/\" \/>\n<meta property=\"og:site_name\" content=\"Conex-Shop\" \/>\n<meta property=\"article:modified_time\" content=\"2025-03-22T11:59:57+00:00\" \/>\n<meta property=\"og:image\" content=\"https:\/\/conexbooks.de\/a\/shop\/wp-content\/uploads\/2017\/11\/734.png\" \/>\n\t<meta property=\"og:image:width\" content=\"400\" \/>\n\t<meta property=\"og:image:height\" content=\"400\" \/>\n\t<meta property=\"og:image:type\" content=\"image\/png\" \/>\n<meta name=\"twitter:card\" content=\"summary_large_image\" \/>\n<meta name=\"twitter:label1\" content=\"Gesch\u00e4tzte Lesezeit\" \/>\n\t<meta name=\"twitter:data1\" content=\"1\u00a0Minute\" \/>\n<script type=\"application\/ld+json\" class=\"yoast-schema-graph\">{\"@context\":\"https:\\\/\\\/schema.org\",\"@graph\":[{\"@type\":\"WebPage\",\"@id\":\"https:\\\/\\\/conexbooks.de\\\/a\\\/shop\\\/produkt\\\/kartenset-wertschaetzend-kommunizieren-achtsam-miteinander-umgehen\\\/\",\"url\":\"https:\\\/\\\/conexbooks.de\\\/a\\\/shop\\\/produkt\\\/kartenset-wertschaetzend-kommunizieren-achtsam-miteinander-umgehen\\\/\",\"name\":\"Kartenset: Wertsch\u00e4tzend kommunizieren - achtsam miteinander umgehen - Conex-Shop\",\"isPartOf\":{\"@id\":\"https:\\\/\\\/conexbooks.de\\\/a\\\/shop\\\/#website\"},\"primaryImageOfPage\":{\"@id\":\"https:\\\/\\\/conexbooks.de\\\/a\\\/shop\\\/produkt\\\/kartenset-wertschaetzend-kommunizieren-achtsam-miteinander-umgehen\\\/#primaryimage\"},\"image\":{\"@id\":\"https:\\\/\\\/conexbooks.de\\\/a\\\/shop\\\/produkt\\\/kartenset-wertschaetzend-kommunizieren-achtsam-miteinander-umgehen\\\/#primaryimage\"},\"thumbnailUrl\":\"https:\\\/\\\/conexbooks.de\\\/a\\\/shop\\\/wp-content\\\/uploads\\\/2017\\\/11\\\/734.png\",\"datePublished\":\"2017-11-26T21:57:50+00:00\",\"dateModified\":\"2025-03-22T11:59:57+00:00\",\"breadcrumb\":{\"@id\":\"https:\\\/\\\/conexbooks.de\\\/a\\\/shop\\\/produkt\\\/kartenset-wertschaetzend-kommunizieren-achtsam-miteinander-umgehen\\\/#breadcrumb\"},\"inLanguage\":\"de\",\"potentialAction\":[{\"@type\":\"ReadAction\",\"target\":[\"https:\\\/\\\/conexbooks.de\\\/a\\\/shop\\\/produkt\\\/kartenset-wertschaetzend-kommunizieren-achtsam-miteinander-umgehen\\\/\"]}]},{\"@type\":\"ImageObject\",\"inLanguage\":\"de\",\"@id\":\"https:\\\/\\\/conexbooks.de\\\/a\\\/shop\\\/produkt\\\/kartenset-wertschaetzend-kommunizieren-achtsam-miteinander-umgehen\\\/#primaryimage\",\"url\":\"https:\\\/\\\/conexbooks.de\\\/a\\\/shop\\\/wp-content\\\/uploads\\\/2017\\\/11\\\/734.png\",\"contentUrl\":\"https:\\\/\\\/conexbooks.de\\\/a\\\/shop\\\/wp-content\\\/uploads\\\/2017\\\/11\\\/734.png\",\"width\":400,\"height\":400},{\"@type\":\"BreadcrumbList\",\"@id\":\"https:\\\/\\\/conexbooks.de\\\/a\\\/shop\\\/produkt\\\/kartenset-wertschaetzend-kommunizieren-achtsam-miteinander-umgehen\\\/#breadcrumb\",\"itemListElement\":[{\"@type\":\"ListItem\",\"position\":1,\"name\":\"Home\",\"item\":\"https:\\\/\\\/conexbooks.de\\\/a\\\/shop\\\/\"},{\"@type\":\"ListItem\",\"position\":2,\"name\":\"Shop\",\"item\":\"https:\\\/\\\/conexbooks.de\\\/a\\\/shop\\\/shop\\\/\"},{\"@type\":\"ListItem\",\"position\":3,\"name\":\"Kartenset: Wertsch\u00e4tzend kommunizieren &#8211; achtsam miteinander umgehen\"}]},{\"@type\":\"WebSite\",\"@id\":\"https:\\\/\\\/conexbooks.de\\\/a\\\/shop\\\/#website\",\"url\":\"https:\\\/\\\/conexbooks.de\\\/a\\\/shop\\\/\",\"name\":\"Conex-Shop\",\"description\":\"Alles f\u00fcr die gewaltfreie Kommunikation: B\u00fccher, Spiele. Handpuppen Seminarmaterial und Geschenke\",\"publisher\":{\"@id\":\"https:\\\/\\\/conexbooks.de\\\/a\\\/shop\\\/#organization\"},\"potentialAction\":[{\"@type\":\"SearchAction\",\"target\":{\"@type\":\"EntryPoint\",\"urlTemplate\":\"https:\\\/\\\/conexbooks.de\\\/a\\\/shop\\\/?s={search_term_string}\"},\"query-input\":{\"@type\":\"PropertyValueSpecification\",\"valueRequired\":true,\"valueName\":\"search_term_string\"}}],\"inLanguage\":\"de\"},{\"@type\":\"Organization\",\"@id\":\"https:\\\/\\\/conexbooks.de\\\/a\\\/shop\\\/#organization\",\"name\":\"Conex - books and more\",\"url\":\"https:\\\/\\\/conexbooks.de\\\/a\\\/shop\\\/\",\"logo\":{\"@type\":\"ImageObject\",\"inLanguage\":\"de\",\"@id\":\"https:\\\/\\\/conexbooks.de\\\/a\\\/shop\\\/#\\\/schema\\\/logo\\\/image\\\/\",\"url\":\"https:\\\/\\\/conexbooks.de\\\/a\\\/shop\\\/wp-content\\\/uploads\\\/2017\\\/12\\\/co-logo.png\",\"contentUrl\":\"https:\\\/\\\/conexbooks.de\\\/a\\\/shop\\\/wp-content\\\/uploads\\\/2017\\\/12\\\/co-logo.png\",\"width\":243,\"height\":122,\"caption\":\"Conex - books and more\"},\"image\":{\"@id\":\"https:\\\/\\\/conexbooks.de\\\/a\\\/shop\\\/#\\\/schema\\\/logo\\\/image\\\/\"}}]}<\/script>\n<!-- \/ Yoast SEO plugin. -->","yoast_head_json":{"title":"Kartenset: Wertsch\u00e4tzend kommunizieren - achtsam miteinander umgehen - Conex-Shop","robots":{"index":"index","follow":"follow","max-snippet":"max-snippet:-1","max-image-preview":"max-image-preview:large","max-video-preview":"max-video-preview:-1"},"canonical":"https:\/\/conexbooks.de\/a\/shop\/produkt\/kartenset-wertschaetzend-kommunizieren-achtsam-miteinander-umgehen\/","og_locale":"de_DE","og_type":"article","og_title":"Kartenset: Wertsch\u00e4tzend kommunizieren - achtsam miteinander umgehen - Conex-Shop","og_description":"Einf\u00fchlsamkeit als Schl\u00fcssel zu Gl\u00fcck und Erfolg \u2013 40 Karten mit Anleitung Claudia Fabian Schirner-Verlag Inhalt: 40 Karten (Format: 100 x 150 mm) mit Anleitung  Schirner-Verlag  Inhalt: 40 Karten (Format: 100 x 150 mm) mit Anleitung","og_url":"https:\/\/conexbooks.de\/a\/shop\/produkt\/kartenset-wertschaetzend-kommunizieren-achtsam-miteinander-umgehen\/","og_site_name":"Conex-Shop","article_modified_time":"2025-03-22T11:59:57+00:00","og_image":[{"width":400,"height":400,"url":"https:\/\/conexbooks.de\/a\/shop\/wp-content\/uploads\/2017\/11\/734.png","type":"image\/png"}],"twitter_card":"summary_large_image","twitter_misc":{"Gesch\u00e4tzte Lesezeit":"1\u00a0Minute"},"schema":{"@context":"https:\/\/schema.org","@graph":[{"@type":"WebPage","@id":"https:\/\/conexbooks.de\/a\/shop\/produkt\/kartenset-wertschaetzend-kommunizieren-achtsam-miteinander-umgehen\/","url":"https:\/\/conexbooks.de\/a\/shop\/produkt\/kartenset-wertschaetzend-kommunizieren-achtsam-miteinander-umgehen\/","name":"Kartenset: Wertsch\u00e4tzend kommunizieren - achtsam miteinander umgehen - Conex-Shop","isPartOf":{"@id":"https:\/\/conexbooks.de\/a\/shop\/#website"},"primaryImageOfPage":{"@id":"https:\/\/conexbooks.de\/a\/shop\/produkt\/kartenset-wertschaetzend-kommunizieren-achtsam-miteinander-umgehen\/#primaryimage"},"image":{"@id":"https:\/\/conexbooks.de\/a\/shop\/produkt\/kartenset-wertschaetzend-kommunizieren-achtsam-miteinander-umgehen\/#primaryimage"},"thumbnailUrl":"https:\/\/conexbooks.de\/a\/shop\/wp-content\/uploads\/2017\/11\/734.png","datePublished":"2017-11-26T21:57:50+00:00","dateModified":"2025-03-22T11:59:57+00:00","breadcrumb":{"@id":"https:\/\/conexbooks.de\/a\/shop\/produkt\/kartenset-wertschaetzend-kommunizieren-achtsam-miteinander-umgehen\/#breadcrumb"},"inLanguage":"de","potentialAction":[{"@type":"ReadAction","target":["https:\/\/conexbooks.de\/a\/shop\/produkt\/kartenset-wertschaetzend-kommunizieren-achtsam-miteinander-umgehen\/"]}]},{"@type":"ImageObject","inLanguage":"de","@id":"https:\/\/conexbooks.de\/a\/shop\/produkt\/kartenset-wertschaetzend-kommunizieren-achtsam-miteinander-umgehen\/#primaryimage","url":"https:\/\/conexbooks.de\/a\/shop\/wp-content\/uploads\/2017\/11\/734.png","contentUrl":"https:\/\/conexbooks.de\/a\/shop\/wp-content\/uploads\/2017\/11\/734.png","width":400,"height":400},{"@type":"BreadcrumbList","@id":"https:\/\/conexbooks.de\/a\/shop\/produkt\/kartenset-wertschaetzend-kommunizieren-achtsam-miteinander-umgehen\/#breadcrumb","itemListElement":[{"@type":"ListItem","position":1,"name":"Home","item":"https:\/\/conexbooks.de\/a\/shop\/"},{"@type":"ListItem","position":2,"name":"Shop","item":"https:\/\/conexbooks.de\/a\/shop\/shop\/"},{"@type":"ListItem","position":3,"name":"Kartenset: Wertsch\u00e4tzend kommunizieren &#8211; achtsam miteinander umgehen"}]},{"@type":"WebSite","@id":"https:\/\/conexbooks.de\/a\/shop\/#website","url":"https:\/\/conexbooks.de\/a\/shop\/","name":"Conex-Shop","description":"Alles f\u00fcr die gewaltfreie Kommunikation: B\u00fccher, Spiele. Handpuppen Seminarmaterial und Geschenke","publisher":{"@id":"https:\/\/conexbooks.de\/a\/shop\/#organization"},"potentialAction":[{"@type":"SearchAction","target":{"@type":"EntryPoint","urlTemplate":"https:\/\/conexbooks.de\/a\/shop\/?s={search_term_string}"},"query-input":{"@type":"PropertyValueSpecification","valueRequired":true,"valueName":"search_term_string"}}],"inLanguage":"de"},{"@type":"Organization","@id":"https:\/\/conexbooks.de\/a\/shop\/#organization","name":"Conex - books and more","url":"https:\/\/conexbooks.de\/a\/shop\/","logo":{"@type":"ImageObject","inLanguage":"de","@id":"https:\/\/conexbooks.de\/a\/shop\/#\/schema\/logo\/image\/","url":"https:\/\/conexbooks.de\/a\/shop\/wp-content\/uploads\/2017\/12\/co-logo.png","contentUrl":"https:\/\/conexbooks.de\/a\/shop\/wp-content\/uploads\/2017\/12\/co-logo.png","width":243,"height":122,"caption":"Conex - books and more"},"image":{"@id":"https:\/\/conexbooks.de\/a\/shop\/#\/schema\/logo\/image\/"}}]}},"_links":{"self":[{"href":"https:\/\/conexbooks.de\/a\/shop\/wp-json\/wp\/v2\/product\/1512","targetHints":{"allow":["GET"]}}],"collection":[{"href":"https:\/\/conexbooks.de\/a\/shop\/wp-json\/wp\/v2\/product"}],"about":[{"href":"https:\/\/conexbooks.de\/a\/shop\/wp-json\/wp\/v2\/types\/product"}],"wp:featuredmedia":[{"embeddable":true,"href":"https:\/\/conexbooks.de\/a\/shop\/wp-json\/wp\/v2\/media\/2005"}],"wp:attachment":[{"href":"https:\/\/conexbooks.de\/a\/shop\/wp-json\/wp\/v2\/media?parent=1512"}],"wp:term":[{"taxonomy":"product_brand","embeddable":true,"href":"https:\/\/conexbooks.de\/a\/shop\/wp-json\/wp\/v2\/product_brand?post=1512"},{"taxonomy":"product_cat","embeddable":true,"href":"https:\/\/conexbooks.de\/a\/shop\/wp-json\/wp\/v2\/product_cat?post=1512"},{"taxonomy":"product_tag","embeddable":true,"href":"https:\/\/conexbooks.de\/a\/shop\/wp-json\/wp\/v2\/product_tag?post=1512"}],"curies":[{"name":"wp","href":"https:\/\/api.w.org\/{rel}","templated":true}]}}