{"id":17483,"date":"2020-11-23T20:47:51","date_gmt":"2020-11-23T19:47:51","guid":{"rendered":"https:\/\/conexbooks.de\/a\/shop\/?post_type=product&#038;p=17483"},"modified":"2025-08-22T23:03:06","modified_gmt":"2025-08-22T21:03:06","slug":"was-brauchst-du-von-h-grubhofer-s-eder","status":"publish","type":"product","link":"https:\/\/conexbooks.de\/a\/shop\/produkt\/was-brauchst-du-von-h-grubhofer-s-eder\/","title":{"rendered":"Was brauchst du? von H. Grubhofer, S. Eder"},"content":{"rendered":"<h2>Was brauchst du?<\/h2>\n<h4>Mit der Giraffensprache und Gewaltfreier Kommunikation Konflikte kindgerecht l\u00f6sen<\/h4>\n<p>von Hanna Grubhofer, Sigrun Eder, Barbara Weingartshofer<\/p>\n<p>Emil Erdm\u00e4nnchen m\u00f6chte mit seiner Familie und seiner Freundin Carla Cham\u00e4leon einen Ausflug zum himmlisch duftenden Beerenstrauch machen. Doch Carla Cham\u00e4leon hat keine Lust, und Emil Erdm\u00e4nnchen versteht nicht, wieso. Bevor es zum Streit kommt, taucht Gino Giraffe auf. Was f\u00fcr ein Gl\u00fcck! Gino Giraffe erkl\u00e4rt Emil Erdm\u00e4nnchen und Carla Cham\u00e4leon ihre Bed\u00fcrfnisse. Auch Mia Maus, Balduin B\u00e4r, Pedro Pfau, Martha Maulwurf und einige andere Tierkinder kommen sich mit dem, was sie brauchen, in die Quere. Gino Giraffe ist immer zur Stelle und zeigt ihnen, was genau f\u00fcr sie im Moment wichtig ist.<\/p>\n<p>Das fr\u00f6hlich illustrierte Bilder-Erz\u00e4hlbuch \u201eWas brauchst du?\u201c im handlichen A5-Format unterst\u00fctzt Kinder dabei, Gef\u00fchle und Bed\u00fcrfnisse zu erkennen, um f\u00fcr jeden eine passende L\u00f6sung zu finden. Die Gewaltfreie Kommunikation (GFK) hilft dabei, Konflikte zu l\u00f6sen. Zahlreiche, auf gut beschreibbarem Papier gedruckte Mit-Mach-Seiten zum Malen, Aufschreiben und Reden im Anschluss an die Geschichte bef\u00e4higen junge LeserInnen dazu, sich selbst und andere besser zu verstehen. Als Bonus-Material gibt es die Tiere und ihre Bed\u00fcrfnisse zum Ausmalen und Ausschneiden. Auf Karton geklebt k\u00f6nnen Kinder so ihre eigenen Bed\u00fcrfnisk\u00e4rtchen basteln und L\u00f6sungen f\u00fcr Konflikte finden. F\u00fcr Kinder ab dem Grundschulalter. Zum Zweitsprachunterricht mit Schwerpunkt auf Gewaltfreie Kommunikation geeignet, da in sehr einfacher Sprache geschrieben.<\/p>\n<p>Mag. Hanna Grubhofer ist Mutter von sieben Kindern, Psychologin, Trainerin f\u00fcr Gewaltfreie Kommunikation, Mediatorin, Familiencoach und Autorin. Bei der edition riedenburg hat sie bereits die Erwachsenen-Ratgeber &#8222;Zauberbuch Familienfrieden&#8220; und &#8222;Zauberbuch Familienfrieden konkret&#8220; ver\u00f6ffentlicht. www.hannagrubhofer.at<\/p>\n<div id='1' class='widgets_on_page wop_tiny1  wop_small1  wop_medium1  wop_large1  wop_wide1'>\n\t\t\t<ul><li id=\"custom_html-4\" class=\"widget_text widget widget_custom_html\"><div class=\"textwidget custom-html-widget\"><div style=\"text-align:left;\">\r\n<button class = \"button\" style=\"height: 30px; font-size: 0.8em;\" name=\"zuruck\" type=\"button\" onclick=\"history.back()\">Zur\u00fcck zur \u00dcbersicht<\/button><\/div><\/div><\/li><\/ul><\/div><!-- widgets_on_page -->\n","protected":false},"excerpt":{"rendered":"<h4>Mit der Giraffensprache und Gewaltfreier Kommunikation Konflikte kindgerecht l\u00f6sen<\/h4>\n<p><a href=\"https:\/\/www.thalia.de\/shop\/home\/mehr-von-suche\/ANY\/ssermv\/suche.html?mehrVon=SOWAS!\">SOWAS! Band 20 <\/a><\/p>\n<p>edition riedenburg;\u00a0 www.editionriedenburg.at<br \/>\n1. Auflage 2019; 80 Seiten; Format: 21x 15 cm, Paperback<\/p>\n","protected":false},"featured_media":17484,"template":"","meta":[],"product_brand":[],"product_cat":[38,36,56,44,41],"product_tag":[247,248,246,111],"class_list":{"0":"post-17483","1":"product","2":"type-product","3":"status-publish","4":"has-post-thumbnail","6":"product_cat-beziehung-familie","7":"product_cat-deutsche-buecher","8":"product_cat-geschenke","9":"product_cat-konflikte","10":"product_cat-schule-kita","11":"product_tag-ausmalen","12":"product_tag-bilder-buch","13":"product_tag-familien-konflikte-loesen","14":"product_tag-kinder","16":"first","17":"outofstock","18":"shipping-taxable","19":"purchasable","20":"product-type-simple"},"yoast_head":"<!-- This site is optimized with the Yoast SEO plugin v27.3 - https:\/\/yoast.com\/product\/yoast-seo-wordpress\/ -->\n<title>Was brauchst du? von H. Grubhofer, S. Eder - Conex-Shop<\/title>\n<meta name=\"robots\" content=\"index, follow, max-snippet:-1, max-image-preview:large, max-video-preview:-1\" \/>\n<link rel=\"canonical\" href=\"https:\/\/conexbooks.de\/a\/shop\/produkt\/was-brauchst-du-von-h-grubhofer-s-eder\/\" \/>\n<meta property=\"og:locale\" content=\"de_DE\" \/>\n<meta property=\"og:type\" content=\"article\" \/>\n<meta property=\"og:title\" content=\"Was brauchst du? von H. Grubhofer, S. Eder - Conex-Shop\" \/>\n<meta property=\"og:description\" content=\"Mit der Giraffensprache und Gewaltfreier Kommunikation Konflikte kindgerecht l\u00f6sen SOWAS! Band 20   edition riedenburg;\u00a0 www.editionriedenburg.at 1. Auflage 2019; 80 Seiten; Format: 21x 15 cm, Paperback\" \/>\n<meta property=\"og:url\" content=\"https:\/\/conexbooks.de\/a\/shop\/produkt\/was-brauchst-du-von-h-grubhofer-s-eder\/\" \/>\n<meta property=\"og:site_name\" content=\"Conex-Shop\" \/>\n<meta property=\"article:modified_time\" content=\"2025-08-22T21:03:06+00:00\" \/>\n<meta property=\"og:image\" content=\"https:\/\/conexbooks.de\/a\/shop\/wp-content\/uploads\/2020\/11\/026.png\" \/>\n\t<meta property=\"og:image:width\" content=\"400\" \/>\n\t<meta property=\"og:image:height\" content=\"286\" \/>\n\t<meta property=\"og:image:type\" content=\"image\/png\" \/>\n<meta name=\"twitter:card\" content=\"summary_large_image\" \/>\n<meta name=\"twitter:label1\" content=\"Gesch\u00e4tzte Lesezeit\" \/>\n\t<meta name=\"twitter:data1\" content=\"1\u00a0Minute\" \/>\n<script type=\"application\/ld+json\" class=\"yoast-schema-graph\">{\"@context\":\"https:\\\/\\\/schema.org\",\"@graph\":[{\"@type\":\"WebPage\",\"@id\":\"https:\\\/\\\/conexbooks.de\\\/a\\\/shop\\\/produkt\\\/was-brauchst-du-von-h-grubhofer-s-eder\\\/\",\"url\":\"https:\\\/\\\/conexbooks.de\\\/a\\\/shop\\\/produkt\\\/was-brauchst-du-von-h-grubhofer-s-eder\\\/\",\"name\":\"Was brauchst du? von H. Grubhofer, S. Eder - Conex-Shop\",\"isPartOf\":{\"@id\":\"https:\\\/\\\/conexbooks.de\\\/a\\\/shop\\\/#website\"},\"primaryImageOfPage\":{\"@id\":\"https:\\\/\\\/conexbooks.de\\\/a\\\/shop\\\/produkt\\\/was-brauchst-du-von-h-grubhofer-s-eder\\\/#primaryimage\"},\"image\":{\"@id\":\"https:\\\/\\\/conexbooks.de\\\/a\\\/shop\\\/produkt\\\/was-brauchst-du-von-h-grubhofer-s-eder\\\/#primaryimage\"},\"thumbnailUrl\":\"https:\\\/\\\/conexbooks.de\\\/a\\\/shop\\\/wp-content\\\/uploads\\\/2020\\\/11\\\/026.png\",\"datePublished\":\"2020-11-23T19:47:51+00:00\",\"dateModified\":\"2025-08-22T21:03:06+00:00\",\"breadcrumb\":{\"@id\":\"https:\\\/\\\/conexbooks.de\\\/a\\\/shop\\\/produkt\\\/was-brauchst-du-von-h-grubhofer-s-eder\\\/#breadcrumb\"},\"inLanguage\":\"de\",\"potentialAction\":[{\"@type\":\"ReadAction\",\"target\":[\"https:\\\/\\\/conexbooks.de\\\/a\\\/shop\\\/produkt\\\/was-brauchst-du-von-h-grubhofer-s-eder\\\/\"]}]},{\"@type\":\"ImageObject\",\"inLanguage\":\"de\",\"@id\":\"https:\\\/\\\/conexbooks.de\\\/a\\\/shop\\\/produkt\\\/was-brauchst-du-von-h-grubhofer-s-eder\\\/#primaryimage\",\"url\":\"https:\\\/\\\/conexbooks.de\\\/a\\\/shop\\\/wp-content\\\/uploads\\\/2020\\\/11\\\/026.png\",\"contentUrl\":\"https:\\\/\\\/conexbooks.de\\\/a\\\/shop\\\/wp-content\\\/uploads\\\/2020\\\/11\\\/026.png\",\"width\":400,\"height\":286},{\"@type\":\"BreadcrumbList\",\"@id\":\"https:\\\/\\\/conexbooks.de\\\/a\\\/shop\\\/produkt\\\/was-brauchst-du-von-h-grubhofer-s-eder\\\/#breadcrumb\",\"itemListElement\":[{\"@type\":\"ListItem\",\"position\":1,\"name\":\"Home\",\"item\":\"https:\\\/\\\/conexbooks.de\\\/a\\\/shop\\\/\"},{\"@type\":\"ListItem\",\"position\":2,\"name\":\"Shop\",\"item\":\"https:\\\/\\\/conexbooks.de\\\/a\\\/shop\\\/shop\\\/\"},{\"@type\":\"ListItem\",\"position\":3,\"name\":\"Was brauchst du? von H. Grubhofer, S. Eder\"}]},{\"@type\":\"WebSite\",\"@id\":\"https:\\\/\\\/conexbooks.de\\\/a\\\/shop\\\/#website\",\"url\":\"https:\\\/\\\/conexbooks.de\\\/a\\\/shop\\\/\",\"name\":\"Conex-Shop\",\"description\":\"Alles f\u00fcr die gewaltfreie Kommunikation: B\u00fccher, Spiele. Handpuppen Seminarmaterial und Geschenke\",\"publisher\":{\"@id\":\"https:\\\/\\\/conexbooks.de\\\/a\\\/shop\\\/#organization\"},\"potentialAction\":[{\"@type\":\"SearchAction\",\"target\":{\"@type\":\"EntryPoint\",\"urlTemplate\":\"https:\\\/\\\/conexbooks.de\\\/a\\\/shop\\\/?s={search_term_string}\"},\"query-input\":{\"@type\":\"PropertyValueSpecification\",\"valueRequired\":true,\"valueName\":\"search_term_string\"}}],\"inLanguage\":\"de\"},{\"@type\":\"Organization\",\"@id\":\"https:\\\/\\\/conexbooks.de\\\/a\\\/shop\\\/#organization\",\"name\":\"Conex - books and more\",\"url\":\"https:\\\/\\\/conexbooks.de\\\/a\\\/shop\\\/\",\"logo\":{\"@type\":\"ImageObject\",\"inLanguage\":\"de\",\"@id\":\"https:\\\/\\\/conexbooks.de\\\/a\\\/shop\\\/#\\\/schema\\\/logo\\\/image\\\/\",\"url\":\"https:\\\/\\\/conexbooks.de\\\/a\\\/shop\\\/wp-content\\\/uploads\\\/2017\\\/12\\\/co-logo.png\",\"contentUrl\":\"https:\\\/\\\/conexbooks.de\\\/a\\\/shop\\\/wp-content\\\/uploads\\\/2017\\\/12\\\/co-logo.png\",\"width\":243,\"height\":122,\"caption\":\"Conex - books and more\"},\"image\":{\"@id\":\"https:\\\/\\\/conexbooks.de\\\/a\\\/shop\\\/#\\\/schema\\\/logo\\\/image\\\/\"}}]}<\/script>\n<!-- \/ Yoast SEO plugin. -->","yoast_head_json":{"title":"Was brauchst du? von H. Grubhofer, S. Eder - Conex-Shop","robots":{"index":"index","follow":"follow","max-snippet":"max-snippet:-1","max-image-preview":"max-image-preview:large","max-video-preview":"max-video-preview:-1"},"canonical":"https:\/\/conexbooks.de\/a\/shop\/produkt\/was-brauchst-du-von-h-grubhofer-s-eder\/","og_locale":"de_DE","og_type":"article","og_title":"Was brauchst du? von H. Grubhofer, S. Eder - Conex-Shop","og_description":"Mit der Giraffensprache und Gewaltfreier Kommunikation Konflikte kindgerecht l\u00f6sen SOWAS! Band 20   edition riedenburg;\u00a0 www.editionriedenburg.at 1. Auflage 2019; 80 Seiten; Format: 21x 15 cm, Paperback","og_url":"https:\/\/conexbooks.de\/a\/shop\/produkt\/was-brauchst-du-von-h-grubhofer-s-eder\/","og_site_name":"Conex-Shop","article_modified_time":"2025-08-22T21:03:06+00:00","og_image":[{"width":400,"height":286,"url":"https:\/\/conexbooks.de\/a\/shop\/wp-content\/uploads\/2020\/11\/026.png","type":"image\/png"}],"twitter_card":"summary_large_image","twitter_misc":{"Gesch\u00e4tzte Lesezeit":"1\u00a0Minute"},"schema":{"@context":"https:\/\/schema.org","@graph":[{"@type":"WebPage","@id":"https:\/\/conexbooks.de\/a\/shop\/produkt\/was-brauchst-du-von-h-grubhofer-s-eder\/","url":"https:\/\/conexbooks.de\/a\/shop\/produkt\/was-brauchst-du-von-h-grubhofer-s-eder\/","name":"Was brauchst du? von H. Grubhofer, S. Eder - Conex-Shop","isPartOf":{"@id":"https:\/\/conexbooks.de\/a\/shop\/#website"},"primaryImageOfPage":{"@id":"https:\/\/conexbooks.de\/a\/shop\/produkt\/was-brauchst-du-von-h-grubhofer-s-eder\/#primaryimage"},"image":{"@id":"https:\/\/conexbooks.de\/a\/shop\/produkt\/was-brauchst-du-von-h-grubhofer-s-eder\/#primaryimage"},"thumbnailUrl":"https:\/\/conexbooks.de\/a\/shop\/wp-content\/uploads\/2020\/11\/026.png","datePublished":"2020-11-23T19:47:51+00:00","dateModified":"2025-08-22T21:03:06+00:00","breadcrumb":{"@id":"https:\/\/conexbooks.de\/a\/shop\/produkt\/was-brauchst-du-von-h-grubhofer-s-eder\/#breadcrumb"},"inLanguage":"de","potentialAction":[{"@type":"ReadAction","target":["https:\/\/conexbooks.de\/a\/shop\/produkt\/was-brauchst-du-von-h-grubhofer-s-eder\/"]}]},{"@type":"ImageObject","inLanguage":"de","@id":"https:\/\/conexbooks.de\/a\/shop\/produkt\/was-brauchst-du-von-h-grubhofer-s-eder\/#primaryimage","url":"https:\/\/conexbooks.de\/a\/shop\/wp-content\/uploads\/2020\/11\/026.png","contentUrl":"https:\/\/conexbooks.de\/a\/shop\/wp-content\/uploads\/2020\/11\/026.png","width":400,"height":286},{"@type":"BreadcrumbList","@id":"https:\/\/conexbooks.de\/a\/shop\/produkt\/was-brauchst-du-von-h-grubhofer-s-eder\/#breadcrumb","itemListElement":[{"@type":"ListItem","position":1,"name":"Home","item":"https:\/\/conexbooks.de\/a\/shop\/"},{"@type":"ListItem","position":2,"name":"Shop","item":"https:\/\/conexbooks.de\/a\/shop\/shop\/"},{"@type":"ListItem","position":3,"name":"Was brauchst du? von H. Grubhofer, S. Eder"}]},{"@type":"WebSite","@id":"https:\/\/conexbooks.de\/a\/shop\/#website","url":"https:\/\/conexbooks.de\/a\/shop\/","name":"Conex-Shop","description":"Alles f\u00fcr die gewaltfreie Kommunikation: B\u00fccher, Spiele. Handpuppen Seminarmaterial und Geschenke","publisher":{"@id":"https:\/\/conexbooks.de\/a\/shop\/#organization"},"potentialAction":[{"@type":"SearchAction","target":{"@type":"EntryPoint","urlTemplate":"https:\/\/conexbooks.de\/a\/shop\/?s={search_term_string}"},"query-input":{"@type":"PropertyValueSpecification","valueRequired":true,"valueName":"search_term_string"}}],"inLanguage":"de"},{"@type":"Organization","@id":"https:\/\/conexbooks.de\/a\/shop\/#organization","name":"Conex - books and more","url":"https:\/\/conexbooks.de\/a\/shop\/","logo":{"@type":"ImageObject","inLanguage":"de","@id":"https:\/\/conexbooks.de\/a\/shop\/#\/schema\/logo\/image\/","url":"https:\/\/conexbooks.de\/a\/shop\/wp-content\/uploads\/2017\/12\/co-logo.png","contentUrl":"https:\/\/conexbooks.de\/a\/shop\/wp-content\/uploads\/2017\/12\/co-logo.png","width":243,"height":122,"caption":"Conex - books and more"},"image":{"@id":"https:\/\/conexbooks.de\/a\/shop\/#\/schema\/logo\/image\/"}}]}},"_links":{"self":[{"href":"https:\/\/conexbooks.de\/a\/shop\/wp-json\/wp\/v2\/product\/17483","targetHints":{"allow":["GET"]}}],"collection":[{"href":"https:\/\/conexbooks.de\/a\/shop\/wp-json\/wp\/v2\/product"}],"about":[{"href":"https:\/\/conexbooks.de\/a\/shop\/wp-json\/wp\/v2\/types\/product"}],"wp:featuredmedia":[{"embeddable":true,"href":"https:\/\/conexbooks.de\/a\/shop\/wp-json\/wp\/v2\/media\/17484"}],"wp:attachment":[{"href":"https:\/\/conexbooks.de\/a\/shop\/wp-json\/wp\/v2\/media?parent=17483"}],"wp:term":[{"taxonomy":"product_brand","embeddable":true,"href":"https:\/\/conexbooks.de\/a\/shop\/wp-json\/wp\/v2\/product_brand?post=17483"},{"taxonomy":"product_cat","embeddable":true,"href":"https:\/\/conexbooks.de\/a\/shop\/wp-json\/wp\/v2\/product_cat?post=17483"},{"taxonomy":"product_tag","embeddable":true,"href":"https:\/\/conexbooks.de\/a\/shop\/wp-json\/wp\/v2\/product_tag?post=17483"}],"curies":[{"name":"wp","href":"https:\/\/api.w.org\/{rel}","templated":true}]}}