{"id":18653,"date":"2022-04-29T11:08:11","date_gmt":"2022-04-29T09:08:11","guid":{"rendered":"https:\/\/conexbooks.de\/a\/shop\/?post_type=product&#038;p=18653"},"modified":"2026-03-07T22:08:21","modified_gmt":"2026-03-07T21:08:21","slug":"die-50-besten-spiele-fuer-gewaltfreie-kommunikation-klasse-1-4","status":"publish","type":"product","link":"https:\/\/conexbooks.de\/a\/shop\/produkt\/die-50-besten-spiele-fuer-gewaltfreie-kommunikation-klasse-1-4\/","title":{"rendered":"Die 50 besten Spiele f\u00fcr Gewaltfreie Kommunikation. Klasse 1-4"},"content":{"rendered":"<h2 class=\"page-title\">Die 50 besten Spiele f\u00fcr Gewaltfreie Kommunikation. Klasse 1-4<\/h2>\n<h4>von Karin Kastyra<\/h4>\n<h4 class=\"mb-4\">Empathie &amp; Konfliktl\u00f6sung: Gruppenspiele f\u00fcr das Sozialtraining in der Grundschule.<\/h4>\n<p>Verst\u00e4ndnisvoll, freundlich und gewaltfrei miteinander umgehen: Das ist f\u00fcr Kinder eine gro\u00dfe Herausforderung und ben\u00f6tigt vile \u00dcbung. Mitb diesen 50 Spielen k\u00f6nnen P\u00e4dagog:innen die sozialen Kompetenzen der Kinder spielrisch schulen.<\/p>\n<p>Alterstufe : 6 &#8211; 10 Jahre<\/p>\n<p>* Spiele zu Selbstkl\u00e4rung, Selbstausdruck und Empathie<br \/>\n* Spiele zu Beobachtung und Wahrnehmung<br \/>\n* Spiel zu Gef\u00fchlen<br \/>\n* Spiele zu Bed\u00fcrfnissen<br \/>\n* Spiele zu Bitte, Dank und R\u00fcckmeldung<\/p>\n<h4 class=\"mb-4\">Don Bosco Minispielothek f\u00fcr Kinder von 6 bis 10 Jahren.<\/h4>\n<div id='1' class='widgets_on_page wop_tiny1  wop_small1  wop_medium1  wop_large1  wop_wide1'>\n\t\t\t<ul><li id=\"custom_html-4\" class=\"widget_text widget widget_custom_html\"><div class=\"textwidget custom-html-widget\"><div style=\"text-align:left;\">\r\n<button class = \"button\" style=\"height: 30px; font-size: 0.8em;\" name=\"zuruck\" type=\"button\" onclick=\"history.back()\">Zur\u00fcck zur \u00dcbersicht<\/button><\/div><\/div><\/li><\/ul><\/div><!-- widgets_on_page -->\n","protected":false},"excerpt":{"rendered":"<h3>Karin Kostyra<\/h3>\n<p class=\"mb-4\">50 Spiele f\u00fcr 100% Wertsch\u00e4tzung<\/p>\n<p class=\"mb-4\">Buch<\/p>\n<p>Don-Bosco Medien GmbHVerlag (Erschienen am 17.12.2021)<br \/>\n96 Seiten, kartoniert, Format: 15,5 x 10,4 cm<\/p>\n","protected":false},"featured_media":18654,"template":"","meta":[],"product_brand":[],"product_cat":[482,36,53,41,46],"product_tag":[427,190,432,426,429,430,428,94,431],"class_list":{"0":"post-18653","1":"product","2":"type-product","3":"status-publish","4":"has-post-thumbnail","6":"product_cat-buecher","7":"product_cat-deutsche-buecher","8":"product_cat-neu","9":"product_cat-schule-kita","10":"product_cat-spiele","11":"product_tag-eskalation","12":"product_tag-gfk-und-mediation","13":"product_tag-gruppen-und-teams","14":"product_tag-loesungsfindung","15":"product_tag-mediationsbeispiele","16":"product_tag-mediationsmethoden","17":"product_tag-methodenwechsel","18":"product_tag-team","19":"product_tag-visualisierung","21":"first","22":"instock","23":"shipping-taxable","24":"purchasable","25":"product-type-simple"},"yoast_head":"<!-- This site is optimized with the Yoast SEO plugin v27.4 - https:\/\/yoast.com\/product\/yoast-seo-wordpress\/ -->\n<title>Die 50 besten Spiele f\u00fcr Gewaltfreie Kommunikation. Klasse 1-4 - Conex-Shop<\/title>\n<meta name=\"robots\" content=\"index, follow, max-snippet:-1, max-image-preview:large, max-video-preview:-1\" \/>\n<link rel=\"canonical\" href=\"https:\/\/conexbooks.de\/a\/shop\/produkt\/die-50-besten-spiele-fuer-gewaltfreie-kommunikation-klasse-1-4\/\" \/>\n<meta property=\"og:locale\" content=\"de_DE\" \/>\n<meta property=\"og:type\" content=\"article\" \/>\n<meta property=\"og:title\" content=\"Die 50 besten Spiele f\u00fcr Gewaltfreie Kommunikation. Klasse 1-4 - Conex-Shop\" \/>\n<meta property=\"og:description\" content=\"Karin Kostyra 50 Spiele f\u00fcr 100% Wertsch\u00e4tzung Buch Don-Bosco Medien GmbHVerlag (Erschienen am 17.12.2021) 96 Seiten, kartoniert, Format: 15,5 x 10,4 cm\" \/>\n<meta property=\"og:url\" content=\"https:\/\/conexbooks.de\/a\/shop\/produkt\/die-50-besten-spiele-fuer-gewaltfreie-kommunikation-klasse-1-4\/\" \/>\n<meta property=\"og:site_name\" content=\"Conex-Shop\" \/>\n<meta property=\"article:modified_time\" content=\"2026-03-07T21:08:21+00:00\" \/>\n<meta property=\"og:image\" content=\"https:\/\/conexbooks.de\/a\/shop\/wp-content\/uploads\/2022\/04\/700.png\" \/>\n\t<meta property=\"og:image:width\" content=\"263\" \/>\n\t<meta property=\"og:image:height\" content=\"400\" \/>\n\t<meta property=\"og:image:type\" content=\"image\/png\" \/>\n<meta name=\"twitter:card\" content=\"summary_large_image\" \/>\n<meta name=\"twitter:label1\" content=\"Gesch\u00e4tzte Lesezeit\" \/>\n\t<meta name=\"twitter:data1\" content=\"1\u00a0Minute\" \/>\n<script type=\"application\/ld+json\" class=\"yoast-schema-graph\">{\"@context\":\"https:\\\/\\\/schema.org\",\"@graph\":[{\"@type\":\"WebPage\",\"@id\":\"https:\\\/\\\/conexbooks.de\\\/a\\\/shop\\\/produkt\\\/die-50-besten-spiele-fuer-gewaltfreie-kommunikation-klasse-1-4\\\/\",\"url\":\"https:\\\/\\\/conexbooks.de\\\/a\\\/shop\\\/produkt\\\/die-50-besten-spiele-fuer-gewaltfreie-kommunikation-klasse-1-4\\\/\",\"name\":\"Die 50 besten Spiele f\u00fcr Gewaltfreie Kommunikation. Klasse 1-4 - Conex-Shop\",\"isPartOf\":{\"@id\":\"https:\\\/\\\/conexbooks.de\\\/a\\\/shop\\\/#website\"},\"primaryImageOfPage\":{\"@id\":\"https:\\\/\\\/conexbooks.de\\\/a\\\/shop\\\/produkt\\\/die-50-besten-spiele-fuer-gewaltfreie-kommunikation-klasse-1-4\\\/#primaryimage\"},\"image\":{\"@id\":\"https:\\\/\\\/conexbooks.de\\\/a\\\/shop\\\/produkt\\\/die-50-besten-spiele-fuer-gewaltfreie-kommunikation-klasse-1-4\\\/#primaryimage\"},\"thumbnailUrl\":\"https:\\\/\\\/conexbooks.de\\\/a\\\/shop\\\/wp-content\\\/uploads\\\/2022\\\/04\\\/700.png\",\"datePublished\":\"2022-04-29T09:08:11+00:00\",\"dateModified\":\"2026-03-07T21:08:21+00:00\",\"breadcrumb\":{\"@id\":\"https:\\\/\\\/conexbooks.de\\\/a\\\/shop\\\/produkt\\\/die-50-besten-spiele-fuer-gewaltfreie-kommunikation-klasse-1-4\\\/#breadcrumb\"},\"inLanguage\":\"de\",\"potentialAction\":[{\"@type\":\"ReadAction\",\"target\":[\"https:\\\/\\\/conexbooks.de\\\/a\\\/shop\\\/produkt\\\/die-50-besten-spiele-fuer-gewaltfreie-kommunikation-klasse-1-4\\\/\"]}]},{\"@type\":\"ImageObject\",\"inLanguage\":\"de\",\"@id\":\"https:\\\/\\\/conexbooks.de\\\/a\\\/shop\\\/produkt\\\/die-50-besten-spiele-fuer-gewaltfreie-kommunikation-klasse-1-4\\\/#primaryimage\",\"url\":\"https:\\\/\\\/conexbooks.de\\\/a\\\/shop\\\/wp-content\\\/uploads\\\/2022\\\/04\\\/700.png\",\"contentUrl\":\"https:\\\/\\\/conexbooks.de\\\/a\\\/shop\\\/wp-content\\\/uploads\\\/2022\\\/04\\\/700.png\",\"width\":263,\"height\":400},{\"@type\":\"BreadcrumbList\",\"@id\":\"https:\\\/\\\/conexbooks.de\\\/a\\\/shop\\\/produkt\\\/die-50-besten-spiele-fuer-gewaltfreie-kommunikation-klasse-1-4\\\/#breadcrumb\",\"itemListElement\":[{\"@type\":\"ListItem\",\"position\":1,\"name\":\"Home\",\"item\":\"https:\\\/\\\/conexbooks.de\\\/a\\\/shop\\\/\"},{\"@type\":\"ListItem\",\"position\":2,\"name\":\"Shop\",\"item\":\"https:\\\/\\\/conexbooks.de\\\/a\\\/shop\\\/shop\\\/\"},{\"@type\":\"ListItem\",\"position\":3,\"name\":\"Die 50 besten Spiele f\u00fcr Gewaltfreie Kommunikation. Klasse 1-4\"}]},{\"@type\":\"WebSite\",\"@id\":\"https:\\\/\\\/conexbooks.de\\\/a\\\/shop\\\/#website\",\"url\":\"https:\\\/\\\/conexbooks.de\\\/a\\\/shop\\\/\",\"name\":\"Conex-Shop\",\"description\":\"Alles f\u00fcr die gewaltfreie Kommunikation: B\u00fccher, Spiele. Handpuppen Seminarmaterial und Geschenke\",\"publisher\":{\"@id\":\"https:\\\/\\\/conexbooks.de\\\/a\\\/shop\\\/#organization\"},\"potentialAction\":[{\"@type\":\"SearchAction\",\"target\":{\"@type\":\"EntryPoint\",\"urlTemplate\":\"https:\\\/\\\/conexbooks.de\\\/a\\\/shop\\\/?s={search_term_string}\"},\"query-input\":{\"@type\":\"PropertyValueSpecification\",\"valueRequired\":true,\"valueName\":\"search_term_string\"}}],\"inLanguage\":\"de\"},{\"@type\":\"Organization\",\"@id\":\"https:\\\/\\\/conexbooks.de\\\/a\\\/shop\\\/#organization\",\"name\":\"Conex - books and more\",\"url\":\"https:\\\/\\\/conexbooks.de\\\/a\\\/shop\\\/\",\"logo\":{\"@type\":\"ImageObject\",\"inLanguage\":\"de\",\"@id\":\"https:\\\/\\\/conexbooks.de\\\/a\\\/shop\\\/#\\\/schema\\\/logo\\\/image\\\/\",\"url\":\"https:\\\/\\\/conexbooks.de\\\/a\\\/shop\\\/wp-content\\\/uploads\\\/2017\\\/12\\\/co-logo.png\",\"contentUrl\":\"https:\\\/\\\/conexbooks.de\\\/a\\\/shop\\\/wp-content\\\/uploads\\\/2017\\\/12\\\/co-logo.png\",\"width\":243,\"height\":122,\"caption\":\"Conex - books and more\"},\"image\":{\"@id\":\"https:\\\/\\\/conexbooks.de\\\/a\\\/shop\\\/#\\\/schema\\\/logo\\\/image\\\/\"}}]}<\/script>\n<!-- \/ Yoast SEO plugin. -->","yoast_head_json":{"title":"Die 50 besten Spiele f\u00fcr Gewaltfreie Kommunikation. Klasse 1-4 - Conex-Shop","robots":{"index":"index","follow":"follow","max-snippet":"max-snippet:-1","max-image-preview":"max-image-preview:large","max-video-preview":"max-video-preview:-1"},"canonical":"https:\/\/conexbooks.de\/a\/shop\/produkt\/die-50-besten-spiele-fuer-gewaltfreie-kommunikation-klasse-1-4\/","og_locale":"de_DE","og_type":"article","og_title":"Die 50 besten Spiele f\u00fcr Gewaltfreie Kommunikation. Klasse 1-4 - Conex-Shop","og_description":"Karin Kostyra 50 Spiele f\u00fcr 100% Wertsch\u00e4tzung Buch Don-Bosco Medien GmbHVerlag (Erschienen am 17.12.2021) 96 Seiten, kartoniert, Format: 15,5 x 10,4 cm","og_url":"https:\/\/conexbooks.de\/a\/shop\/produkt\/die-50-besten-spiele-fuer-gewaltfreie-kommunikation-klasse-1-4\/","og_site_name":"Conex-Shop","article_modified_time":"2026-03-07T21:08:21+00:00","og_image":[{"width":263,"height":400,"url":"https:\/\/conexbooks.de\/a\/shop\/wp-content\/uploads\/2022\/04\/700.png","type":"image\/png"}],"twitter_card":"summary_large_image","twitter_misc":{"Gesch\u00e4tzte Lesezeit":"1\u00a0Minute"},"schema":{"@context":"https:\/\/schema.org","@graph":[{"@type":"WebPage","@id":"https:\/\/conexbooks.de\/a\/shop\/produkt\/die-50-besten-spiele-fuer-gewaltfreie-kommunikation-klasse-1-4\/","url":"https:\/\/conexbooks.de\/a\/shop\/produkt\/die-50-besten-spiele-fuer-gewaltfreie-kommunikation-klasse-1-4\/","name":"Die 50 besten Spiele f\u00fcr Gewaltfreie Kommunikation. Klasse 1-4 - Conex-Shop","isPartOf":{"@id":"https:\/\/conexbooks.de\/a\/shop\/#website"},"primaryImageOfPage":{"@id":"https:\/\/conexbooks.de\/a\/shop\/produkt\/die-50-besten-spiele-fuer-gewaltfreie-kommunikation-klasse-1-4\/#primaryimage"},"image":{"@id":"https:\/\/conexbooks.de\/a\/shop\/produkt\/die-50-besten-spiele-fuer-gewaltfreie-kommunikation-klasse-1-4\/#primaryimage"},"thumbnailUrl":"https:\/\/conexbooks.de\/a\/shop\/wp-content\/uploads\/2022\/04\/700.png","datePublished":"2022-04-29T09:08:11+00:00","dateModified":"2026-03-07T21:08:21+00:00","breadcrumb":{"@id":"https:\/\/conexbooks.de\/a\/shop\/produkt\/die-50-besten-spiele-fuer-gewaltfreie-kommunikation-klasse-1-4\/#breadcrumb"},"inLanguage":"de","potentialAction":[{"@type":"ReadAction","target":["https:\/\/conexbooks.de\/a\/shop\/produkt\/die-50-besten-spiele-fuer-gewaltfreie-kommunikation-klasse-1-4\/"]}]},{"@type":"ImageObject","inLanguage":"de","@id":"https:\/\/conexbooks.de\/a\/shop\/produkt\/die-50-besten-spiele-fuer-gewaltfreie-kommunikation-klasse-1-4\/#primaryimage","url":"https:\/\/conexbooks.de\/a\/shop\/wp-content\/uploads\/2022\/04\/700.png","contentUrl":"https:\/\/conexbooks.de\/a\/shop\/wp-content\/uploads\/2022\/04\/700.png","width":263,"height":400},{"@type":"BreadcrumbList","@id":"https:\/\/conexbooks.de\/a\/shop\/produkt\/die-50-besten-spiele-fuer-gewaltfreie-kommunikation-klasse-1-4\/#breadcrumb","itemListElement":[{"@type":"ListItem","position":1,"name":"Home","item":"https:\/\/conexbooks.de\/a\/shop\/"},{"@type":"ListItem","position":2,"name":"Shop","item":"https:\/\/conexbooks.de\/a\/shop\/shop\/"},{"@type":"ListItem","position":3,"name":"Die 50 besten Spiele f\u00fcr Gewaltfreie Kommunikation. Klasse 1-4"}]},{"@type":"WebSite","@id":"https:\/\/conexbooks.de\/a\/shop\/#website","url":"https:\/\/conexbooks.de\/a\/shop\/","name":"Conex-Shop","description":"Alles f\u00fcr die gewaltfreie Kommunikation: B\u00fccher, Spiele. Handpuppen Seminarmaterial und Geschenke","publisher":{"@id":"https:\/\/conexbooks.de\/a\/shop\/#organization"},"potentialAction":[{"@type":"SearchAction","target":{"@type":"EntryPoint","urlTemplate":"https:\/\/conexbooks.de\/a\/shop\/?s={search_term_string}"},"query-input":{"@type":"PropertyValueSpecification","valueRequired":true,"valueName":"search_term_string"}}],"inLanguage":"de"},{"@type":"Organization","@id":"https:\/\/conexbooks.de\/a\/shop\/#organization","name":"Conex - books and more","url":"https:\/\/conexbooks.de\/a\/shop\/","logo":{"@type":"ImageObject","inLanguage":"de","@id":"https:\/\/conexbooks.de\/a\/shop\/#\/schema\/logo\/image\/","url":"https:\/\/conexbooks.de\/a\/shop\/wp-content\/uploads\/2017\/12\/co-logo.png","contentUrl":"https:\/\/conexbooks.de\/a\/shop\/wp-content\/uploads\/2017\/12\/co-logo.png","width":243,"height":122,"caption":"Conex - books and more"},"image":{"@id":"https:\/\/conexbooks.de\/a\/shop\/#\/schema\/logo\/image\/"}}]}},"_links":{"self":[{"href":"https:\/\/conexbooks.de\/a\/shop\/wp-json\/wp\/v2\/product\/18653","targetHints":{"allow":["GET"]}}],"collection":[{"href":"https:\/\/conexbooks.de\/a\/shop\/wp-json\/wp\/v2\/product"}],"about":[{"href":"https:\/\/conexbooks.de\/a\/shop\/wp-json\/wp\/v2\/types\/product"}],"wp:featuredmedia":[{"embeddable":true,"href":"https:\/\/conexbooks.de\/a\/shop\/wp-json\/wp\/v2\/media\/18654"}],"wp:attachment":[{"href":"https:\/\/conexbooks.de\/a\/shop\/wp-json\/wp\/v2\/media?parent=18653"}],"wp:term":[{"taxonomy":"product_brand","embeddable":true,"href":"https:\/\/conexbooks.de\/a\/shop\/wp-json\/wp\/v2\/product_brand?post=18653"},{"taxonomy":"product_cat","embeddable":true,"href":"https:\/\/conexbooks.de\/a\/shop\/wp-json\/wp\/v2\/product_cat?post=18653"},{"taxonomy":"product_tag","embeddable":true,"href":"https:\/\/conexbooks.de\/a\/shop\/wp-json\/wp\/v2\/product_tag?post=18653"}],"curies":[{"name":"wp","href":"https:\/\/api.w.org\/{rel}","templated":true}]}}