{"id":19652,"date":"2023-02-22T11:51:19","date_gmt":"2023-02-22T10:51:19","guid":{"rendered":"https:\/\/conexbooks.de\/a\/shop\/?post_type=product&#038;p=19652"},"modified":"2024-08-27T21:35:56","modified_gmt":"2024-08-27T19:35:56","slug":"dich-durch-mein-herz-sehen-arbeitsbuch","status":"publish","type":"product","link":"https:\/\/conexbooks.de\/a\/shop\/produkt\/dich-durch-mein-herz-sehen-arbeitsbuch\/","title":{"rendered":"Dich durch mein Herz sehen &#8211; Arbeitsbuch"},"content":{"rendered":"<h4>Dich durch mein Herz sehen &#8211; Arbeitsbuch<br \/>\nGewaltfreie Kommunikation f\u00fcr Eltern<\/h4>\n<div class=\"description\">\n<p><em>Das gro\u00dfe Arbeitsbuch zum Bestseller!<\/em><\/p>\n<p><i><q>Mit diesem Buch ist ein Werk entstanden, das ich selbst gern zur Hand gehabt h\u00e4tte, als ich Mutter wurde.<\/q> Hanna Brodersen<\/i><\/p>\n<p><i><q>Ein Buch, das wirkungsvoll in die innere Arbeit f\u00fchrt, auf intensiver Selbstauseinandersetzung basiert und dem es auf au\u00dfergew\u00f6hnlich zarte Weise gelingt, neue innere Ans\u00e4tze wachsen und eine liebevolle Haltung gedeihen zu lassen!<\/q> Ein Testleser<\/i><\/p>\n<p>Das umfangreiche A-4-Arbeitsbuch zum Bestseller <a href=\"https:\/\/tologo.de\/dich-durch-mein-herz-sehen\/\"><q>Dich durch mein Herz sehen<\/q><\/a> bietet die M\u00f6glichkeit, noch tiefgreifender und im eigenen Tempo in die Gewaltfreie Kommunikation einzutauchen und erf\u00fcllen die zahlreichen Bitten unserer Leser, nach weiteren \u00dcbungen.<\/p>\n<p>Mit der gro\u00dfen Sammlung an Aufgaben und Selbstreflexionen ist ein wirksames Werkzeug f\u00fcr alle Eltern entstanden, um sich in der Haltung der Gewaltfreien Kommunikation zu \u00fcben und eine einf\u00fchlsame Beziehung zu ihren Kindern aufzubauen.<\/p>\n<ul>\n<li>W\u00fcrdest du gern besser verstehen, auf welche Bed\u00fcrfnisse dein Kind mit seinem Verhalten aufmerksam macht \u2013 gerade dann, wenn seine Strategien besonders herausfordernd sind?<\/li>\n<li>Reagierst du in herausfordernden Situationen automatisch auf eine Weise, die du hinterher bedauerst und m\u00f6chtest dich in liebevolleren und stimmigeren Handlungsm\u00f6glichkeiten \u00fcben?<\/li>\n<li>Bist du dir noch unsicher, welche Werte du deinem Kind vorleben m\u00f6chtest? Wei\u00dft du manchmal nicht, wie du sie ohne Vorw\u00fcrfe und Erwartungsdruck anbieten kannst?<\/li>\n<li>M\u00f6chtest du lernen, dich den Gef\u00fchlen deines Kindes einf\u00fchlsam zu zuwenden und wie eure Verbindung auch in Konfliktsituationen Bestand haben kann?<\/li>\n<li>M\u00f6chtest du deine Elternverantwortung auf eine Weise \u00fcbernehmen, in der Angst vor Strafen und Ablehnung keine Rolle spielen m\u00fcssen?<\/li>\n<li>M\u00f6chtest du f\u00fcr dein Kind bedingungslose Liebe sp\u00fcrbar machen \u2013 ohne Erwartungen an bestimmtes Verhalten?<\/li>\n<\/ul>\n<p>Weil wir andere Menschen mit ihrer Verletzbarkeit, Sehns\u00fcchten und Widerspr\u00fcchlichkeiten immer nur in jenem Ma\u00df liebevoll annehmen k\u00f6nnen, wie wir uns selbst annehmen, unterst\u00fctzt dich dieses Arbeitsbuch nicht nur mit konkreten Strategievorschl\u00e4gen und Handlungs\u00fcbungen, sondern insbesondere darin, dir selbst n\u00e4her zu kommen:<\/p>\n<ul>\n<li>Lerne deine eigenen Gef\u00fchle und Bed\u00fcrfnisse besser kennen und erschaffe damit die Grundvoraussetzung f\u00fcr Selbstf\u00fcrsorge.<\/li>\n<li>\u00dcbe dich in einf\u00fchlsamer Selbstzuwendung und entwickle ein Verst\u00e4ndnis f\u00fcr die Sehnsucht hinter deinen Urteilen und Bewertungen.<\/li>\n<li>Setze dich mit deiner Schattengeschichte und Glaubenss\u00e4tzen auseinander, um alte Muster und Erziehungsans\u00e4tze \u00fcberwinden zu k\u00f6nnen.<\/li>\n<\/ul>\n<p><em>Mit vielen Arbeitsvorlagen und L\u00f6sungsvorschl\u00e4gen!<\/em><\/p>\n<\/div>\n<div class=\"description\">\n<p><em>Hanna Brodersen<\/em> lebt mit ihrer Familie in der N\u00e4he von Hamburg. Sie gr\u00fcndete eine Elternplattform zum Thema Gewaltfreie Kommunikation, die sie bis heute moderiert.<\/p>\n<p>Familien in ein gleichw\u00fcrdiges und liebevolles Miteinander zu begleiten, entspricht ihrer tiefen Sehnsucht, etwas f\u00fcr eine Welt beizutragen, in der Kinder gesch\u00fctzt und sicher aufwachsen k\u00f6nnen.<\/p>\n<\/div>\n<div id='1' class='widgets_on_page wop_tiny1  wop_small1  wop_medium1  wop_large1  wop_wide1'>\n\t\t\t<ul><li id=\"custom_html-4\" class=\"widget_text widget widget_custom_html\"><div class=\"textwidget custom-html-widget\"><div style=\"text-align:left;\">\r\n<button class = \"button\" style=\"height: 30px; font-size: 0.8em;\" name=\"zuruck\" type=\"button\" onclick=\"history.back()\">Zur\u00fcck zur \u00dcbersicht<\/button><\/div><\/div><\/li><\/ul><\/div><!-- widgets_on_page -->\n","protected":false},"excerpt":{"rendered":"<h4>Dich durch mein Herz sehen &#8211; Arbeitsbuch<br \/>\nGewaltfreie Kommunikation f\u00fcr Eltern<\/h4>\n<p>von Hanna Brodersen<\/p>\n<p>Tologo-Verlag; erschienen 2022;<\/p>\n<p>242 Seiten; A4-Format<\/p>\n","protected":false},"featured_media":19653,"template":"","meta":[],"product_brand":[],"product_cat":[38,36],"product_tag":[229,129,105,83,128,491,70,111,87],"class_list":{"0":"post-19652","1":"product","2":"type-product","3":"status-publish","4":"has-post-thumbnail","6":"product_cat-beziehung-familie","7":"product_cat-deutsche-buecher","8":"product_tag-anwendung-der-gfk","9":"product_tag-eltern","10":"product_tag-erziehung","11":"product_tag-familie","12":"product_tag-familienalltag","13":"product_tag-familienleben","14":"product_tag-gfk-praxistauglich","15":"product_tag-kinder","16":"product_tag-meinungsverschiedenheiten","18":"first","19":"instock","20":"shipping-taxable","21":"purchasable","22":"product-type-simple"},"yoast_head":"<!-- This site is optimized with the Yoast SEO plugin v27.5 - https:\/\/yoast.com\/product\/yoast-seo-wordpress\/ -->\n<title>Dich durch mein Herz sehen - Arbeitsbuch - Conex-Shop<\/title>\n<meta name=\"robots\" content=\"index, follow, max-snippet:-1, max-image-preview:large, max-video-preview:-1\" \/>\n<link rel=\"canonical\" href=\"https:\/\/conexbooks.de\/a\/shop\/produkt\/dich-durch-mein-herz-sehen-arbeitsbuch\/\" \/>\n<meta property=\"og:locale\" content=\"de_DE\" \/>\n<meta property=\"og:type\" content=\"article\" \/>\n<meta property=\"og:title\" content=\"Dich durch mein Herz sehen - Arbeitsbuch - Conex-Shop\" \/>\n<meta property=\"og:description\" content=\"Dich durch mein Herz sehen - Arbeitsbuch Gewaltfreie Kommunikation f\u00fcr Eltern von Hanna Brodersen  Tologo-Verlag; erschienen 2022;  242 Seiten; A4-Format\" \/>\n<meta property=\"og:url\" content=\"https:\/\/conexbooks.de\/a\/shop\/produkt\/dich-durch-mein-herz-sehen-arbeitsbuch\/\" \/>\n<meta property=\"og:site_name\" content=\"Conex-Shop\" \/>\n<meta property=\"article:modified_time\" content=\"2024-08-27T19:35:56+00:00\" \/>\n<meta property=\"og:image\" content=\"https:\/\/conexbooks.de\/a\/shop\/wp-content\/uploads\/2023\/02\/718.png\" \/>\n\t<meta property=\"og:image:width\" content=\"280\" \/>\n\t<meta property=\"og:image:height\" content=\"400\" \/>\n\t<meta property=\"og:image:type\" content=\"image\/png\" \/>\n<meta name=\"twitter:card\" content=\"summary_large_image\" \/>\n<meta name=\"twitter:label1\" content=\"Gesch\u00e4tzte Lesezeit\" \/>\n\t<meta name=\"twitter:data1\" content=\"3\u00a0Minuten\" \/>\n<script type=\"application\/ld+json\" class=\"yoast-schema-graph\">{\"@context\":\"https:\\\/\\\/schema.org\",\"@graph\":[{\"@type\":\"WebPage\",\"@id\":\"https:\\\/\\\/conexbooks.de\\\/a\\\/shop\\\/produkt\\\/dich-durch-mein-herz-sehen-arbeitsbuch\\\/\",\"url\":\"https:\\\/\\\/conexbooks.de\\\/a\\\/shop\\\/produkt\\\/dich-durch-mein-herz-sehen-arbeitsbuch\\\/\",\"name\":\"Dich durch mein Herz sehen - Arbeitsbuch - Conex-Shop\",\"isPartOf\":{\"@id\":\"https:\\\/\\\/conexbooks.de\\\/a\\\/shop\\\/#website\"},\"primaryImageOfPage\":{\"@id\":\"https:\\\/\\\/conexbooks.de\\\/a\\\/shop\\\/produkt\\\/dich-durch-mein-herz-sehen-arbeitsbuch\\\/#primaryimage\"},\"image\":{\"@id\":\"https:\\\/\\\/conexbooks.de\\\/a\\\/shop\\\/produkt\\\/dich-durch-mein-herz-sehen-arbeitsbuch\\\/#primaryimage\"},\"thumbnailUrl\":\"https:\\\/\\\/conexbooks.de\\\/a\\\/shop\\\/wp-content\\\/uploads\\\/2023\\\/02\\\/718.png\",\"datePublished\":\"2023-02-22T10:51:19+00:00\",\"dateModified\":\"2024-08-27T19:35:56+00:00\",\"breadcrumb\":{\"@id\":\"https:\\\/\\\/conexbooks.de\\\/a\\\/shop\\\/produkt\\\/dich-durch-mein-herz-sehen-arbeitsbuch\\\/#breadcrumb\"},\"inLanguage\":\"de\",\"potentialAction\":[{\"@type\":\"ReadAction\",\"target\":[\"https:\\\/\\\/conexbooks.de\\\/a\\\/shop\\\/produkt\\\/dich-durch-mein-herz-sehen-arbeitsbuch\\\/\"]}]},{\"@type\":\"ImageObject\",\"inLanguage\":\"de\",\"@id\":\"https:\\\/\\\/conexbooks.de\\\/a\\\/shop\\\/produkt\\\/dich-durch-mein-herz-sehen-arbeitsbuch\\\/#primaryimage\",\"url\":\"https:\\\/\\\/conexbooks.de\\\/a\\\/shop\\\/wp-content\\\/uploads\\\/2023\\\/02\\\/718.png\",\"contentUrl\":\"https:\\\/\\\/conexbooks.de\\\/a\\\/shop\\\/wp-content\\\/uploads\\\/2023\\\/02\\\/718.png\",\"width\":280,\"height\":400},{\"@type\":\"BreadcrumbList\",\"@id\":\"https:\\\/\\\/conexbooks.de\\\/a\\\/shop\\\/produkt\\\/dich-durch-mein-herz-sehen-arbeitsbuch\\\/#breadcrumb\",\"itemListElement\":[{\"@type\":\"ListItem\",\"position\":1,\"name\":\"Home\",\"item\":\"https:\\\/\\\/conexbooks.de\\\/a\\\/shop\\\/\"},{\"@type\":\"ListItem\",\"position\":2,\"name\":\"Shop\",\"item\":\"https:\\\/\\\/conexbooks.de\\\/a\\\/shop\\\/shop\\\/\"},{\"@type\":\"ListItem\",\"position\":3,\"name\":\"Dich durch mein Herz sehen &#8211; Arbeitsbuch\"}]},{\"@type\":\"WebSite\",\"@id\":\"https:\\\/\\\/conexbooks.de\\\/a\\\/shop\\\/#website\",\"url\":\"https:\\\/\\\/conexbooks.de\\\/a\\\/shop\\\/\",\"name\":\"Conex-Shop\",\"description\":\"Alles f\u00fcr die gewaltfreie Kommunikation: B\u00fccher, Spiele. Handpuppen Seminarmaterial und Geschenke\",\"publisher\":{\"@id\":\"https:\\\/\\\/conexbooks.de\\\/a\\\/shop\\\/#organization\"},\"potentialAction\":[{\"@type\":\"SearchAction\",\"target\":{\"@type\":\"EntryPoint\",\"urlTemplate\":\"https:\\\/\\\/conexbooks.de\\\/a\\\/shop\\\/?s={search_term_string}\"},\"query-input\":{\"@type\":\"PropertyValueSpecification\",\"valueRequired\":true,\"valueName\":\"search_term_string\"}}],\"inLanguage\":\"de\"},{\"@type\":\"Organization\",\"@id\":\"https:\\\/\\\/conexbooks.de\\\/a\\\/shop\\\/#organization\",\"name\":\"Conex - books and more\",\"url\":\"https:\\\/\\\/conexbooks.de\\\/a\\\/shop\\\/\",\"logo\":{\"@type\":\"ImageObject\",\"inLanguage\":\"de\",\"@id\":\"https:\\\/\\\/conexbooks.de\\\/a\\\/shop\\\/#\\\/schema\\\/logo\\\/image\\\/\",\"url\":\"https:\\\/\\\/conexbooks.de\\\/a\\\/shop\\\/wp-content\\\/uploads\\\/2017\\\/12\\\/co-logo.png\",\"contentUrl\":\"https:\\\/\\\/conexbooks.de\\\/a\\\/shop\\\/wp-content\\\/uploads\\\/2017\\\/12\\\/co-logo.png\",\"width\":243,\"height\":122,\"caption\":\"Conex - books and more\"},\"image\":{\"@id\":\"https:\\\/\\\/conexbooks.de\\\/a\\\/shop\\\/#\\\/schema\\\/logo\\\/image\\\/\"}}]}<\/script>\n<!-- \/ Yoast SEO plugin. -->","yoast_head_json":{"title":"Dich durch mein Herz sehen - Arbeitsbuch - Conex-Shop","robots":{"index":"index","follow":"follow","max-snippet":"max-snippet:-1","max-image-preview":"max-image-preview:large","max-video-preview":"max-video-preview:-1"},"canonical":"https:\/\/conexbooks.de\/a\/shop\/produkt\/dich-durch-mein-herz-sehen-arbeitsbuch\/","og_locale":"de_DE","og_type":"article","og_title":"Dich durch mein Herz sehen - Arbeitsbuch - Conex-Shop","og_description":"Dich durch mein Herz sehen - Arbeitsbuch Gewaltfreie Kommunikation f\u00fcr Eltern von Hanna Brodersen  Tologo-Verlag; erschienen 2022;  242 Seiten; A4-Format","og_url":"https:\/\/conexbooks.de\/a\/shop\/produkt\/dich-durch-mein-herz-sehen-arbeitsbuch\/","og_site_name":"Conex-Shop","article_modified_time":"2024-08-27T19:35:56+00:00","og_image":[{"width":280,"height":400,"url":"https:\/\/conexbooks.de\/a\/shop\/wp-content\/uploads\/2023\/02\/718.png","type":"image\/png"}],"twitter_card":"summary_large_image","twitter_misc":{"Gesch\u00e4tzte Lesezeit":"3\u00a0Minuten"},"schema":{"@context":"https:\/\/schema.org","@graph":[{"@type":"WebPage","@id":"https:\/\/conexbooks.de\/a\/shop\/produkt\/dich-durch-mein-herz-sehen-arbeitsbuch\/","url":"https:\/\/conexbooks.de\/a\/shop\/produkt\/dich-durch-mein-herz-sehen-arbeitsbuch\/","name":"Dich durch mein Herz sehen - Arbeitsbuch - Conex-Shop","isPartOf":{"@id":"https:\/\/conexbooks.de\/a\/shop\/#website"},"primaryImageOfPage":{"@id":"https:\/\/conexbooks.de\/a\/shop\/produkt\/dich-durch-mein-herz-sehen-arbeitsbuch\/#primaryimage"},"image":{"@id":"https:\/\/conexbooks.de\/a\/shop\/produkt\/dich-durch-mein-herz-sehen-arbeitsbuch\/#primaryimage"},"thumbnailUrl":"https:\/\/conexbooks.de\/a\/shop\/wp-content\/uploads\/2023\/02\/718.png","datePublished":"2023-02-22T10:51:19+00:00","dateModified":"2024-08-27T19:35:56+00:00","breadcrumb":{"@id":"https:\/\/conexbooks.de\/a\/shop\/produkt\/dich-durch-mein-herz-sehen-arbeitsbuch\/#breadcrumb"},"inLanguage":"de","potentialAction":[{"@type":"ReadAction","target":["https:\/\/conexbooks.de\/a\/shop\/produkt\/dich-durch-mein-herz-sehen-arbeitsbuch\/"]}]},{"@type":"ImageObject","inLanguage":"de","@id":"https:\/\/conexbooks.de\/a\/shop\/produkt\/dich-durch-mein-herz-sehen-arbeitsbuch\/#primaryimage","url":"https:\/\/conexbooks.de\/a\/shop\/wp-content\/uploads\/2023\/02\/718.png","contentUrl":"https:\/\/conexbooks.de\/a\/shop\/wp-content\/uploads\/2023\/02\/718.png","width":280,"height":400},{"@type":"BreadcrumbList","@id":"https:\/\/conexbooks.de\/a\/shop\/produkt\/dich-durch-mein-herz-sehen-arbeitsbuch\/#breadcrumb","itemListElement":[{"@type":"ListItem","position":1,"name":"Home","item":"https:\/\/conexbooks.de\/a\/shop\/"},{"@type":"ListItem","position":2,"name":"Shop","item":"https:\/\/conexbooks.de\/a\/shop\/shop\/"},{"@type":"ListItem","position":3,"name":"Dich durch mein Herz sehen &#8211; Arbeitsbuch"}]},{"@type":"WebSite","@id":"https:\/\/conexbooks.de\/a\/shop\/#website","url":"https:\/\/conexbooks.de\/a\/shop\/","name":"Conex-Shop","description":"Alles f\u00fcr die gewaltfreie Kommunikation: B\u00fccher, Spiele. Handpuppen Seminarmaterial und Geschenke","publisher":{"@id":"https:\/\/conexbooks.de\/a\/shop\/#organization"},"potentialAction":[{"@type":"SearchAction","target":{"@type":"EntryPoint","urlTemplate":"https:\/\/conexbooks.de\/a\/shop\/?s={search_term_string}"},"query-input":{"@type":"PropertyValueSpecification","valueRequired":true,"valueName":"search_term_string"}}],"inLanguage":"de"},{"@type":"Organization","@id":"https:\/\/conexbooks.de\/a\/shop\/#organization","name":"Conex - books and more","url":"https:\/\/conexbooks.de\/a\/shop\/","logo":{"@type":"ImageObject","inLanguage":"de","@id":"https:\/\/conexbooks.de\/a\/shop\/#\/schema\/logo\/image\/","url":"https:\/\/conexbooks.de\/a\/shop\/wp-content\/uploads\/2017\/12\/co-logo.png","contentUrl":"https:\/\/conexbooks.de\/a\/shop\/wp-content\/uploads\/2017\/12\/co-logo.png","width":243,"height":122,"caption":"Conex - books and more"},"image":{"@id":"https:\/\/conexbooks.de\/a\/shop\/#\/schema\/logo\/image\/"}}]}},"_links":{"self":[{"href":"https:\/\/conexbooks.de\/a\/shop\/wp-json\/wp\/v2\/product\/19652","targetHints":{"allow":["GET"]}}],"collection":[{"href":"https:\/\/conexbooks.de\/a\/shop\/wp-json\/wp\/v2\/product"}],"about":[{"href":"https:\/\/conexbooks.de\/a\/shop\/wp-json\/wp\/v2\/types\/product"}],"wp:featuredmedia":[{"embeddable":true,"href":"https:\/\/conexbooks.de\/a\/shop\/wp-json\/wp\/v2\/media\/19653"}],"wp:attachment":[{"href":"https:\/\/conexbooks.de\/a\/shop\/wp-json\/wp\/v2\/media?parent=19652"}],"wp:term":[{"taxonomy":"product_brand","embeddable":true,"href":"https:\/\/conexbooks.de\/a\/shop\/wp-json\/wp\/v2\/product_brand?post=19652"},{"taxonomy":"product_cat","embeddable":true,"href":"https:\/\/conexbooks.de\/a\/shop\/wp-json\/wp\/v2\/product_cat?post=19652"},{"taxonomy":"product_tag","embeddable":true,"href":"https:\/\/conexbooks.de\/a\/shop\/wp-json\/wp\/v2\/product_tag?post=19652"}],"curies":[{"name":"wp","href":"https:\/\/api.w.org\/{rel}","templated":true}]}}