{"id":20309,"date":"2024-02-23T23:37:33","date_gmt":"2024-02-23T22:37:33","guid":{"rendered":"https:\/\/conexbooks.de\/a\/shop\/?post_type=product&#038;p=20309"},"modified":"2024-10-02T19:31:02","modified_gmt":"2024-10-02T17:31:02","slug":"gewaltfreie-kommunikation-bei-menschen-mit-behinderung","status":"publish","type":"product","link":"https:\/\/conexbooks.de\/a\/shop\/produkt\/gewaltfreie-kommunikation-bei-menschen-mit-behinderung\/","title":{"rendered":"Gewaltfreie Kommunikation bei Menschen mit Behinderung"},"content":{"rendered":"<h4 class=\"entry-title clearfix\">GFK als Basis f\u00fcr bed\u00fcrfnisorientierte Begleitung<\/h4>\n<h4 class=\"entry-title clearfix\">von Karen Nimrich<\/h4>\n<p>Die Gewaltfreie Kommunikation er\u00f6ffnet f\u00fcr die Begleitung behinderter Menschen v\u00f6llig neue Perspektiven.<\/p>\n<p>Maya m\u00f6chte sich seit Tagen nicht waschen, Ahmed redet unentwegt beim Essen und Simone wirft beim Mittagessen in der Schule mit Geschirr:\u00a0 Alltag in vielen Wohngruppen mit geistig behinderten Menschen sowie in der heil- oder sonderp\u00e4dagogischen Arbeit.<\/p>\n<p>Wie gehen wir mit solchen Verhaltensweisen um? Welche Reaktionen sind angemessen und sinnvoll? Was k\u00f6nnen wir tun, um Konflikte zu l\u00f6sen und herausfordernde Situationen souver\u00e4n zu meistern? Gewaltfreie Kommunikation (GFK) ist ein L\u00f6sungsweg, der in der Begleitung von Menschen mit Intelligenzminderung sehr hilfreich ist.<\/p>\n<p>Dieser Ratgeber verr\u00e4t, welche Chancen die Gewaltfreie Kommunikation im Alltag mit behinderten Menschen bietet. Nach einem kompetenten Einblick in die GFK mit ihren klassischen vier Elementen \u2013 Beobachtung, Gef\u00fchl, Bed\u00fcrfnis, Bitte \u2013 widmet sich die Autorin unter anderem den folgenden Themenbereichen:<\/p>\n<ul>\n<li>Bed\u00fcrfnisse bei Menschen mit Intelligenzminderung erkennen und erf\u00fcllen<\/li>\n<li>Die sozio-emotionale Entwicklung von der Geburt bis ins Erwachsenenalter<\/li>\n<li>Chancen bed\u00fcrfnisorientierter Sprache: Bed\u00fcrfnisse im Fokus der Arbeit<\/li>\n<li>Empathie und das \u201eVier-Ohren-Modell\u201c: Schuldohren vs. Verst\u00e4ndnisohren<\/li>\n<li>Aspekte von Macht und Umgang mit dieser<\/li>\n<li>Gewaltfreie Kommunikation im Team: St\u00f6rungen ansprechen<\/li>\n<li>Umgang mit Kritik und Vorw\u00fcrfen<\/li>\n<\/ul>\n<p>Ein unverzichtbarer GFK Praxis-Ratgeber mit zahlreichen interaktiven \u00dcbungen + konkreten Anleitungen zur direkten Umsetzung im Arbeitsalltag.<\/p>\n<div id='1' class='widgets_on_page wop_tiny1  wop_small1  wop_medium1  wop_large1  wop_wide1'>\n\t\t\t<ul><li id=\"custom_html-4\" class=\"widget_text widget widget_custom_html\"><div class=\"textwidget custom-html-widget\"><div style=\"text-align:left;\">\r\n<button class = \"button\" style=\"height: 30px; font-size: 0.8em;\" name=\"zuruck\" type=\"button\" onclick=\"history.back()\">Zur\u00fcck zur \u00dcbersicht<\/button><\/div><\/div><\/li><\/ul><\/div><!-- widgets_on_page -->\n","protected":false},"excerpt":{"rendered":"<h4>GFK bei Menschen mit Behinderung<\/h4>\n<h4>Karen Nimrich<\/h4>\n<p>Edition Riedenburg: 06\/2022<br \/>\n172 Seiten Seiten, paperback<br \/>\nFormat: 15,5 x 22 cm<br \/>\nzahlreiche s\/w illustrierte \u00dcbungsseiten<\/p>\n","protected":false},"featured_media":20310,"template":"","meta":[],"product_brand":[],"product_cat":[45,36,90,53],"product_tag":[558,554,553,556,522,559,557,555,113],"class_list":{"0":"post-20309","1":"product","2":"type-product","3":"status-publish","4":"has-post-thumbnail","6":"product_cat-arbeit-sonstiges","7":"product_cat-deutsche-buecher","8":"product_cat-gesundheitswesen","9":"product_cat-neu","10":"product_tag-begleitung-behinderter","11":"product_tag-behinderte","12":"product_tag-behinderung","13":"product_tag-geistig-behinderte-menschen","14":"product_tag-gewalt-wandeln","15":"product_tag-gfk-in-wohngruppen","16":"product_tag-intelligenzminderung","17":"product_tag-menschen-mit-behinderung","18":"product_tag-verantwortung","20":"first","21":"instock","22":"shipping-taxable","23":"purchasable","24":"product-type-simple"},"yoast_head":"<!-- This site is optimized with the Yoast SEO plugin v27.5 - https:\/\/yoast.com\/product\/yoast-seo-wordpress\/ -->\n<title>Gewaltfreie Kommunikation bei Menschen mit Behinderung - Conex-Shop<\/title>\n<meta name=\"robots\" content=\"index, follow, max-snippet:-1, max-image-preview:large, max-video-preview:-1\" \/>\n<link rel=\"canonical\" href=\"https:\/\/conexbooks.de\/a\/shop\/produkt\/gewaltfreie-kommunikation-bei-menschen-mit-behinderung\/\" \/>\n<meta property=\"og:locale\" content=\"de_DE\" \/>\n<meta property=\"og:type\" content=\"article\" \/>\n<meta property=\"og:title\" content=\"Gewaltfreie Kommunikation bei Menschen mit Behinderung - Conex-Shop\" \/>\n<meta property=\"og:description\" content=\"GFK bei Menschen mit Behinderung Karen Nimrich Edition Riedenburg: 06\/2022 172 Seiten Seiten, paperback Format: 15,5 x 22 cm zahlreiche s\/w illustrierte \u00dcbungsseiten\" \/>\n<meta property=\"og:url\" content=\"https:\/\/conexbooks.de\/a\/shop\/produkt\/gewaltfreie-kommunikation-bei-menschen-mit-behinderung\/\" \/>\n<meta property=\"og:site_name\" content=\"Conex-Shop\" \/>\n<meta property=\"article:modified_time\" content=\"2024-10-02T17:31:02+00:00\" \/>\n<meta property=\"og:image\" content=\"https:\/\/conexbooks.de\/a\/shop\/wp-content\/uploads\/2024\/02\/785.png\" \/>\n\t<meta property=\"og:image:width\" content=\"280\" \/>\n\t<meta property=\"og:image:height\" content=\"400\" \/>\n\t<meta property=\"og:image:type\" content=\"image\/png\" \/>\n<meta name=\"twitter:card\" content=\"summary_large_image\" \/>\n<meta name=\"twitter:label1\" content=\"Gesch\u00e4tzte Lesezeit\" \/>\n\t<meta name=\"twitter:data1\" content=\"2\u00a0Minuten\" \/>\n<script type=\"application\/ld+json\" class=\"yoast-schema-graph\">{\"@context\":\"https:\\\/\\\/schema.org\",\"@graph\":[{\"@type\":\"WebPage\",\"@id\":\"https:\\\/\\\/conexbooks.de\\\/a\\\/shop\\\/produkt\\\/gewaltfreie-kommunikation-bei-menschen-mit-behinderung\\\/\",\"url\":\"https:\\\/\\\/conexbooks.de\\\/a\\\/shop\\\/produkt\\\/gewaltfreie-kommunikation-bei-menschen-mit-behinderung\\\/\",\"name\":\"Gewaltfreie Kommunikation bei Menschen mit Behinderung - Conex-Shop\",\"isPartOf\":{\"@id\":\"https:\\\/\\\/conexbooks.de\\\/a\\\/shop\\\/#website\"},\"primaryImageOfPage\":{\"@id\":\"https:\\\/\\\/conexbooks.de\\\/a\\\/shop\\\/produkt\\\/gewaltfreie-kommunikation-bei-menschen-mit-behinderung\\\/#primaryimage\"},\"image\":{\"@id\":\"https:\\\/\\\/conexbooks.de\\\/a\\\/shop\\\/produkt\\\/gewaltfreie-kommunikation-bei-menschen-mit-behinderung\\\/#primaryimage\"},\"thumbnailUrl\":\"https:\\\/\\\/conexbooks.de\\\/a\\\/shop\\\/wp-content\\\/uploads\\\/2024\\\/02\\\/785.png\",\"datePublished\":\"2024-02-23T22:37:33+00:00\",\"dateModified\":\"2024-10-02T17:31:02+00:00\",\"breadcrumb\":{\"@id\":\"https:\\\/\\\/conexbooks.de\\\/a\\\/shop\\\/produkt\\\/gewaltfreie-kommunikation-bei-menschen-mit-behinderung\\\/#breadcrumb\"},\"inLanguage\":\"de\",\"potentialAction\":[{\"@type\":\"ReadAction\",\"target\":[\"https:\\\/\\\/conexbooks.de\\\/a\\\/shop\\\/produkt\\\/gewaltfreie-kommunikation-bei-menschen-mit-behinderung\\\/\"]}]},{\"@type\":\"ImageObject\",\"inLanguage\":\"de\",\"@id\":\"https:\\\/\\\/conexbooks.de\\\/a\\\/shop\\\/produkt\\\/gewaltfreie-kommunikation-bei-menschen-mit-behinderung\\\/#primaryimage\",\"url\":\"https:\\\/\\\/conexbooks.de\\\/a\\\/shop\\\/wp-content\\\/uploads\\\/2024\\\/02\\\/785.png\",\"contentUrl\":\"https:\\\/\\\/conexbooks.de\\\/a\\\/shop\\\/wp-content\\\/uploads\\\/2024\\\/02\\\/785.png\",\"width\":280,\"height\":400},{\"@type\":\"BreadcrumbList\",\"@id\":\"https:\\\/\\\/conexbooks.de\\\/a\\\/shop\\\/produkt\\\/gewaltfreie-kommunikation-bei-menschen-mit-behinderung\\\/#breadcrumb\",\"itemListElement\":[{\"@type\":\"ListItem\",\"position\":1,\"name\":\"Home\",\"item\":\"https:\\\/\\\/conexbooks.de\\\/a\\\/shop\\\/\"},{\"@type\":\"ListItem\",\"position\":2,\"name\":\"Shop\",\"item\":\"https:\\\/\\\/conexbooks.de\\\/a\\\/shop\\\/shop\\\/\"},{\"@type\":\"ListItem\",\"position\":3,\"name\":\"Gewaltfreie Kommunikation bei Menschen mit Behinderung\"}]},{\"@type\":\"WebSite\",\"@id\":\"https:\\\/\\\/conexbooks.de\\\/a\\\/shop\\\/#website\",\"url\":\"https:\\\/\\\/conexbooks.de\\\/a\\\/shop\\\/\",\"name\":\"Conex-Shop\",\"description\":\"Alles f\u00fcr die gewaltfreie Kommunikation: B\u00fccher, Spiele. Handpuppen Seminarmaterial und Geschenke\",\"publisher\":{\"@id\":\"https:\\\/\\\/conexbooks.de\\\/a\\\/shop\\\/#organization\"},\"potentialAction\":[{\"@type\":\"SearchAction\",\"target\":{\"@type\":\"EntryPoint\",\"urlTemplate\":\"https:\\\/\\\/conexbooks.de\\\/a\\\/shop\\\/?s={search_term_string}\"},\"query-input\":{\"@type\":\"PropertyValueSpecification\",\"valueRequired\":true,\"valueName\":\"search_term_string\"}}],\"inLanguage\":\"de\"},{\"@type\":\"Organization\",\"@id\":\"https:\\\/\\\/conexbooks.de\\\/a\\\/shop\\\/#organization\",\"name\":\"Conex - books and more\",\"url\":\"https:\\\/\\\/conexbooks.de\\\/a\\\/shop\\\/\",\"logo\":{\"@type\":\"ImageObject\",\"inLanguage\":\"de\",\"@id\":\"https:\\\/\\\/conexbooks.de\\\/a\\\/shop\\\/#\\\/schema\\\/logo\\\/image\\\/\",\"url\":\"https:\\\/\\\/conexbooks.de\\\/a\\\/shop\\\/wp-content\\\/uploads\\\/2017\\\/12\\\/co-logo.png\",\"contentUrl\":\"https:\\\/\\\/conexbooks.de\\\/a\\\/shop\\\/wp-content\\\/uploads\\\/2017\\\/12\\\/co-logo.png\",\"width\":243,\"height\":122,\"caption\":\"Conex - books and more\"},\"image\":{\"@id\":\"https:\\\/\\\/conexbooks.de\\\/a\\\/shop\\\/#\\\/schema\\\/logo\\\/image\\\/\"}}]}<\/script>\n<!-- \/ Yoast SEO plugin. -->","yoast_head_json":{"title":"Gewaltfreie Kommunikation bei Menschen mit Behinderung - Conex-Shop","robots":{"index":"index","follow":"follow","max-snippet":"max-snippet:-1","max-image-preview":"max-image-preview:large","max-video-preview":"max-video-preview:-1"},"canonical":"https:\/\/conexbooks.de\/a\/shop\/produkt\/gewaltfreie-kommunikation-bei-menschen-mit-behinderung\/","og_locale":"de_DE","og_type":"article","og_title":"Gewaltfreie Kommunikation bei Menschen mit Behinderung - Conex-Shop","og_description":"GFK bei Menschen mit Behinderung Karen Nimrich Edition Riedenburg: 06\/2022 172 Seiten Seiten, paperback Format: 15,5 x 22 cm zahlreiche s\/w illustrierte \u00dcbungsseiten","og_url":"https:\/\/conexbooks.de\/a\/shop\/produkt\/gewaltfreie-kommunikation-bei-menschen-mit-behinderung\/","og_site_name":"Conex-Shop","article_modified_time":"2024-10-02T17:31:02+00:00","og_image":[{"width":280,"height":400,"url":"https:\/\/conexbooks.de\/a\/shop\/wp-content\/uploads\/2024\/02\/785.png","type":"image\/png"}],"twitter_card":"summary_large_image","twitter_misc":{"Gesch\u00e4tzte Lesezeit":"2\u00a0Minuten"},"schema":{"@context":"https:\/\/schema.org","@graph":[{"@type":"WebPage","@id":"https:\/\/conexbooks.de\/a\/shop\/produkt\/gewaltfreie-kommunikation-bei-menschen-mit-behinderung\/","url":"https:\/\/conexbooks.de\/a\/shop\/produkt\/gewaltfreie-kommunikation-bei-menschen-mit-behinderung\/","name":"Gewaltfreie Kommunikation bei Menschen mit Behinderung - Conex-Shop","isPartOf":{"@id":"https:\/\/conexbooks.de\/a\/shop\/#website"},"primaryImageOfPage":{"@id":"https:\/\/conexbooks.de\/a\/shop\/produkt\/gewaltfreie-kommunikation-bei-menschen-mit-behinderung\/#primaryimage"},"image":{"@id":"https:\/\/conexbooks.de\/a\/shop\/produkt\/gewaltfreie-kommunikation-bei-menschen-mit-behinderung\/#primaryimage"},"thumbnailUrl":"https:\/\/conexbooks.de\/a\/shop\/wp-content\/uploads\/2024\/02\/785.png","datePublished":"2024-02-23T22:37:33+00:00","dateModified":"2024-10-02T17:31:02+00:00","breadcrumb":{"@id":"https:\/\/conexbooks.de\/a\/shop\/produkt\/gewaltfreie-kommunikation-bei-menschen-mit-behinderung\/#breadcrumb"},"inLanguage":"de","potentialAction":[{"@type":"ReadAction","target":["https:\/\/conexbooks.de\/a\/shop\/produkt\/gewaltfreie-kommunikation-bei-menschen-mit-behinderung\/"]}]},{"@type":"ImageObject","inLanguage":"de","@id":"https:\/\/conexbooks.de\/a\/shop\/produkt\/gewaltfreie-kommunikation-bei-menschen-mit-behinderung\/#primaryimage","url":"https:\/\/conexbooks.de\/a\/shop\/wp-content\/uploads\/2024\/02\/785.png","contentUrl":"https:\/\/conexbooks.de\/a\/shop\/wp-content\/uploads\/2024\/02\/785.png","width":280,"height":400},{"@type":"BreadcrumbList","@id":"https:\/\/conexbooks.de\/a\/shop\/produkt\/gewaltfreie-kommunikation-bei-menschen-mit-behinderung\/#breadcrumb","itemListElement":[{"@type":"ListItem","position":1,"name":"Home","item":"https:\/\/conexbooks.de\/a\/shop\/"},{"@type":"ListItem","position":2,"name":"Shop","item":"https:\/\/conexbooks.de\/a\/shop\/shop\/"},{"@type":"ListItem","position":3,"name":"Gewaltfreie Kommunikation bei Menschen mit Behinderung"}]},{"@type":"WebSite","@id":"https:\/\/conexbooks.de\/a\/shop\/#website","url":"https:\/\/conexbooks.de\/a\/shop\/","name":"Conex-Shop","description":"Alles f\u00fcr die gewaltfreie Kommunikation: B\u00fccher, Spiele. Handpuppen Seminarmaterial und Geschenke","publisher":{"@id":"https:\/\/conexbooks.de\/a\/shop\/#organization"},"potentialAction":[{"@type":"SearchAction","target":{"@type":"EntryPoint","urlTemplate":"https:\/\/conexbooks.de\/a\/shop\/?s={search_term_string}"},"query-input":{"@type":"PropertyValueSpecification","valueRequired":true,"valueName":"search_term_string"}}],"inLanguage":"de"},{"@type":"Organization","@id":"https:\/\/conexbooks.de\/a\/shop\/#organization","name":"Conex - books and more","url":"https:\/\/conexbooks.de\/a\/shop\/","logo":{"@type":"ImageObject","inLanguage":"de","@id":"https:\/\/conexbooks.de\/a\/shop\/#\/schema\/logo\/image\/","url":"https:\/\/conexbooks.de\/a\/shop\/wp-content\/uploads\/2017\/12\/co-logo.png","contentUrl":"https:\/\/conexbooks.de\/a\/shop\/wp-content\/uploads\/2017\/12\/co-logo.png","width":243,"height":122,"caption":"Conex - books and more"},"image":{"@id":"https:\/\/conexbooks.de\/a\/shop\/#\/schema\/logo\/image\/"}}]}},"_links":{"self":[{"href":"https:\/\/conexbooks.de\/a\/shop\/wp-json\/wp\/v2\/product\/20309","targetHints":{"allow":["GET"]}}],"collection":[{"href":"https:\/\/conexbooks.de\/a\/shop\/wp-json\/wp\/v2\/product"}],"about":[{"href":"https:\/\/conexbooks.de\/a\/shop\/wp-json\/wp\/v2\/types\/product"}],"wp:featuredmedia":[{"embeddable":true,"href":"https:\/\/conexbooks.de\/a\/shop\/wp-json\/wp\/v2\/media\/20310"}],"wp:attachment":[{"href":"https:\/\/conexbooks.de\/a\/shop\/wp-json\/wp\/v2\/media?parent=20309"}],"wp:term":[{"taxonomy":"product_brand","embeddable":true,"href":"https:\/\/conexbooks.de\/a\/shop\/wp-json\/wp\/v2\/product_brand?post=20309"},{"taxonomy":"product_cat","embeddable":true,"href":"https:\/\/conexbooks.de\/a\/shop\/wp-json\/wp\/v2\/product_cat?post=20309"},{"taxonomy":"product_tag","embeddable":true,"href":"https:\/\/conexbooks.de\/a\/shop\/wp-json\/wp\/v2\/product_tag?post=20309"}],"curies":[{"name":"wp","href":"https:\/\/api.w.org\/{rel}","templated":true}]}}