{"id":20815,"date":"2025-01-15T18:13:29","date_gmt":"2025-01-15T17:13:29","guid":{"rendered":"https:\/\/conexbooks.de\/a\/shop\/?post_type=product&#038;p=20815"},"modified":"2026-04-14T12:46:54","modified_gmt":"2026-04-14T10:46:54","slug":"gfk-navigator-fuer-gefuehle-emotionen-und-stimmungen-a4-laminiert-kopie","status":"publish","type":"product","link":"https:\/\/conexbooks.de\/a\/shop\/produkt\/gfk-navigator-fuer-gefuehle-emotionen-und-stimmungen-a4-laminiert-kopie\/","title":{"rendered":"GFK-Navigator-Poster f\u00fcr Gef\u00fchle, Emotionen und Stimmungen, A2 Wandposter"},"content":{"rendered":"<h2>Gef\u00fchle finden und benennen \u2013 sich verstehen, verstanden werden, Empathie geben \u2013 Mit \u00fcber 100 Gef\u00fchlsbegriffen (DIN A2, hochglanz, UV-Lack)<\/h2>\n<p><strong>Jetzt NEU: Der beliebte Gef\u00fchlsspiegel der erfolgreichen Wissenskarten jetzt auf einem DINA2 Wandposter f\u00fcr Ihre Praxis! So erkennt Ihr Klient auf einem Blick den Zusammenhang zwischen seinen Gef\u00fchlen und dahinterliegenden Gedanken.<\/strong><\/p>\n<p>In therapeutischen oder Coaching-Prozessen geht es immer auch um Gef\u00fchle und Stimmungen. Gef\u00fchle k\u00f6nnen f\u00fcr Ihre Klienten verwirrend sein. Oft wissen Ihre Klienten nicht genau, was sie f\u00fchlen oder es fehlen ihnen die treffenden Worte um die K\u00f6rperempfindungen zu benennen, die sie gerade erleben.<br \/>\nMit dem Poster \u201eGef\u00fchlsfinder f\u00fcr Therapie und Coaching\u201c stellen Sie Ihrem Klienten einen Gef\u00fchlsspiegel zur Verf\u00fcgung, auf dem er sich und seine aktuellen Gef\u00fchle schnell und sicher wiedererkennt und sofort die passenden Worte findet.<br \/>\nBeratungssituationen im Praxisalltag mit Ihren Klienten k\u00f6nnen somit leichter und schneller in ihrer Gef\u00fchlsqualit\u00e4t erkannt und entsprechend behandelt werden.<\/p>\n<p>Zudem bietet er Ihnen eine umfassende \u00dcbersicht und schafft ein neues Verst\u00e4ndnis und Wissen \u00fcber Gef\u00fchle, Emotionen und Stimmungen.<br \/>\nEin besonderes Merkmal des Gef\u00fchlsfinders ist, dass er zu jedem der 12 zentralen Gef\u00fchle verr\u00e4t, welche Bedeutung (Gedanken) Ihr Klient einer Situation gegeben hat, welche daraufhin das jeweilige Gef\u00fchl erzeugt hat.<br \/>\nZum Beispiel f\u00fchlt sich Ihr Klient schuldig, weil er nicht auf der Beerdigung seiner Gro\u00dfmutter war. Der Gef\u00fchlsfinder verr\u00e4t: Ihr Klient denkt \u201eIch habe etwas falsch gemacht\u201c oder Ihr Klient ist traurig, weil seine Partnerin sich getrennt hat. Der Gef\u00fchlsfinder verr\u00e4t: Ihr denkt \u201eIch bekomme das, was ich verloren habe nie wieder\u201c.<br \/>\nWir haben das Poster mit dem Anspruch entwickelt, dass es f\u00fcr Sie im Praxisalltag ohne Erl\u00e4uterungen funktioniert und eine unkomplizierte Hilfe darstellt, mit der Ihre Klienten Ihre Gef\u00fchle genauer finden und benennen k\u00f6nnen.<\/p>\n<p>Der Navigator f\u00fcr Gef\u00fchle, Emotionen und Stimmungen ist auch im A5 und A4 Format erh\u00e4ltlich.<\/p>\n<div id='1' class='widgets_on_page wop_tiny1  wop_small1  wop_medium1  wop_large1  wop_wide1'>\n\t\t\t<ul><li id=\"custom_html-4\" class=\"widget_text widget widget_custom_html\"><div class=\"textwidget custom-html-widget\"><div style=\"text-align:left;\">\r\n<button class = \"button\" style=\"height: 30px; font-size: 0.8em;\" name=\"zuruck\" type=\"button\" onclick=\"history.back()\">Zur\u00fcck zur \u00dcbersicht<\/button><\/div><\/div><\/li><\/ul><\/div><!-- widgets_on_page -->\n","protected":false},"excerpt":{"rendered":"<h3>Gef\u00fchle finden und benennen \u2013 sich verstehen, verstanden werden, Empathie geben \u2013<br \/>\nMit \u00fcber 100 Gef\u00fchlsbegriffen<\/h3>\n<p>DIN A2 Format,\u00a0hochglanz, UV-Lack<\/p>\n<p>Preis inclusive Zusatzporto.<\/p>\n","protected":false},"featured_media":20813,"template":"","meta":[],"product_brand":[],"product_cat":[481,39,51,47],"product_tag":[273,388,386,591,593,595,417,389,598,61,590,418,369,372,604],"class_list":{"0":"post-20815","1":"product","2":"type-product","3":"status-publish","4":"has-post-thumbnail","6":"product_cat-gefuehle-und-beduerfniskarten","7":"product_cat-persoenliche-entwicklung","8":"product_cat-seminarmaterial","9":"product_cat-sonstiges","10":"product_tag-emotionen","11":"product_tag-gefuehlsausdruecke","12":"product_tag-gefuehlslisten","13":"product_tag-gfk-kompass","14":"product_tag-gfk-lehrmittel","15":"product_tag-gfk-lernmaterial","16":"product_tag-gfk-uebersicht","17":"product_tag-hilfsmittel-fuer-gefuehlsfindung","18":"product_tag-konfliktmanagement","19":"product_tag-mediation","20":"product_tag-nlp-und-coaching","21":"product_tag-pseudogefuehle","22":"product_tag-therapie","23":"product_tag-uebersicht","24":"product_tag-wandposter-dina2","26":"first","27":"instock","28":"shipping-taxable","29":"purchasable","30":"product-type-simple"},"yoast_head":"<!-- This site is optimized with the Yoast SEO plugin v27.5 - https:\/\/yoast.com\/product\/yoast-seo-wordpress\/ -->\n<title>GFK-Navigator-Poster f\u00fcr Gef\u00fchle, Emotionen und Stimmungen, A2 Wandposter - Conex-Shop<\/title>\n<meta name=\"robots\" content=\"index, follow, max-snippet:-1, max-image-preview:large, max-video-preview:-1\" \/>\n<link rel=\"canonical\" href=\"https:\/\/conexbooks.de\/a\/shop\/produkt\/gfk-navigator-fuer-gefuehle-emotionen-und-stimmungen-a4-laminiert-kopie\/\" \/>\n<meta property=\"og:locale\" content=\"de_DE\" \/>\n<meta property=\"og:type\" content=\"article\" \/>\n<meta property=\"og:title\" content=\"GFK-Navigator-Poster f\u00fcr Gef\u00fchle, Emotionen und Stimmungen, A2 Wandposter - Conex-Shop\" \/>\n<meta property=\"og:description\" content=\"Gef\u00fchle finden und benennen \u2013 sich verstehen, verstanden werden, Empathie geben \u2013 Mit \u00fcber 100 Gef\u00fchlsbegriffen DIN A2 Format,\u00a0hochglanz, UV-Lack  Preis inclusive Zusatzporto.\" \/>\n<meta property=\"og:url\" content=\"https:\/\/conexbooks.de\/a\/shop\/produkt\/gfk-navigator-fuer-gefuehle-emotionen-und-stimmungen-a4-laminiert-kopie\/\" \/>\n<meta property=\"og:site_name\" content=\"Conex-Shop\" \/>\n<meta property=\"article:modified_time\" content=\"2026-04-14T10:46:54+00:00\" \/>\n<meta property=\"og:image\" content=\"https:\/\/conexbooks.de\/a\/shop\/wp-content\/uploads\/2025\/01\/675.png\" \/>\n\t<meta property=\"og:image:width\" content=\"400\" \/>\n\t<meta property=\"og:image:height\" content=\"556\" \/>\n\t<meta property=\"og:image:type\" content=\"image\/png\" \/>\n<meta name=\"twitter:card\" content=\"summary_large_image\" \/>\n<meta name=\"twitter:label1\" content=\"Gesch\u00e4tzte Lesezeit\" \/>\n\t<meta name=\"twitter:data1\" content=\"2\u00a0Minuten\" \/>\n<script type=\"application\/ld+json\" class=\"yoast-schema-graph\">{\"@context\":\"https:\\\/\\\/schema.org\",\"@graph\":[{\"@type\":\"WebPage\",\"@id\":\"https:\\\/\\\/conexbooks.de\\\/a\\\/shop\\\/produkt\\\/gfk-navigator-fuer-gefuehle-emotionen-und-stimmungen-a4-laminiert-kopie\\\/\",\"url\":\"https:\\\/\\\/conexbooks.de\\\/a\\\/shop\\\/produkt\\\/gfk-navigator-fuer-gefuehle-emotionen-und-stimmungen-a4-laminiert-kopie\\\/\",\"name\":\"GFK-Navigator-Poster f\u00fcr Gef\u00fchle, Emotionen und Stimmungen, A2 Wandposter - Conex-Shop\",\"isPartOf\":{\"@id\":\"https:\\\/\\\/conexbooks.de\\\/a\\\/shop\\\/#website\"},\"primaryImageOfPage\":{\"@id\":\"https:\\\/\\\/conexbooks.de\\\/a\\\/shop\\\/produkt\\\/gfk-navigator-fuer-gefuehle-emotionen-und-stimmungen-a4-laminiert-kopie\\\/#primaryimage\"},\"image\":{\"@id\":\"https:\\\/\\\/conexbooks.de\\\/a\\\/shop\\\/produkt\\\/gfk-navigator-fuer-gefuehle-emotionen-und-stimmungen-a4-laminiert-kopie\\\/#primaryimage\"},\"thumbnailUrl\":\"https:\\\/\\\/conexbooks.de\\\/a\\\/shop\\\/wp-content\\\/uploads\\\/2025\\\/01\\\/675.png\",\"datePublished\":\"2025-01-15T17:13:29+00:00\",\"dateModified\":\"2026-04-14T10:46:54+00:00\",\"breadcrumb\":{\"@id\":\"https:\\\/\\\/conexbooks.de\\\/a\\\/shop\\\/produkt\\\/gfk-navigator-fuer-gefuehle-emotionen-und-stimmungen-a4-laminiert-kopie\\\/#breadcrumb\"},\"inLanguage\":\"de\",\"potentialAction\":[{\"@type\":\"ReadAction\",\"target\":[\"https:\\\/\\\/conexbooks.de\\\/a\\\/shop\\\/produkt\\\/gfk-navigator-fuer-gefuehle-emotionen-und-stimmungen-a4-laminiert-kopie\\\/\"]}]},{\"@type\":\"ImageObject\",\"inLanguage\":\"de\",\"@id\":\"https:\\\/\\\/conexbooks.de\\\/a\\\/shop\\\/produkt\\\/gfk-navigator-fuer-gefuehle-emotionen-und-stimmungen-a4-laminiert-kopie\\\/#primaryimage\",\"url\":\"https:\\\/\\\/conexbooks.de\\\/a\\\/shop\\\/wp-content\\\/uploads\\\/2025\\\/01\\\/675.png\",\"contentUrl\":\"https:\\\/\\\/conexbooks.de\\\/a\\\/shop\\\/wp-content\\\/uploads\\\/2025\\\/01\\\/675.png\",\"width\":400,\"height\":556},{\"@type\":\"BreadcrumbList\",\"@id\":\"https:\\\/\\\/conexbooks.de\\\/a\\\/shop\\\/produkt\\\/gfk-navigator-fuer-gefuehle-emotionen-und-stimmungen-a4-laminiert-kopie\\\/#breadcrumb\",\"itemListElement\":[{\"@type\":\"ListItem\",\"position\":1,\"name\":\"Home\",\"item\":\"https:\\\/\\\/conexbooks.de\\\/a\\\/shop\\\/\"},{\"@type\":\"ListItem\",\"position\":2,\"name\":\"Shop\",\"item\":\"https:\\\/\\\/conexbooks.de\\\/a\\\/shop\\\/shop\\\/\"},{\"@type\":\"ListItem\",\"position\":3,\"name\":\"GFK-Navigator-Poster f\u00fcr Gef\u00fchle, Emotionen und Stimmungen, A2 Wandposter\"}]},{\"@type\":\"WebSite\",\"@id\":\"https:\\\/\\\/conexbooks.de\\\/a\\\/shop\\\/#website\",\"url\":\"https:\\\/\\\/conexbooks.de\\\/a\\\/shop\\\/\",\"name\":\"Conex-Shop\",\"description\":\"Alles f\u00fcr die gewaltfreie Kommunikation: B\u00fccher, Spiele. Handpuppen Seminarmaterial und Geschenke\",\"publisher\":{\"@id\":\"https:\\\/\\\/conexbooks.de\\\/a\\\/shop\\\/#organization\"},\"potentialAction\":[{\"@type\":\"SearchAction\",\"target\":{\"@type\":\"EntryPoint\",\"urlTemplate\":\"https:\\\/\\\/conexbooks.de\\\/a\\\/shop\\\/?s={search_term_string}\"},\"query-input\":{\"@type\":\"PropertyValueSpecification\",\"valueRequired\":true,\"valueName\":\"search_term_string\"}}],\"inLanguage\":\"de\"},{\"@type\":\"Organization\",\"@id\":\"https:\\\/\\\/conexbooks.de\\\/a\\\/shop\\\/#organization\",\"name\":\"Conex - books and more\",\"url\":\"https:\\\/\\\/conexbooks.de\\\/a\\\/shop\\\/\",\"logo\":{\"@type\":\"ImageObject\",\"inLanguage\":\"de\",\"@id\":\"https:\\\/\\\/conexbooks.de\\\/a\\\/shop\\\/#\\\/schema\\\/logo\\\/image\\\/\",\"url\":\"https:\\\/\\\/conexbooks.de\\\/a\\\/shop\\\/wp-content\\\/uploads\\\/2017\\\/12\\\/co-logo.png\",\"contentUrl\":\"https:\\\/\\\/conexbooks.de\\\/a\\\/shop\\\/wp-content\\\/uploads\\\/2017\\\/12\\\/co-logo.png\",\"width\":243,\"height\":122,\"caption\":\"Conex - books and more\"},\"image\":{\"@id\":\"https:\\\/\\\/conexbooks.de\\\/a\\\/shop\\\/#\\\/schema\\\/logo\\\/image\\\/\"}}]}<\/script>\n<!-- \/ Yoast SEO plugin. -->","yoast_head_json":{"title":"GFK-Navigator-Poster f\u00fcr Gef\u00fchle, Emotionen und Stimmungen, A2 Wandposter - Conex-Shop","robots":{"index":"index","follow":"follow","max-snippet":"max-snippet:-1","max-image-preview":"max-image-preview:large","max-video-preview":"max-video-preview:-1"},"canonical":"https:\/\/conexbooks.de\/a\/shop\/produkt\/gfk-navigator-fuer-gefuehle-emotionen-und-stimmungen-a4-laminiert-kopie\/","og_locale":"de_DE","og_type":"article","og_title":"GFK-Navigator-Poster f\u00fcr Gef\u00fchle, Emotionen und Stimmungen, A2 Wandposter - Conex-Shop","og_description":"Gef\u00fchle finden und benennen \u2013 sich verstehen, verstanden werden, Empathie geben \u2013 Mit \u00fcber 100 Gef\u00fchlsbegriffen DIN A2 Format,\u00a0hochglanz, UV-Lack  Preis inclusive Zusatzporto.","og_url":"https:\/\/conexbooks.de\/a\/shop\/produkt\/gfk-navigator-fuer-gefuehle-emotionen-und-stimmungen-a4-laminiert-kopie\/","og_site_name":"Conex-Shop","article_modified_time":"2026-04-14T10:46:54+00:00","og_image":[{"width":400,"height":556,"url":"https:\/\/conexbooks.de\/a\/shop\/wp-content\/uploads\/2025\/01\/675.png","type":"image\/png"}],"twitter_card":"summary_large_image","twitter_misc":{"Gesch\u00e4tzte Lesezeit":"2\u00a0Minuten"},"schema":{"@context":"https:\/\/schema.org","@graph":[{"@type":"WebPage","@id":"https:\/\/conexbooks.de\/a\/shop\/produkt\/gfk-navigator-fuer-gefuehle-emotionen-und-stimmungen-a4-laminiert-kopie\/","url":"https:\/\/conexbooks.de\/a\/shop\/produkt\/gfk-navigator-fuer-gefuehle-emotionen-und-stimmungen-a4-laminiert-kopie\/","name":"GFK-Navigator-Poster f\u00fcr Gef\u00fchle, Emotionen und Stimmungen, A2 Wandposter - Conex-Shop","isPartOf":{"@id":"https:\/\/conexbooks.de\/a\/shop\/#website"},"primaryImageOfPage":{"@id":"https:\/\/conexbooks.de\/a\/shop\/produkt\/gfk-navigator-fuer-gefuehle-emotionen-und-stimmungen-a4-laminiert-kopie\/#primaryimage"},"image":{"@id":"https:\/\/conexbooks.de\/a\/shop\/produkt\/gfk-navigator-fuer-gefuehle-emotionen-und-stimmungen-a4-laminiert-kopie\/#primaryimage"},"thumbnailUrl":"https:\/\/conexbooks.de\/a\/shop\/wp-content\/uploads\/2025\/01\/675.png","datePublished":"2025-01-15T17:13:29+00:00","dateModified":"2026-04-14T10:46:54+00:00","breadcrumb":{"@id":"https:\/\/conexbooks.de\/a\/shop\/produkt\/gfk-navigator-fuer-gefuehle-emotionen-und-stimmungen-a4-laminiert-kopie\/#breadcrumb"},"inLanguage":"de","potentialAction":[{"@type":"ReadAction","target":["https:\/\/conexbooks.de\/a\/shop\/produkt\/gfk-navigator-fuer-gefuehle-emotionen-und-stimmungen-a4-laminiert-kopie\/"]}]},{"@type":"ImageObject","inLanguage":"de","@id":"https:\/\/conexbooks.de\/a\/shop\/produkt\/gfk-navigator-fuer-gefuehle-emotionen-und-stimmungen-a4-laminiert-kopie\/#primaryimage","url":"https:\/\/conexbooks.de\/a\/shop\/wp-content\/uploads\/2025\/01\/675.png","contentUrl":"https:\/\/conexbooks.de\/a\/shop\/wp-content\/uploads\/2025\/01\/675.png","width":400,"height":556},{"@type":"BreadcrumbList","@id":"https:\/\/conexbooks.de\/a\/shop\/produkt\/gfk-navigator-fuer-gefuehle-emotionen-und-stimmungen-a4-laminiert-kopie\/#breadcrumb","itemListElement":[{"@type":"ListItem","position":1,"name":"Home","item":"https:\/\/conexbooks.de\/a\/shop\/"},{"@type":"ListItem","position":2,"name":"Shop","item":"https:\/\/conexbooks.de\/a\/shop\/shop\/"},{"@type":"ListItem","position":3,"name":"GFK-Navigator-Poster f\u00fcr Gef\u00fchle, Emotionen und Stimmungen, A2 Wandposter"}]},{"@type":"WebSite","@id":"https:\/\/conexbooks.de\/a\/shop\/#website","url":"https:\/\/conexbooks.de\/a\/shop\/","name":"Conex-Shop","description":"Alles f\u00fcr die gewaltfreie Kommunikation: B\u00fccher, Spiele. Handpuppen Seminarmaterial und Geschenke","publisher":{"@id":"https:\/\/conexbooks.de\/a\/shop\/#organization"},"potentialAction":[{"@type":"SearchAction","target":{"@type":"EntryPoint","urlTemplate":"https:\/\/conexbooks.de\/a\/shop\/?s={search_term_string}"},"query-input":{"@type":"PropertyValueSpecification","valueRequired":true,"valueName":"search_term_string"}}],"inLanguage":"de"},{"@type":"Organization","@id":"https:\/\/conexbooks.de\/a\/shop\/#organization","name":"Conex - books and more","url":"https:\/\/conexbooks.de\/a\/shop\/","logo":{"@type":"ImageObject","inLanguage":"de","@id":"https:\/\/conexbooks.de\/a\/shop\/#\/schema\/logo\/image\/","url":"https:\/\/conexbooks.de\/a\/shop\/wp-content\/uploads\/2017\/12\/co-logo.png","contentUrl":"https:\/\/conexbooks.de\/a\/shop\/wp-content\/uploads\/2017\/12\/co-logo.png","width":243,"height":122,"caption":"Conex - books and more"},"image":{"@id":"https:\/\/conexbooks.de\/a\/shop\/#\/schema\/logo\/image\/"}}]}},"_links":{"self":[{"href":"https:\/\/conexbooks.de\/a\/shop\/wp-json\/wp\/v2\/product\/20815","targetHints":{"allow":["GET"]}}],"collection":[{"href":"https:\/\/conexbooks.de\/a\/shop\/wp-json\/wp\/v2\/product"}],"about":[{"href":"https:\/\/conexbooks.de\/a\/shop\/wp-json\/wp\/v2\/types\/product"}],"wp:featuredmedia":[{"embeddable":true,"href":"https:\/\/conexbooks.de\/a\/shop\/wp-json\/wp\/v2\/media\/20813"}],"wp:attachment":[{"href":"https:\/\/conexbooks.de\/a\/shop\/wp-json\/wp\/v2\/media?parent=20815"}],"wp:term":[{"taxonomy":"product_brand","embeddable":true,"href":"https:\/\/conexbooks.de\/a\/shop\/wp-json\/wp\/v2\/product_brand?post=20815"},{"taxonomy":"product_cat","embeddable":true,"href":"https:\/\/conexbooks.de\/a\/shop\/wp-json\/wp\/v2\/product_cat?post=20815"},{"taxonomy":"product_tag","embeddable":true,"href":"https:\/\/conexbooks.de\/a\/shop\/wp-json\/wp\/v2\/product_tag?post=20815"}],"curies":[{"name":"wp","href":"https:\/\/api.w.org\/{rel}","templated":true}]}}