{"id":935,"date":"2017-11-14T20:09:51","date_gmt":"2017-11-14T19:09:51","guid":{"rendered":"https:\/\/conexbooks.de\/a\/shop\/wp\/produkt\/10-trainingsmodule-zur-gfk-in-der-grundschule\/"},"modified":"2024-09-27T08:38:31","modified_gmt":"2024-09-27T06:38:31","slug":"10-trainingsmodule-zur-gfk-in-der-grundschule","status":"publish","type":"product","link":"https:\/\/conexbooks.de\/a\/shop\/produkt\/10-trainingsmodule-zur-gfk-in-der-grundschule\/","title":{"rendered":"Respektvoll miteinander sprechen &#8211; Konflikten vorbeugen (mit Audio-CD)"},"content":{"rendered":"<h3>Respektvoll miteinander sprechen &#8211; Konflikten vorbeugen (mit Audio-CD)<\/h3>\n<h4>Evelyn und Sven Sch\u00f6llmann, Melanie Kirchgessner (Illustr.)<\/h4>\n<p>Schulformen:\u00b7 F\u00f6rderschule, Ganztagsschule, Grundschule<br \/>\nSchulf\u00e4cher:\u00b7 P\u00e4dagogik, Soziales Lernen<\/p>\n<p>Hier erfahren Kinder, wie sie die gewaltfreie Kommunikation im Alltag anwenden und nutzen k\u00f6nnen. Sie &#8230;<br \/>\n<span style=\"padding-left: 30px;\">&#8211; lernen, durch Wahrnehmungs\u00fcbungen und Gespr\u00e4chsrunden, eine Situation m\u00f6glichst neutral zu erfassen<\/span><br \/>\n<span style=\"padding-left: 30px;\">&#8211; \u00fcben in Rollenspielen, eigene Gef\u00fchle klar zu benennen.<\/span><br \/>\n<span style=\"padding-left: 30px;\">&#8211; erlernen anhand von Gespr\u00e4chsimpulsen, ihre eigenen Bed\u00fcrfnisse wahrzunehmen.<\/span><br \/>\n<span style=\"padding-left: 30px;\">&#8211; trainieren an Beispielsituationen Bitten zu formulieren.<\/span><\/p>\n<p>Das Handbuch enth\u00e4lt:<br \/>\n<span style=\"padding-left: 30px;\">&#8211; 10 modulartige Stundenabl\u00e4ufe mit Gespr\u00e4chsimpulsen und Spielanleitungen<\/span><br \/>\n<span style=\"padding-left: 30px;\">&#8211; alle ben\u00f6tigten Kopiervorlagen, z. B. Satzstreifen, Arbeitsbl\u00e4tter und Liedvorlagen<\/span><br \/>\n<span style=\"padding-left: 30px;\">&#8211; eine Audio-CD mit sechs Liedern, passend zur kompletten Unterrichtseinheit<\/span><\/p>\n<p>&nbsp;<\/p>\n<div id='1' class='widgets_on_page wop_tiny1  wop_small1  wop_medium1  wop_large1  wop_wide1'>\n\t\t\t<ul><li id=\"custom_html-4\" class=\"widget_text widget widget_custom_html\"><div class=\"textwidget custom-html-widget\"><div style=\"text-align:left;\">\r\n<button class = \"button\" style=\"height: 30px; font-size: 0.8em;\" name=\"zuruck\" type=\"button\" onclick=\"history.back()\">Zur\u00fcck zur \u00dcbersicht<\/button><\/div><\/div><\/li><\/ul><\/div><!-- widgets_on_page -->\n","protected":false},"excerpt":{"rendered":"<h3>Evelyn und Sven Sch\u00f6llmann, Melanie Kirchgessner (Illustr.)<\/h3>\n<h3>10 Trainingsmodule zur GFK in der Grundschule.<\/h3>\n<p>Verlag an der Ruhr<br \/>\n1. Auflage, 2014,\u00a088 Seiten, kartoniert,\u00a0A4-Format<br \/>\nKlasse: 1 &#8211; 4<\/p>\n","protected":false},"featured_media":2019,"template":"","meta":[],"product_brand":[],"product_cat":[36,41],"product_tag":[105,147,149,62,70,63,150,148],"class_list":{"0":"post-935","1":"product","2":"type-product","3":"status-publish","4":"has-post-thumbnail","6":"product_cat-deutsche-buecher","7":"product_cat-schule-kita","8":"product_tag-erziehung","9":"product_tag-foerderschule","10":"product_tag-ganztagsschule","11":"product_tag-gewaltpraevention","12":"product_tag-gfk-praxistauglich","13":"product_tag-grundschule","14":"product_tag-rollenspiele","15":"product_tag-soziales-lernen","17":"first","18":"outofstock","19":"shipping-taxable","20":"purchasable","21":"product-type-simple"},"yoast_head":"<!-- This site is optimized with the Yoast SEO plugin v27.4 - https:\/\/yoast.com\/product\/yoast-seo-wordpress\/ -->\n<title>Respektvoll miteinander sprechen - Konflikten vorbeugen (mit Audio-CD) - Conex-Shop<\/title>\n<meta name=\"robots\" content=\"index, follow, max-snippet:-1, max-image-preview:large, max-video-preview:-1\" \/>\n<link rel=\"canonical\" href=\"https:\/\/conexbooks.de\/a\/shop\/produkt\/10-trainingsmodule-zur-gfk-in-der-grundschule\/\" \/>\n<meta property=\"og:locale\" content=\"de_DE\" \/>\n<meta property=\"og:type\" content=\"article\" \/>\n<meta property=\"og:title\" content=\"Respektvoll miteinander sprechen - Konflikten vorbeugen (mit Audio-CD) - Conex-Shop\" \/>\n<meta property=\"og:description\" content=\"Evelyn und Sven Sch\u00f6llmann, Melanie Kirchgessner (Illustr.) 10 Trainingsmodule zur GFK in der Grundschule. Verlag an der Ruhr 1. Auflage, 2014,\u00a088 Seiten, kartoniert,\u00a0A4-Format Klasse: 1 - 4\" \/>\n<meta property=\"og:url\" content=\"https:\/\/conexbooks.de\/a\/shop\/produkt\/10-trainingsmodule-zur-gfk-in-der-grundschule\/\" \/>\n<meta property=\"og:site_name\" content=\"Conex-Shop\" \/>\n<meta property=\"article:modified_time\" content=\"2024-09-27T06:38:31+00:00\" \/>\n<meta property=\"og:image\" content=\"https:\/\/conexbooks.de\/a\/shop\/wp-content\/uploads\/2017\/12\/054.jpg\" \/>\n\t<meta property=\"og:image:width\" content=\"283\" \/>\n\t<meta property=\"og:image:height\" content=\"400\" \/>\n\t<meta property=\"og:image:type\" content=\"image\/jpeg\" \/>\n<meta name=\"twitter:card\" content=\"summary_large_image\" \/>\n<meta name=\"twitter:label1\" content=\"Gesch\u00e4tzte Lesezeit\" \/>\n\t<meta name=\"twitter:data1\" content=\"1\u00a0Minute\" \/>\n<script type=\"application\/ld+json\" class=\"yoast-schema-graph\">{\"@context\":\"https:\\\/\\\/schema.org\",\"@graph\":[{\"@type\":\"WebPage\",\"@id\":\"https:\\\/\\\/conexbooks.de\\\/a\\\/shop\\\/produkt\\\/10-trainingsmodule-zur-gfk-in-der-grundschule\\\/\",\"url\":\"https:\\\/\\\/conexbooks.de\\\/a\\\/shop\\\/produkt\\\/10-trainingsmodule-zur-gfk-in-der-grundschule\\\/\",\"name\":\"Respektvoll miteinander sprechen - Konflikten vorbeugen (mit Audio-CD) - Conex-Shop\",\"isPartOf\":{\"@id\":\"https:\\\/\\\/conexbooks.de\\\/a\\\/shop\\\/#website\"},\"primaryImageOfPage\":{\"@id\":\"https:\\\/\\\/conexbooks.de\\\/a\\\/shop\\\/produkt\\\/10-trainingsmodule-zur-gfk-in-der-grundschule\\\/#primaryimage\"},\"image\":{\"@id\":\"https:\\\/\\\/conexbooks.de\\\/a\\\/shop\\\/produkt\\\/10-trainingsmodule-zur-gfk-in-der-grundschule\\\/#primaryimage\"},\"thumbnailUrl\":\"https:\\\/\\\/conexbooks.de\\\/a\\\/shop\\\/wp-content\\\/uploads\\\/2017\\\/12\\\/054.jpg\",\"datePublished\":\"2017-11-14T19:09:51+00:00\",\"dateModified\":\"2024-09-27T06:38:31+00:00\",\"breadcrumb\":{\"@id\":\"https:\\\/\\\/conexbooks.de\\\/a\\\/shop\\\/produkt\\\/10-trainingsmodule-zur-gfk-in-der-grundschule\\\/#breadcrumb\"},\"inLanguage\":\"de\",\"potentialAction\":[{\"@type\":\"ReadAction\",\"target\":[\"https:\\\/\\\/conexbooks.de\\\/a\\\/shop\\\/produkt\\\/10-trainingsmodule-zur-gfk-in-der-grundschule\\\/\"]}]},{\"@type\":\"ImageObject\",\"inLanguage\":\"de\",\"@id\":\"https:\\\/\\\/conexbooks.de\\\/a\\\/shop\\\/produkt\\\/10-trainingsmodule-zur-gfk-in-der-grundschule\\\/#primaryimage\",\"url\":\"https:\\\/\\\/conexbooks.de\\\/a\\\/shop\\\/wp-content\\\/uploads\\\/2017\\\/12\\\/054.jpg\",\"contentUrl\":\"https:\\\/\\\/conexbooks.de\\\/a\\\/shop\\\/wp-content\\\/uploads\\\/2017\\\/12\\\/054.jpg\",\"width\":283,\"height\":400},{\"@type\":\"BreadcrumbList\",\"@id\":\"https:\\\/\\\/conexbooks.de\\\/a\\\/shop\\\/produkt\\\/10-trainingsmodule-zur-gfk-in-der-grundschule\\\/#breadcrumb\",\"itemListElement\":[{\"@type\":\"ListItem\",\"position\":1,\"name\":\"Home\",\"item\":\"https:\\\/\\\/conexbooks.de\\\/a\\\/shop\\\/\"},{\"@type\":\"ListItem\",\"position\":2,\"name\":\"Shop\",\"item\":\"https:\\\/\\\/conexbooks.de\\\/a\\\/shop\\\/shop\\\/\"},{\"@type\":\"ListItem\",\"position\":3,\"name\":\"Respektvoll miteinander sprechen &#8211; Konflikten vorbeugen (mit Audio-CD)\"}]},{\"@type\":\"WebSite\",\"@id\":\"https:\\\/\\\/conexbooks.de\\\/a\\\/shop\\\/#website\",\"url\":\"https:\\\/\\\/conexbooks.de\\\/a\\\/shop\\\/\",\"name\":\"Conex-Shop\",\"description\":\"Alles f\u00fcr die gewaltfreie Kommunikation: B\u00fccher, Spiele. Handpuppen Seminarmaterial und Geschenke\",\"publisher\":{\"@id\":\"https:\\\/\\\/conexbooks.de\\\/a\\\/shop\\\/#organization\"},\"potentialAction\":[{\"@type\":\"SearchAction\",\"target\":{\"@type\":\"EntryPoint\",\"urlTemplate\":\"https:\\\/\\\/conexbooks.de\\\/a\\\/shop\\\/?s={search_term_string}\"},\"query-input\":{\"@type\":\"PropertyValueSpecification\",\"valueRequired\":true,\"valueName\":\"search_term_string\"}}],\"inLanguage\":\"de\"},{\"@type\":\"Organization\",\"@id\":\"https:\\\/\\\/conexbooks.de\\\/a\\\/shop\\\/#organization\",\"name\":\"Conex - books and more\",\"url\":\"https:\\\/\\\/conexbooks.de\\\/a\\\/shop\\\/\",\"logo\":{\"@type\":\"ImageObject\",\"inLanguage\":\"de\",\"@id\":\"https:\\\/\\\/conexbooks.de\\\/a\\\/shop\\\/#\\\/schema\\\/logo\\\/image\\\/\",\"url\":\"https:\\\/\\\/conexbooks.de\\\/a\\\/shop\\\/wp-content\\\/uploads\\\/2017\\\/12\\\/co-logo.png\",\"contentUrl\":\"https:\\\/\\\/conexbooks.de\\\/a\\\/shop\\\/wp-content\\\/uploads\\\/2017\\\/12\\\/co-logo.png\",\"width\":243,\"height\":122,\"caption\":\"Conex - books and more\"},\"image\":{\"@id\":\"https:\\\/\\\/conexbooks.de\\\/a\\\/shop\\\/#\\\/schema\\\/logo\\\/image\\\/\"}}]}<\/script>\n<!-- \/ Yoast SEO plugin. -->","yoast_head_json":{"title":"Respektvoll miteinander sprechen - Konflikten vorbeugen (mit Audio-CD) - Conex-Shop","robots":{"index":"index","follow":"follow","max-snippet":"max-snippet:-1","max-image-preview":"max-image-preview:large","max-video-preview":"max-video-preview:-1"},"canonical":"https:\/\/conexbooks.de\/a\/shop\/produkt\/10-trainingsmodule-zur-gfk-in-der-grundschule\/","og_locale":"de_DE","og_type":"article","og_title":"Respektvoll miteinander sprechen - Konflikten vorbeugen (mit Audio-CD) - Conex-Shop","og_description":"Evelyn und Sven Sch\u00f6llmann, Melanie Kirchgessner (Illustr.) 10 Trainingsmodule zur GFK in der Grundschule. Verlag an der Ruhr 1. Auflage, 2014,\u00a088 Seiten, kartoniert,\u00a0A4-Format Klasse: 1 - 4","og_url":"https:\/\/conexbooks.de\/a\/shop\/produkt\/10-trainingsmodule-zur-gfk-in-der-grundschule\/","og_site_name":"Conex-Shop","article_modified_time":"2024-09-27T06:38:31+00:00","og_image":[{"width":283,"height":400,"url":"https:\/\/conexbooks.de\/a\/shop\/wp-content\/uploads\/2017\/12\/054.jpg","type":"image\/jpeg"}],"twitter_card":"summary_large_image","twitter_misc":{"Gesch\u00e4tzte Lesezeit":"1\u00a0Minute"},"schema":{"@context":"https:\/\/schema.org","@graph":[{"@type":"WebPage","@id":"https:\/\/conexbooks.de\/a\/shop\/produkt\/10-trainingsmodule-zur-gfk-in-der-grundschule\/","url":"https:\/\/conexbooks.de\/a\/shop\/produkt\/10-trainingsmodule-zur-gfk-in-der-grundschule\/","name":"Respektvoll miteinander sprechen - Konflikten vorbeugen (mit Audio-CD) - Conex-Shop","isPartOf":{"@id":"https:\/\/conexbooks.de\/a\/shop\/#website"},"primaryImageOfPage":{"@id":"https:\/\/conexbooks.de\/a\/shop\/produkt\/10-trainingsmodule-zur-gfk-in-der-grundschule\/#primaryimage"},"image":{"@id":"https:\/\/conexbooks.de\/a\/shop\/produkt\/10-trainingsmodule-zur-gfk-in-der-grundschule\/#primaryimage"},"thumbnailUrl":"https:\/\/conexbooks.de\/a\/shop\/wp-content\/uploads\/2017\/12\/054.jpg","datePublished":"2017-11-14T19:09:51+00:00","dateModified":"2024-09-27T06:38:31+00:00","breadcrumb":{"@id":"https:\/\/conexbooks.de\/a\/shop\/produkt\/10-trainingsmodule-zur-gfk-in-der-grundschule\/#breadcrumb"},"inLanguage":"de","potentialAction":[{"@type":"ReadAction","target":["https:\/\/conexbooks.de\/a\/shop\/produkt\/10-trainingsmodule-zur-gfk-in-der-grundschule\/"]}]},{"@type":"ImageObject","inLanguage":"de","@id":"https:\/\/conexbooks.de\/a\/shop\/produkt\/10-trainingsmodule-zur-gfk-in-der-grundschule\/#primaryimage","url":"https:\/\/conexbooks.de\/a\/shop\/wp-content\/uploads\/2017\/12\/054.jpg","contentUrl":"https:\/\/conexbooks.de\/a\/shop\/wp-content\/uploads\/2017\/12\/054.jpg","width":283,"height":400},{"@type":"BreadcrumbList","@id":"https:\/\/conexbooks.de\/a\/shop\/produkt\/10-trainingsmodule-zur-gfk-in-der-grundschule\/#breadcrumb","itemListElement":[{"@type":"ListItem","position":1,"name":"Home","item":"https:\/\/conexbooks.de\/a\/shop\/"},{"@type":"ListItem","position":2,"name":"Shop","item":"https:\/\/conexbooks.de\/a\/shop\/shop\/"},{"@type":"ListItem","position":3,"name":"Respektvoll miteinander sprechen &#8211; Konflikten vorbeugen (mit Audio-CD)"}]},{"@type":"WebSite","@id":"https:\/\/conexbooks.de\/a\/shop\/#website","url":"https:\/\/conexbooks.de\/a\/shop\/","name":"Conex-Shop","description":"Alles f\u00fcr die gewaltfreie Kommunikation: B\u00fccher, Spiele. Handpuppen Seminarmaterial und Geschenke","publisher":{"@id":"https:\/\/conexbooks.de\/a\/shop\/#organization"},"potentialAction":[{"@type":"SearchAction","target":{"@type":"EntryPoint","urlTemplate":"https:\/\/conexbooks.de\/a\/shop\/?s={search_term_string}"},"query-input":{"@type":"PropertyValueSpecification","valueRequired":true,"valueName":"search_term_string"}}],"inLanguage":"de"},{"@type":"Organization","@id":"https:\/\/conexbooks.de\/a\/shop\/#organization","name":"Conex - books and more","url":"https:\/\/conexbooks.de\/a\/shop\/","logo":{"@type":"ImageObject","inLanguage":"de","@id":"https:\/\/conexbooks.de\/a\/shop\/#\/schema\/logo\/image\/","url":"https:\/\/conexbooks.de\/a\/shop\/wp-content\/uploads\/2017\/12\/co-logo.png","contentUrl":"https:\/\/conexbooks.de\/a\/shop\/wp-content\/uploads\/2017\/12\/co-logo.png","width":243,"height":122,"caption":"Conex - books and more"},"image":{"@id":"https:\/\/conexbooks.de\/a\/shop\/#\/schema\/logo\/image\/"}}]}},"_links":{"self":[{"href":"https:\/\/conexbooks.de\/a\/shop\/wp-json\/wp\/v2\/product\/935","targetHints":{"allow":["GET"]}}],"collection":[{"href":"https:\/\/conexbooks.de\/a\/shop\/wp-json\/wp\/v2\/product"}],"about":[{"href":"https:\/\/conexbooks.de\/a\/shop\/wp-json\/wp\/v2\/types\/product"}],"wp:featuredmedia":[{"embeddable":true,"href":"https:\/\/conexbooks.de\/a\/shop\/wp-json\/wp\/v2\/media\/2019"}],"wp:attachment":[{"href":"https:\/\/conexbooks.de\/a\/shop\/wp-json\/wp\/v2\/media?parent=935"}],"wp:term":[{"taxonomy":"product_brand","embeddable":true,"href":"https:\/\/conexbooks.de\/a\/shop\/wp-json\/wp\/v2\/product_brand?post=935"},{"taxonomy":"product_cat","embeddable":true,"href":"https:\/\/conexbooks.de\/a\/shop\/wp-json\/wp\/v2\/product_cat?post=935"},{"taxonomy":"product_tag","embeddable":true,"href":"https:\/\/conexbooks.de\/a\/shop\/wp-json\/wp\/v2\/product_tag?post=935"}],"curies":[{"name":"wp","href":"https:\/\/api.w.org\/{rel}","templated":true}]}}