{"id":938,"date":"2017-11-14T20:09:52","date_gmt":"2017-11-14T19:09:52","guid":{"rendered":"https:\/\/conexbooks.de\/a\/shop\/wp\/produkt\/101-uebungen-zur-inspiration-ihrer-seminare-und-gruppen-auf-basis-der-gfk\/"},"modified":"2023-07-05T15:32:16","modified_gmt":"2023-07-05T13:32:16","slug":"101-uebungen-zur-inspiration-ihrer-seminare-und-gruppen-auf-basis-der-gfk","status":"publish","type":"product","link":"https:\/\/conexbooks.de\/a\/shop\/produkt\/101-uebungen-zur-inspiration-ihrer-seminare-und-gruppen-auf-basis-der-gfk\/","title":{"rendered":"Das gro\u00dfe Praxisbuch zum wertsch\u00e4tzenden Miteinander"},"content":{"rendered":"<h3>Das gro\u00dfe Praxisbuch zum wertsch\u00e4tzenden Miteinander<\/h3>\n<h4>Dr. Irmtraut Kauschat; Birgit Schulze<\/h4>\n<p>Suchen Sie Inspirationen, praktische Tipps und anregende \u00dcbungen f\u00fcr abwechslungsreiche, erfahrungsintensive, begeisternde Seminare und \u00dcbungsgruppen auf Basis der Gewaltfreien Kommunikation? Die Autorinnen lassen Sie mit 101 \u00dcbungen in 13 Kapiteln und 30 Schl\u00fcsselunterscheidungen an ihrem reichen Erfahrungsschatz teilhaben. Das Herzst\u00fcck dieses \u00dcbungsbuches bilden die \u00dcbungen zur Schulung des Empathieverm\u00f6gens in Form von Selbstempathie und Einf\u00fchlung in andere. Mit spielerischen und gleichzeitig tiefgehenden \u00dcbungen wollen sie beitragen, dass die Teilnehmerinnen und Teilnehmer Erleichterung und Kraft sp\u00fcren, wenn sie sich selbst und anderen wertsch\u00e4tzend begegnen.<\/p>\n<p>&nbsp;<\/p>\n<div id='1' class='widgets_on_page wop_tiny1  wop_small1  wop_medium1  wop_large1  wop_wide1'>\n\t\t\t<ul><li id=\"custom_html-4\" class=\"widget_text widget widget_custom_html\"><div class=\"textwidget custom-html-widget\"><div style=\"text-align:left;\">\r\n<button class = \"button\" style=\"height: 30px; font-size: 0.8em;\" name=\"zuruck\" type=\"button\" onclick=\"history.back()\">Zur\u00fcck zur \u00dcbersicht<\/button><\/div><\/div><\/li><\/ul><\/div><!-- widgets_on_page -->\n","protected":false},"excerpt":{"rendered":"<h3>Dr. Irmtraut Kauschat; Birgit Schulze<\/h3>\n<h3>101 \u00dcbungen zur Inspiration Ihrer Seminare und Gruppen auf Basis der GFK<\/h3>\n<p>1. Aufl. 10\/2014, 212 Seiten, Paperback<br \/>\nFormat: 17 x 22 cm<\/p>\n","protected":false},"featured_media":1916,"template":"","meta":[],"product_brand":[],"product_cat":[36,56,40],"product_tag":[],"class_list":{"0":"post-938","1":"product","2":"type-product","3":"status-publish","4":"has-post-thumbnail","6":"product_cat-deutsche-buecher","7":"product_cat-geschenke","8":"product_cat-grundlagen","10":"first","11":"outofstock","12":"shipping-taxable","13":"purchasable","14":"product-type-simple"},"yoast_head":"<!-- This site is optimized with the Yoast SEO plugin v27.4 - https:\/\/yoast.com\/product\/yoast-seo-wordpress\/ -->\n<title>Das gro\u00dfe Praxisbuch zum wertsch\u00e4tzenden Miteinander - Conex-Shop<\/title>\n<meta name=\"robots\" content=\"index, follow, max-snippet:-1, max-image-preview:large, max-video-preview:-1\" \/>\n<link rel=\"canonical\" href=\"https:\/\/conexbooks.de\/a\/shop\/produkt\/101-uebungen-zur-inspiration-ihrer-seminare-und-gruppen-auf-basis-der-gfk\/\" \/>\n<meta property=\"og:locale\" content=\"de_DE\" \/>\n<meta property=\"og:type\" content=\"article\" \/>\n<meta property=\"og:title\" content=\"Das gro\u00dfe Praxisbuch zum wertsch\u00e4tzenden Miteinander - Conex-Shop\" \/>\n<meta property=\"og:description\" content=\"Dr. Irmtraut Kauschat; Birgit Schulze 101 \u00dcbungen zur Inspiration Ihrer Seminare und Gruppen auf Basis der GFK 1. Aufl. 10\/2014, 212 Seiten, Paperback Format: 17 x 22 cm\" \/>\n<meta property=\"og:url\" content=\"https:\/\/conexbooks.de\/a\/shop\/produkt\/101-uebungen-zur-inspiration-ihrer-seminare-und-gruppen-auf-basis-der-gfk\/\" \/>\n<meta property=\"og:site_name\" content=\"Conex-Shop\" \/>\n<meta property=\"article:modified_time\" content=\"2023-07-05T13:32:16+00:00\" \/>\n<meta property=\"og:image\" content=\"https:\/\/conexbooks.de\/a\/shop\/wp-content\/uploads\/2017\/11\/063.jpg\" \/>\n\t<meta property=\"og:image:width\" content=\"308\" \/>\n\t<meta property=\"og:image:height\" content=\"400\" \/>\n\t<meta property=\"og:image:type\" content=\"image\/jpeg\" \/>\n<meta name=\"twitter:card\" content=\"summary_large_image\" \/>\n<meta name=\"twitter:label1\" content=\"Gesch\u00e4tzte Lesezeit\" \/>\n\t<meta name=\"twitter:data1\" content=\"1\u00a0Minute\" \/>\n<script type=\"application\/ld+json\" class=\"yoast-schema-graph\">{\"@context\":\"https:\\\/\\\/schema.org\",\"@graph\":[{\"@type\":\"WebPage\",\"@id\":\"https:\\\/\\\/conexbooks.de\\\/a\\\/shop\\\/produkt\\\/101-uebungen-zur-inspiration-ihrer-seminare-und-gruppen-auf-basis-der-gfk\\\/\",\"url\":\"https:\\\/\\\/conexbooks.de\\\/a\\\/shop\\\/produkt\\\/101-uebungen-zur-inspiration-ihrer-seminare-und-gruppen-auf-basis-der-gfk\\\/\",\"name\":\"Das gro\u00dfe Praxisbuch zum wertsch\u00e4tzenden Miteinander - Conex-Shop\",\"isPartOf\":{\"@id\":\"https:\\\/\\\/conexbooks.de\\\/a\\\/shop\\\/#website\"},\"primaryImageOfPage\":{\"@id\":\"https:\\\/\\\/conexbooks.de\\\/a\\\/shop\\\/produkt\\\/101-uebungen-zur-inspiration-ihrer-seminare-und-gruppen-auf-basis-der-gfk\\\/#primaryimage\"},\"image\":{\"@id\":\"https:\\\/\\\/conexbooks.de\\\/a\\\/shop\\\/produkt\\\/101-uebungen-zur-inspiration-ihrer-seminare-und-gruppen-auf-basis-der-gfk\\\/#primaryimage\"},\"thumbnailUrl\":\"https:\\\/\\\/conexbooks.de\\\/a\\\/shop\\\/wp-content\\\/uploads\\\/2017\\\/11\\\/063.jpg\",\"datePublished\":\"2017-11-14T19:09:52+00:00\",\"dateModified\":\"2023-07-05T13:32:16+00:00\",\"breadcrumb\":{\"@id\":\"https:\\\/\\\/conexbooks.de\\\/a\\\/shop\\\/produkt\\\/101-uebungen-zur-inspiration-ihrer-seminare-und-gruppen-auf-basis-der-gfk\\\/#breadcrumb\"},\"inLanguage\":\"de\",\"potentialAction\":[{\"@type\":\"ReadAction\",\"target\":[\"https:\\\/\\\/conexbooks.de\\\/a\\\/shop\\\/produkt\\\/101-uebungen-zur-inspiration-ihrer-seminare-und-gruppen-auf-basis-der-gfk\\\/\"]}]},{\"@type\":\"ImageObject\",\"inLanguage\":\"de\",\"@id\":\"https:\\\/\\\/conexbooks.de\\\/a\\\/shop\\\/produkt\\\/101-uebungen-zur-inspiration-ihrer-seminare-und-gruppen-auf-basis-der-gfk\\\/#primaryimage\",\"url\":\"https:\\\/\\\/conexbooks.de\\\/a\\\/shop\\\/wp-content\\\/uploads\\\/2017\\\/11\\\/063.jpg\",\"contentUrl\":\"https:\\\/\\\/conexbooks.de\\\/a\\\/shop\\\/wp-content\\\/uploads\\\/2017\\\/11\\\/063.jpg\",\"width\":308,\"height\":400},{\"@type\":\"BreadcrumbList\",\"@id\":\"https:\\\/\\\/conexbooks.de\\\/a\\\/shop\\\/produkt\\\/101-uebungen-zur-inspiration-ihrer-seminare-und-gruppen-auf-basis-der-gfk\\\/#breadcrumb\",\"itemListElement\":[{\"@type\":\"ListItem\",\"position\":1,\"name\":\"Home\",\"item\":\"https:\\\/\\\/conexbooks.de\\\/a\\\/shop\\\/\"},{\"@type\":\"ListItem\",\"position\":2,\"name\":\"Shop\",\"item\":\"https:\\\/\\\/conexbooks.de\\\/a\\\/shop\\\/shop\\\/\"},{\"@type\":\"ListItem\",\"position\":3,\"name\":\"Das gro\u00dfe Praxisbuch zum wertsch\u00e4tzenden Miteinander\"}]},{\"@type\":\"WebSite\",\"@id\":\"https:\\\/\\\/conexbooks.de\\\/a\\\/shop\\\/#website\",\"url\":\"https:\\\/\\\/conexbooks.de\\\/a\\\/shop\\\/\",\"name\":\"Conex-Shop\",\"description\":\"Alles f\u00fcr die gewaltfreie Kommunikation: B\u00fccher, Spiele. Handpuppen Seminarmaterial und Geschenke\",\"publisher\":{\"@id\":\"https:\\\/\\\/conexbooks.de\\\/a\\\/shop\\\/#organization\"},\"potentialAction\":[{\"@type\":\"SearchAction\",\"target\":{\"@type\":\"EntryPoint\",\"urlTemplate\":\"https:\\\/\\\/conexbooks.de\\\/a\\\/shop\\\/?s={search_term_string}\"},\"query-input\":{\"@type\":\"PropertyValueSpecification\",\"valueRequired\":true,\"valueName\":\"search_term_string\"}}],\"inLanguage\":\"de\"},{\"@type\":\"Organization\",\"@id\":\"https:\\\/\\\/conexbooks.de\\\/a\\\/shop\\\/#organization\",\"name\":\"Conex - books and more\",\"url\":\"https:\\\/\\\/conexbooks.de\\\/a\\\/shop\\\/\",\"logo\":{\"@type\":\"ImageObject\",\"inLanguage\":\"de\",\"@id\":\"https:\\\/\\\/conexbooks.de\\\/a\\\/shop\\\/#\\\/schema\\\/logo\\\/image\\\/\",\"url\":\"https:\\\/\\\/conexbooks.de\\\/a\\\/shop\\\/wp-content\\\/uploads\\\/2017\\\/12\\\/co-logo.png\",\"contentUrl\":\"https:\\\/\\\/conexbooks.de\\\/a\\\/shop\\\/wp-content\\\/uploads\\\/2017\\\/12\\\/co-logo.png\",\"width\":243,\"height\":122,\"caption\":\"Conex - books and more\"},\"image\":{\"@id\":\"https:\\\/\\\/conexbooks.de\\\/a\\\/shop\\\/#\\\/schema\\\/logo\\\/image\\\/\"}}]}<\/script>\n<!-- \/ Yoast SEO plugin. -->","yoast_head_json":{"title":"Das gro\u00dfe Praxisbuch zum wertsch\u00e4tzenden Miteinander - Conex-Shop","robots":{"index":"index","follow":"follow","max-snippet":"max-snippet:-1","max-image-preview":"max-image-preview:large","max-video-preview":"max-video-preview:-1"},"canonical":"https:\/\/conexbooks.de\/a\/shop\/produkt\/101-uebungen-zur-inspiration-ihrer-seminare-und-gruppen-auf-basis-der-gfk\/","og_locale":"de_DE","og_type":"article","og_title":"Das gro\u00dfe Praxisbuch zum wertsch\u00e4tzenden Miteinander - Conex-Shop","og_description":"Dr. Irmtraut Kauschat; Birgit Schulze 101 \u00dcbungen zur Inspiration Ihrer Seminare und Gruppen auf Basis der GFK 1. Aufl. 10\/2014, 212 Seiten, Paperback Format: 17 x 22 cm","og_url":"https:\/\/conexbooks.de\/a\/shop\/produkt\/101-uebungen-zur-inspiration-ihrer-seminare-und-gruppen-auf-basis-der-gfk\/","og_site_name":"Conex-Shop","article_modified_time":"2023-07-05T13:32:16+00:00","og_image":[{"width":308,"height":400,"url":"https:\/\/conexbooks.de\/a\/shop\/wp-content\/uploads\/2017\/11\/063.jpg","type":"image\/jpeg"}],"twitter_card":"summary_large_image","twitter_misc":{"Gesch\u00e4tzte Lesezeit":"1\u00a0Minute"},"schema":{"@context":"https:\/\/schema.org","@graph":[{"@type":"WebPage","@id":"https:\/\/conexbooks.de\/a\/shop\/produkt\/101-uebungen-zur-inspiration-ihrer-seminare-und-gruppen-auf-basis-der-gfk\/","url":"https:\/\/conexbooks.de\/a\/shop\/produkt\/101-uebungen-zur-inspiration-ihrer-seminare-und-gruppen-auf-basis-der-gfk\/","name":"Das gro\u00dfe Praxisbuch zum wertsch\u00e4tzenden Miteinander - Conex-Shop","isPartOf":{"@id":"https:\/\/conexbooks.de\/a\/shop\/#website"},"primaryImageOfPage":{"@id":"https:\/\/conexbooks.de\/a\/shop\/produkt\/101-uebungen-zur-inspiration-ihrer-seminare-und-gruppen-auf-basis-der-gfk\/#primaryimage"},"image":{"@id":"https:\/\/conexbooks.de\/a\/shop\/produkt\/101-uebungen-zur-inspiration-ihrer-seminare-und-gruppen-auf-basis-der-gfk\/#primaryimage"},"thumbnailUrl":"https:\/\/conexbooks.de\/a\/shop\/wp-content\/uploads\/2017\/11\/063.jpg","datePublished":"2017-11-14T19:09:52+00:00","dateModified":"2023-07-05T13:32:16+00:00","breadcrumb":{"@id":"https:\/\/conexbooks.de\/a\/shop\/produkt\/101-uebungen-zur-inspiration-ihrer-seminare-und-gruppen-auf-basis-der-gfk\/#breadcrumb"},"inLanguage":"de","potentialAction":[{"@type":"ReadAction","target":["https:\/\/conexbooks.de\/a\/shop\/produkt\/101-uebungen-zur-inspiration-ihrer-seminare-und-gruppen-auf-basis-der-gfk\/"]}]},{"@type":"ImageObject","inLanguage":"de","@id":"https:\/\/conexbooks.de\/a\/shop\/produkt\/101-uebungen-zur-inspiration-ihrer-seminare-und-gruppen-auf-basis-der-gfk\/#primaryimage","url":"https:\/\/conexbooks.de\/a\/shop\/wp-content\/uploads\/2017\/11\/063.jpg","contentUrl":"https:\/\/conexbooks.de\/a\/shop\/wp-content\/uploads\/2017\/11\/063.jpg","width":308,"height":400},{"@type":"BreadcrumbList","@id":"https:\/\/conexbooks.de\/a\/shop\/produkt\/101-uebungen-zur-inspiration-ihrer-seminare-und-gruppen-auf-basis-der-gfk\/#breadcrumb","itemListElement":[{"@type":"ListItem","position":1,"name":"Home","item":"https:\/\/conexbooks.de\/a\/shop\/"},{"@type":"ListItem","position":2,"name":"Shop","item":"https:\/\/conexbooks.de\/a\/shop\/shop\/"},{"@type":"ListItem","position":3,"name":"Das gro\u00dfe Praxisbuch zum wertsch\u00e4tzenden Miteinander"}]},{"@type":"WebSite","@id":"https:\/\/conexbooks.de\/a\/shop\/#website","url":"https:\/\/conexbooks.de\/a\/shop\/","name":"Conex-Shop","description":"Alles f\u00fcr die gewaltfreie Kommunikation: B\u00fccher, Spiele. Handpuppen Seminarmaterial und Geschenke","publisher":{"@id":"https:\/\/conexbooks.de\/a\/shop\/#organization"},"potentialAction":[{"@type":"SearchAction","target":{"@type":"EntryPoint","urlTemplate":"https:\/\/conexbooks.de\/a\/shop\/?s={search_term_string}"},"query-input":{"@type":"PropertyValueSpecification","valueRequired":true,"valueName":"search_term_string"}}],"inLanguage":"de"},{"@type":"Organization","@id":"https:\/\/conexbooks.de\/a\/shop\/#organization","name":"Conex - books and more","url":"https:\/\/conexbooks.de\/a\/shop\/","logo":{"@type":"ImageObject","inLanguage":"de","@id":"https:\/\/conexbooks.de\/a\/shop\/#\/schema\/logo\/image\/","url":"https:\/\/conexbooks.de\/a\/shop\/wp-content\/uploads\/2017\/12\/co-logo.png","contentUrl":"https:\/\/conexbooks.de\/a\/shop\/wp-content\/uploads\/2017\/12\/co-logo.png","width":243,"height":122,"caption":"Conex - books and more"},"image":{"@id":"https:\/\/conexbooks.de\/a\/shop\/#\/schema\/logo\/image\/"}}]}},"_links":{"self":[{"href":"https:\/\/conexbooks.de\/a\/shop\/wp-json\/wp\/v2\/product\/938","targetHints":{"allow":["GET"]}}],"collection":[{"href":"https:\/\/conexbooks.de\/a\/shop\/wp-json\/wp\/v2\/product"}],"about":[{"href":"https:\/\/conexbooks.de\/a\/shop\/wp-json\/wp\/v2\/types\/product"}],"wp:featuredmedia":[{"embeddable":true,"href":"https:\/\/conexbooks.de\/a\/shop\/wp-json\/wp\/v2\/media\/1916"}],"wp:attachment":[{"href":"https:\/\/conexbooks.de\/a\/shop\/wp-json\/wp\/v2\/media?parent=938"}],"wp:term":[{"taxonomy":"product_brand","embeddable":true,"href":"https:\/\/conexbooks.de\/a\/shop\/wp-json\/wp\/v2\/product_brand?post=938"},{"taxonomy":"product_cat","embeddable":true,"href":"https:\/\/conexbooks.de\/a\/shop\/wp-json\/wp\/v2\/product_cat?post=938"},{"taxonomy":"product_tag","embeddable":true,"href":"https:\/\/conexbooks.de\/a\/shop\/wp-json\/wp\/v2\/product_tag?post=938"}],"curies":[{"name":"wp","href":"https:\/\/api.w.org\/{rel}","templated":true}]}}